{"id":1206,"date":"2020-01-26T20:36:10","date_gmt":"2020-01-26T20:36:10","guid":{"rendered":"http:\/\/www.quintaoficina.pt\/?page_id=1206"},"modified":"2026-03-05T17:51:00","modified_gmt":"2026-03-05T17:51:00","slug":"teatro-a-pedais","status":"publish","type":"page","link":"https:\/\/www.quintaoficina.pt\/index.php\/teatro-a-pedais\/","title":{"rendered":"HIST\u00d3RIAS A PEDAIS"},"content":{"rendered":"<div class=\"wp-block-image\">\n<figure class=\"aligncenter size-large\"><img loading=\"lazy\" decoding=\"async\" width=\"1024\" height=\"683\" src=\"https:\/\/www.quintaoficina.pt\/wp-content\/uploads\/2020\/08\/MG_4825baixa-1024x683.jpg\" alt=\"\" class=\"wp-image-1468\" srcset=\"https:\/\/www.quintaoficina.pt\/wp-content\/uploads\/2020\/08\/MG_4825baixa-1024x683.jpg 1024w, https:\/\/www.quintaoficina.pt\/wp-content\/uploads\/2020\/08\/MG_4825baixa-300x200.jpg 300w, https:\/\/www.quintaoficina.pt\/wp-content\/uploads\/2020\/08\/MG_4825baixa-768x512.jpg 768w, https:\/\/www.quintaoficina.pt\/wp-content\/uploads\/2020\/08\/MG_4825baixa-1536x1024.jpg 1536w, https:\/\/www.quintaoficina.pt\/wp-content\/uploads\/2020\/08\/MG_4825baixa-2048x1365.jpg 2048w\" sizes=\"auto, (max-width: 767px) 89vw, (max-width: 1000px) 54vw, (max-width: 1071px) 543px, 580px\" \/><\/figure>\n<\/div>\n\n<div class=\"wp-block-image\">\n<figure class=\"aligncenter size-large\"><img loading=\"lazy\" decoding=\"async\" width=\"1024\" height=\"599\" src=\"https:\/\/www.quintaoficina.pt\/wp-content\/uploads\/2020\/07\/LOGO-histo\u0301rias-a-pedais-01-1024x599.jpg\" alt=\"\" class=\"wp-image-1330\" srcset=\"https:\/\/www.quintaoficina.pt\/wp-content\/uploads\/2020\/07\/LOGO-histo\u0301rias-a-pedais-01-1024x599.jpg 1024w, https:\/\/www.quintaoficina.pt\/wp-content\/uploads\/2020\/07\/LOGO-histo\u0301rias-a-pedais-01-300x175.jpg 300w, https:\/\/www.quintaoficina.pt\/wp-content\/uploads\/2020\/07\/LOGO-histo\u0301rias-a-pedais-01-768x449.jpg 768w, https:\/\/www.quintaoficina.pt\/wp-content\/uploads\/2020\/07\/LOGO-histo\u0301rias-a-pedais-01-1536x898.jpg 1536w, https:\/\/www.quintaoficina.pt\/wp-content\/uploads\/2020\/07\/LOGO-histo\u0301rias-a-pedais-01-2048x1197.jpg 2048w\" sizes=\"auto, (max-width: 767px) 89vw, (max-width: 1000px) 54vw, (max-width: 1071px) 543px, 580px\" \/><\/figure>\n<\/div>\n\n\n<figure class=\"wp-block-image size-full\"><img decoding=\"async\" src=\"https:\/\/www.quintaoficina.pt\/wp-content\/uploads\/2026\/03\/\u00a9grafonola_23milhas_pedais-28_baixa.jpg\" alt=\"\" class=\"wp-image-5255\"\/><\/figure>\n\n\n\n<p class=\"has-text-align-left\"><br>SINOPSE:<br><strong><em>Um pequeno espect\u00e1culo e uma grande anima\u00e7\u00e3o&#8230; Durante tr\u00eas minutos, duas pessoas, numa viagem: passeiam, pedalam e assistem a uma hist\u00f3ria &#8220;cenografada&#8221; num teatro de metro quadrado, contada e recontada vezes sem conta. Esta m\u00e1quina de cena encanta, quem passa e a v\u00ea passar, pois n\u00e3o \u00e9 todos os dias que se encontra um teatro a pedais, dourado, ali ao lado, mesmo ao virar da esquina! Os participantes, embora em n\u00famero reduzido (dois em cada volta), s\u00e3o os principais protagonistas desta performance, transformando em p\u00fablico\/plateia todas as outras pessoas que apenas assistem e se deliciam ao &#8220;ver a banda passar&#8221;&#8230;<\/em><\/strong> <\/p>\n\n\n\n<figure class=\"wp-block-gallery has-nested-images columns-2 wp-block-gallery-1 is-layout-flex wp-block-gallery-is-layout-flex\">\n<figure class=\"wp-block-image size-large\"><img decoding=\"async\" data-id=\"5262\" src=\"https:\/\/www.quintaoficina.pt\/wp-content\/uploads\/2026\/03\/\u00a9grafonola_23milhas_pedais-51_baixa.jpg\" alt=\"\" class=\"wp-image-5262\"\/><\/figure>\n\n\n\n<figure class=\"wp-block-image size-large\"><img decoding=\"async\" data-id=\"5258\" src=\"https:\/\/www.quintaoficina.pt\/wp-content\/uploads\/2026\/03\/\u00a9grafonola_23milhas_pedais-32_baixa.jpg\" alt=\"\" class=\"wp-image-5258\"\/><\/figure>\n\n\n\n<figure class=\"wp-block-image size-large\"><img decoding=\"async\" data-id=\"5264\" src=\"https:\/\/www.quintaoficina.pt\/wp-content\/uploads\/2026\/03\/\u00a9grafonola_23milhas_pedais-55_baixa.jpg\" alt=\"\" class=\"wp-image-5264\"\/><\/figure>\n\n\n\n<figure class=\"wp-block-image size-large\"><img decoding=\"async\" data-id=\"5263\" src=\"https:\/\/www.quintaoficina.pt\/wp-content\/uploads\/2026\/03\/\u00a9grafonola_23milhas_pedais-30_baixa.jpg\" alt=\"\" class=\"wp-image-5263\"\/><\/figure>\n\n\n\n<figure class=\"wp-block-image size-large\"><img decoding=\"async\" data-id=\"5261\" src=\"https:\/\/www.quintaoficina.pt\/wp-content\/uploads\/2026\/03\/\u00a9grafonola_23milhas_pedais-56_baixa.jpg\" alt=\"\" class=\"wp-image-5261\"\/><\/figure>\n\n\n\n<figure class=\"wp-block-image size-large\"><img decoding=\"async\" data-id=\"5260\" src=\"https:\/\/www.quintaoficina.pt\/wp-content\/uploads\/2026\/03\/\u00a9grafonola_23milhas_pedais-38_baixa.jpg\" alt=\"\" class=\"wp-image-5260\"\/><\/figure>\n\n\n\n<figure class=\"wp-block-image size-large\"><img decoding=\"async\" data-id=\"5259\" src=\"https:\/\/www.quintaoficina.pt\/wp-content\/uploads\/2026\/03\/\u00a9grafonola_23milhas_pedais-33_baixa.jpg\" alt=\"\" class=\"wp-image-5259\"\/><\/figure>\n<\/figure>\n\n\n\n<p>Este projeto tamb\u00e9m \u00e9 dirigido \u00e0s escolas, pois poder\u00e1 igualmente circular no recreio dos estabelecimentos escolares.<br><br>A estrutura c\u00e9nica m\u00f3vel (a pedais) circula livremente pelos espa\u00e7os, onde o ins\u00f3lito e estimulante visual deste equipamento art\u00edstico ir\u00e1 gerar uma inevit\u00e1vel curiosidade e consequente vontade de participar\/pedalar. Tudo come\u00e7a na &#8220;Paragem&#8221; onde se inicia cada sess\u00e3o\/trajeto: 3-2-1&#8230; Vai Come\u00e7ar: 3 minutos, 2 pessoas, 1 hist\u00f3ria. <\/p>\n\n\n\n<figure class=\"wp-block-gallery aligncenter has-nested-images columns-1 wp-block-gallery-2 is-layout-flex wp-block-gallery-is-layout-flex\">\n<figure class=\"wp-block-image size-full\"><img loading=\"lazy\" decoding=\"async\" width=\"1600\" height=\"2400\" data-id=\"1533\" src=\"https:\/\/www.quintaoficina.pt\/wp-content\/uploads\/2020\/10\/5CDC17F7-1ADD-4270-8747-DC1FE85E3CEF-7F3A0C6D-DD50-46E2-BC5B-EF3CED08410C.jpg\" alt=\"\" class=\"wp-image-1533\" srcset=\"https:\/\/www.quintaoficina.pt\/wp-content\/uploads\/2020\/10\/5CDC17F7-1ADD-4270-8747-DC1FE85E3CEF-7F3A0C6D-DD50-46E2-BC5B-EF3CED08410C.jpg 1600w, https:\/\/www.quintaoficina.pt\/wp-content\/uploads\/2020\/10\/5CDC17F7-1ADD-4270-8747-DC1FE85E3CEF-7F3A0C6D-DD50-46E2-BC5B-EF3CED08410C-200x300.jpg 200w, https:\/\/www.quintaoficina.pt\/wp-content\/uploads\/2020\/10\/5CDC17F7-1ADD-4270-8747-DC1FE85E3CEF-7F3A0C6D-DD50-46E2-BC5B-EF3CED08410C-683x1024.jpg 683w, https:\/\/www.quintaoficina.pt\/wp-content\/uploads\/2020\/10\/5CDC17F7-1ADD-4270-8747-DC1FE85E3CEF-7F3A0C6D-DD50-46E2-BC5B-EF3CED08410C-768x1152.jpg 768w, https:\/\/www.quintaoficina.pt\/wp-content\/uploads\/2020\/10\/5CDC17F7-1ADD-4270-8747-DC1FE85E3CEF-7F3A0C6D-DD50-46E2-BC5B-EF3CED08410C-1024x1536.jpg 1024w, https:\/\/www.quintaoficina.pt\/wp-content\/uploads\/2020\/10\/5CDC17F7-1ADD-4270-8747-DC1FE85E3CEF-7F3A0C6D-DD50-46E2-BC5B-EF3CED08410C-1365x2048.jpg 1365w\" sizes=\"auto, (max-width: 767px) 89vw, (max-width: 1000px) 54vw, (max-width: 1071px) 543px, 580px\" \/><\/figure>\n\n\n\n<figure class=\"wp-block-image size-full\"><img loading=\"lazy\" decoding=\"async\" width=\"2400\" height=\"1600\" data-id=\"1537\" src=\"https:\/\/www.quintaoficina.pt\/wp-content\/uploads\/2020\/10\/FBB22A1B-944C-4D47-9AE5-F24F5F70DB4F-5840491E-A50A-4413-8E61-4355A0D10A44.jpeg\" alt=\"\" class=\"wp-image-1537\" srcset=\"https:\/\/www.quintaoficina.pt\/wp-content\/uploads\/2020\/10\/FBB22A1B-944C-4D47-9AE5-F24F5F70DB4F-5840491E-A50A-4413-8E61-4355A0D10A44.jpeg 2400w, https:\/\/www.quintaoficina.pt\/wp-content\/uploads\/2020\/10\/FBB22A1B-944C-4D47-9AE5-F24F5F70DB4F-5840491E-A50A-4413-8E61-4355A0D10A44-300x200.jpeg 300w, https:\/\/www.quintaoficina.pt\/wp-content\/uploads\/2020\/10\/FBB22A1B-944C-4D47-9AE5-F24F5F70DB4F-5840491E-A50A-4413-8E61-4355A0D10A44-1024x683.jpeg 1024w, https:\/\/www.quintaoficina.pt\/wp-content\/uploads\/2020\/10\/FBB22A1B-944C-4D47-9AE5-F24F5F70DB4F-5840491E-A50A-4413-8E61-4355A0D10A44-768x512.jpeg 768w, https:\/\/www.quintaoficina.pt\/wp-content\/uploads\/2020\/10\/FBB22A1B-944C-4D47-9AE5-F24F5F70DB4F-5840491E-A50A-4413-8E61-4355A0D10A44-1536x1024.jpeg 1536w, https:\/\/www.quintaoficina.pt\/wp-content\/uploads\/2020\/10\/FBB22A1B-944C-4D47-9AE5-F24F5F70DB4F-5840491E-A50A-4413-8E61-4355A0D10A44-2048x1365.jpeg 2048w\" sizes=\"auto, (max-width: 767px) 89vw, (max-width: 1000px) 54vw, (max-width: 1071px) 543px, 580px\" \/><\/figure>\n\n\n\n<figure class=\"wp-block-image size-full\"><img loading=\"lazy\" decoding=\"async\" width=\"2400\" height=\"1600\" data-id=\"1536\" src=\"https:\/\/www.quintaoficina.pt\/wp-content\/uploads\/2020\/10\/B1C2EEF8-8536-4D6B-8DC4-B4B12F323E5C-4219B5E2-5D19-46A3-931B-4529FBD8B435.jpg\" alt=\"\" class=\"wp-image-1536\" srcset=\"https:\/\/www.quintaoficina.pt\/wp-content\/uploads\/2020\/10\/B1C2EEF8-8536-4D6B-8DC4-B4B12F323E5C-4219B5E2-5D19-46A3-931B-4529FBD8B435.jpg 2400w, https:\/\/www.quintaoficina.pt\/wp-content\/uploads\/2020\/10\/B1C2EEF8-8536-4D6B-8DC4-B4B12F323E5C-4219B5E2-5D19-46A3-931B-4529FBD8B435-300x200.jpg 300w, https:\/\/www.quintaoficina.pt\/wp-content\/uploads\/2020\/10\/B1C2EEF8-8536-4D6B-8DC4-B4B12F323E5C-4219B5E2-5D19-46A3-931B-4529FBD8B435-1024x683.jpg 1024w, https:\/\/www.quintaoficina.pt\/wp-content\/uploads\/2020\/10\/B1C2EEF8-8536-4D6B-8DC4-B4B12F323E5C-4219B5E2-5D19-46A3-931B-4529FBD8B435-768x512.jpg 768w, https:\/\/www.quintaoficina.pt\/wp-content\/uploads\/2020\/10\/B1C2EEF8-8536-4D6B-8DC4-B4B12F323E5C-4219B5E2-5D19-46A3-931B-4529FBD8B435-1536x1024.jpg 1536w, https:\/\/www.quintaoficina.pt\/wp-content\/uploads\/2020\/10\/B1C2EEF8-8536-4D6B-8DC4-B4B12F323E5C-4219B5E2-5D19-46A3-931B-4529FBD8B435-2048x1365.jpg 2048w\" sizes=\"auto, (max-width: 767px) 89vw, (max-width: 1000px) 54vw, (max-width: 1071px) 543px, 580px\" \/><\/figure>\n<\/figure>\n\n\n\n<p>Interpreta\u00e7\u00e3o: <em>Rui P\u00eava&nbsp;<\/em><\/p>\n\n\n\n<p>Concep\u00e7\u00e3o e Dire\u00e7\u00e3o: <em>Z\u00e9 Pedro Ramos<\/em><\/p>\n\n\n\n<p>Texto (<em><strong>A Hist\u00f3ria de Uma Ave-Rara<\/strong><\/em>): <em>Ana Santos<\/em> e <em>Z\u00e9 Pedro Ramos<\/em><\/p>\n\n\n\n<p>M\u00fasica e Voz-off: <em>Ricardo Augusto<\/em><\/p>\n\n\n\n<p>Fotografia: <em>Rui P<\/em>\u00eava, Daniela Loureiro e Joana Magalh\u00e3es<\/p>\n\n\n\n<p>Cenografia: <em>Ana Paula Cunha<\/em><\/p>\n\n\n\n<p>Serralharia: <em>Paulo Pedro, Eva Ramos<\/em> e <em>Vit\u00f3ria Costa<\/em><\/p>\n\n\n\n<p>Adere\u00e7os: <em>Corina Ollet<\/em><\/p>\n\n\n\n<p>Produ\u00e7\u00e3o: 5\u00aaOficina<\/p>\n\n\n\n<p class=\"has-text-align-left\">Levamos at\u00e9 junto do p\u00fablico geral (de todas as idades) a possibilidade de usufruir de uma cria\u00e7\u00e3o teatral que circula por locais improv\u00e1veis. Partilhamos uma experi\u00eancia de &#8220;mobilidade&#8221; numa estrutura cenogr\u00e1fica ambulante, enquanto se assiste e participa (pedalando) numa apresenta\u00e7\u00e3o teatral. Com a hist\u00f3ria apresentada abordamos tem\u00e1ticas pertinentes aos nossos p\u00fablicos, atrav\u00e9s de textos originais com tem\u00e1ticas e autores emergentes.<\/p>\n\n\n\n<figure class=\"wp-block-video\"><video height=\"480\" style=\"aspect-ratio: 848 \/ 480;\" width=\"848\" controls src=\"https:\/\/www.quintaoficina.pt\/wp-content\/uploads\/2025\/02\/WhatsApp-Video-2024-08-26-at-17.05.33.mp4\"><\/video><\/figure>\n\n\n<div class=\"wp-block-image\">\n<figure class=\"aligncenter size-large\"><img loading=\"lazy\" decoding=\"async\" width=\"1024\" height=\"750\" src=\"https:\/\/www.quintaoficina.pt\/wp-content\/uploads\/2020\/01\/Teatro-a-Pedais-1024x750.jpg\" alt=\"\" class=\"wp-image-1195\" srcset=\"https:\/\/www.quintaoficina.pt\/wp-content\/uploads\/2020\/01\/Teatro-a-Pedais-1024x750.jpg 1024w, https:\/\/www.quintaoficina.pt\/wp-content\/uploads\/2020\/01\/Teatro-a-Pedais-300x220.jpg 300w, https:\/\/www.quintaoficina.pt\/wp-content\/uploads\/2020\/01\/Teatro-a-Pedais-768x563.jpg 768w, https:\/\/www.quintaoficina.pt\/wp-content\/uploads\/2020\/01\/Teatro-a-Pedais-1536x1125.jpg 1536w, https:\/\/www.quintaoficina.pt\/wp-content\/uploads\/2020\/01\/Teatro-a-Pedais-2048x1500.jpg 2048w\" sizes=\"auto, (max-width: 767px) 89vw, (max-width: 1000px) 54vw, (max-width: 1071px) 543px, 580px\" \/><\/figure>\n<\/div>\n\n<div class=\"wp-block-image\">\n<figure class=\"aligncenter size-large\"><img loading=\"lazy\" decoding=\"async\" width=\"1024\" height=\"516\" src=\"https:\/\/www.quintaoficina.pt\/wp-content\/uploads\/2020\/04\/IMG_5623-2-1024x516.jpg\" alt=\"\" class=\"wp-image-1247\" srcset=\"https:\/\/www.quintaoficina.pt\/wp-content\/uploads\/2020\/04\/IMG_5623-2-1024x516.jpg 1024w, https:\/\/www.quintaoficina.pt\/wp-content\/uploads\/2020\/04\/IMG_5623-2-300x151.jpg 300w, https:\/\/www.quintaoficina.pt\/wp-content\/uploads\/2020\/04\/IMG_5623-2-768x387.jpg 768w, https:\/\/www.quintaoficina.pt\/wp-content\/uploads\/2020\/04\/IMG_5623-2-1536x774.jpg 1536w, https:\/\/www.quintaoficina.pt\/wp-content\/uploads\/2020\/04\/IMG_5623-2-2048x1032.jpg 2048w\" sizes=\"auto, (max-width: 767px) 89vw, (max-width: 1000px) 54vw, (max-width: 1071px) 543px, 580px\" \/><\/figure>\n<\/div>\n\n\n<figure class=\"wp-block-gallery aligncenter has-nested-images columns-1 is-cropped wp-block-gallery-3 is-layout-flex wp-block-gallery-is-layout-flex\">\n<figure class=\"wp-block-image size-large\"><img loading=\"lazy\" decoding=\"async\" width=\"1024\" height=\"683\" data-id=\"1478\" src=\"https:\/\/www.quintaoficina.pt\/wp-content\/uploads\/2020\/09\/MG_4824baixa-1024x683.jpg\" alt=\"\" class=\"wp-image-1478\" srcset=\"https:\/\/www.quintaoficina.pt\/wp-content\/uploads\/2020\/09\/MG_4824baixa-1024x683.jpg 1024w, https:\/\/www.quintaoficina.pt\/wp-content\/uploads\/2020\/09\/MG_4824baixa-300x200.jpg 300w, https:\/\/www.quintaoficina.pt\/wp-content\/uploads\/2020\/09\/MG_4824baixa-768x512.jpg 768w, https:\/\/www.quintaoficina.pt\/wp-content\/uploads\/2020\/09\/MG_4824baixa-1536x1024.jpg 1536w, https:\/\/www.quintaoficina.pt\/wp-content\/uploads\/2020\/09\/MG_4824baixa-2048x1365.jpg 2048w\" sizes=\"auto, (max-width: 767px) 89vw, (max-width: 1000px) 54vw, (max-width: 1071px) 543px, 580px\" \/><\/figure>\n<\/figure>\n\n\n\n<p class=\"has-text-align-center\">Marca\u00e7\u00f5es: 963218860 (chamada para a rede m\u00f3vel nacional) ou tiomanel@quintaoficina.pt<\/p>\n\n\n<div class=\"wp-block-image\">\n<figure class=\"aligncenter size-large\"><img loading=\"lazy\" decoding=\"async\" width=\"1024\" height=\"598\" src=\"https:\/\/www.quintaoficina.pt\/wp-content\/uploads\/2020\/07\/LOGO-REP-PT-01-1024x598.jpg\" alt=\"\" class=\"wp-image-1336\" srcset=\"https:\/\/www.quintaoficina.pt\/wp-content\/uploads\/2020\/07\/LOGO-REP-PT-01-1024x598.jpg 1024w, https:\/\/www.quintaoficina.pt\/wp-content\/uploads\/2020\/07\/LOGO-REP-PT-01-300x175.jpg 300w, https:\/\/www.quintaoficina.pt\/wp-content\/uploads\/2020\/07\/LOGO-REP-PT-01-768x449.jpg 768w, https:\/\/www.quintaoficina.pt\/wp-content\/uploads\/2020\/07\/LOGO-REP-PT-01-1536x898.jpg 1536w, https:\/\/www.quintaoficina.pt\/wp-content\/uploads\/2020\/07\/LOGO-REP-PT-01.jpg 1754w\" sizes=\"auto, (max-width: 767px) 89vw, (max-width: 1000px) 54vw, (max-width: 1071px) 543px, 580px\" \/><\/figure>\n<\/div>","protected":false},"excerpt":{"rendered":"<p>SINOPSE:Um pequeno espect\u00e1culo e uma grande anima\u00e7\u00e3o&#8230; Durante tr\u00eas minutos, duas pessoas, numa viagem: passeiam, pedalam e assistem a uma hist\u00f3ria &#8220;cenografada&#8221; num teatro de metro quadrado, contada e recontada vezes sem conta. Esta m\u00e1quina de cena encanta, quem passa e a v\u00ea passar, pois n\u00e3o \u00e9 todos os dias que se encontra um teatro &hellip; <\/p>\n<p class=\"link-more\"><a href=\"https:\/\/www.quintaoficina.pt\/index.php\/teatro-a-pedais\/\" class=\"more-link\">Continuar a ler <span class=\"screen-reader-text\">&#8220;HIST\u00d3RIAS A PEDAIS&#8221;<\/span><\/a><\/p>\n","protected":false},"author":1,"featured_media":0,"parent":0,"menu_order":0,"comment_status":"closed","ping_status":"closed","template":"template-full-width.php","meta":{"footnotes":""},"class_list":["post-1206","page","type-page","status-publish","hentry"],"_links":{"self":[{"href":"https:\/\/www.quintaoficina.pt\/index.php\/wp-json\/wp\/v2\/pages\/1206","targetHints":{"allow":["GET"]}}],"collection":[{"href":"https:\/\/www.quintaoficina.pt\/index.php\/wp-json\/wp\/v2\/pages"}],"about":[{"href":"https:\/\/www.quintaoficina.pt\/index.php\/wp-json\/wp\/v2\/types\/page"}],"author":[{"embeddable":true,"href":"https:\/\/www.quintaoficina.pt\/index.php\/wp-json\/wp\/v2\/users\/1"}],"replies":[{"embeddable":true,"href":"https:\/\/www.quintaoficina.pt\/index.php\/wp-json\/wp\/v2\/comments?post=1206"}],"version-history":[{"count":32,"href":"https:\/\/www.quintaoficina.pt\/index.php\/wp-json\/wp\/v2\/pages\/1206\/revisions"}],"predecessor-version":[{"id":5267,"href":"https:\/\/www.quintaoficina.pt\/index.php\/wp-json\/wp\/v2\/pages\/1206\/revisions\/5267"}],"wp:attachment":[{"href":"https:\/\/www.quintaoficina.pt\/index.php\/wp-json\/wp\/v2\/media?parent=1206"}],"curies":[{"name":"wp","href":"https:\/\/api.w.org\/{rel}","templated":true}]}}