{"id":1497,"date":"2020-09-09T20:56:22","date_gmt":"2020-09-09T20:56:22","guid":{"rendered":"http:\/\/www.quintaoficina.pt\/?page_id=1497"},"modified":"2020-10-20T19:14:42","modified_gmt":"2020-10-20T19:14:42","slug":"oficina-de-tecnicas-teatrais","status":"publish","type":"page","link":"https:\/\/www.quintaoficina.pt\/index.php\/oficina-de-tecnicas-teatrais\/","title":{"rendered":"OFICINA DE T\u00c9CNICAS TEATRAIS"},"content":{"rendered":"\n<div id=\"block-34d95a1f-754a-49fc-aeb6-8c2801540fed\" class=\"wp-block-image\"><figure class=\"aligncenter\"><img decoding=\"async\" src=\"https:\/\/www.quintaoficina.pt\/wp-content\/uploads\/2020\/08\/CartazLUZINDRO-724x1024.jpg\" alt=\"Esta imagem tem um texto alternativo em branco, o nome da imagem \u00e9 CartazLUZINDRO-724x1024.jpg\"\/><\/figure><\/div>\n\n\n\n<p>&#8220;<em>Apesar de uns serem mais t\u00edmidos e introvertidos, todos podemos ser criativos e descobrir que todos temos a capacidade de criar, improvisar, apesar dos medos, de pensarmos que n\u00e3o vamos ser capazes, afinal somos mesmo<\/em>!&#8221; <strong>Aurora Batista<\/strong><\/p>\n\n\n\n<p>&#8220;<em>Gostei imenso de interagir com os outros participantes, apesar de todas as regras de distanciamento social que tivemos de cumprir. No final do dia refleti um bocadinho sobre tudo o que fizemos e acho que seria mesmo muito bom repetirmos.<\/em>&#8221; <strong>Beatriz Sim\u00f5es<\/strong><\/p>\n\n\n\n<p>&#8220;<em>Foi um dia e um tempo que n\u00e3o esquecerei, pelos ensinamentos do formador, mas sobretudo pelas pessoas que conheci e convivi\u2026<\/em>&#8221; <strong>Ant\u00f3nio Baptista<\/strong><\/p>\n\n\n\n<p>&#8220;<em>Os conte\u00fados foram uma motiva\u00e7\u00e3o para o que desenvolvo diariamente. Foi desafiador, contagiante e ativou est\u00edmulos, adormecidos.<\/em>&#8221; <strong>Ana Rita Antunes<\/strong><\/p>\n\n\n\n<p>&#8220;<em>O formador foi bastante interativo, din\u00e2mico, e com bom sentido de humor<\/em>.&#8221; <strong>Constan\u00e7a Almeida<\/strong><\/p>\n\n\n\n<p>&#8220;<em>Os colegas participantes foram muito queridos, comunicativos, incr\u00edveis\u2026<\/em>&#8221; <strong>Diana Martinho<\/strong><\/p>\n\n\n\n<p class=\"has-text-align-left\"><strong>Coutos de Viseu:<\/strong>&nbsp;5 de Setembro de 2020 \u2013 12 Pax<\/p>\n\n\n\n<figure class=\"wp-block-gallery columns-3 is-cropped wp-block-gallery-1 is-layout-flex wp-block-gallery-is-layout-flex\"><ul class=\"blocks-gallery-grid\"><li class=\"blocks-gallery-item\"><figure><img loading=\"lazy\" decoding=\"async\" width=\"1024\" height=\"768\" src=\"https:\/\/www.quintaoficina.pt\/wp-content\/uploads\/2020\/09\/IMG-4195-1024x768.jpg\" alt=\"\" data-id=\"1508\" data-full-url=\"https:\/\/www.quintaoficina.pt\/wp-content\/uploads\/2020\/09\/IMG-4195-scaled.jpg\" data-link=\"https:\/\/www.quintaoficina.pt\/img-4195\/\" class=\"wp-image-1508\" srcset=\"https:\/\/www.quintaoficina.pt\/wp-content\/uploads\/2020\/09\/IMG-4195-1024x768.jpg 1024w, https:\/\/www.quintaoficina.pt\/wp-content\/uploads\/2020\/09\/IMG-4195-300x225.jpg 300w, https:\/\/www.quintaoficina.pt\/wp-content\/uploads\/2020\/09\/IMG-4195-768x576.jpg 768w, https:\/\/www.quintaoficina.pt\/wp-content\/uploads\/2020\/09\/IMG-4195-1536x1152.jpg 1536w, https:\/\/www.quintaoficina.pt\/wp-content\/uploads\/2020\/09\/IMG-4195-2048x1536.jpg 2048w\" sizes=\"auto, (max-width: 767px) 89vw, (max-width: 1000px) 54vw, (max-width: 1071px) 543px, 580px\" \/><\/figure><\/li><li class=\"blocks-gallery-item\"><figure><img loading=\"lazy\" decoding=\"async\" width=\"1024\" height=\"768\" src=\"https:\/\/www.quintaoficina.pt\/wp-content\/uploads\/2020\/09\/IMG-4184-1024x768.jpg\" alt=\"\" data-id=\"1507\" data-full-url=\"https:\/\/www.quintaoficina.pt\/wp-content\/uploads\/2020\/09\/IMG-4184-scaled.jpg\" data-link=\"https:\/\/www.quintaoficina.pt\/img-4184\/\" class=\"wp-image-1507\" srcset=\"https:\/\/www.quintaoficina.pt\/wp-content\/uploads\/2020\/09\/IMG-4184-1024x768.jpg 1024w, https:\/\/www.quintaoficina.pt\/wp-content\/uploads\/2020\/09\/IMG-4184-300x225.jpg 300w, https:\/\/www.quintaoficina.pt\/wp-content\/uploads\/2020\/09\/IMG-4184-768x576.jpg 768w, https:\/\/www.quintaoficina.pt\/wp-content\/uploads\/2020\/09\/IMG-4184-1536x1152.jpg 1536w, https:\/\/www.quintaoficina.pt\/wp-content\/uploads\/2020\/09\/IMG-4184-2048x1536.jpg 2048w\" sizes=\"auto, (max-width: 767px) 89vw, (max-width: 1000px) 54vw, (max-width: 1071px) 543px, 580px\" \/><\/figure><\/li><li class=\"blocks-gallery-item\"><figure><img loading=\"lazy\" decoding=\"async\" width=\"1024\" height=\"768\" src=\"https:\/\/www.quintaoficina.pt\/wp-content\/uploads\/2020\/09\/IMG-4183-1024x768.jpg\" alt=\"\" data-id=\"1506\" data-full-url=\"https:\/\/www.quintaoficina.pt\/wp-content\/uploads\/2020\/09\/IMG-4183-scaled.jpg\" data-link=\"https:\/\/www.quintaoficina.pt\/img-4183\/\" class=\"wp-image-1506\" srcset=\"https:\/\/www.quintaoficina.pt\/wp-content\/uploads\/2020\/09\/IMG-4183-1024x768.jpg 1024w, https:\/\/www.quintaoficina.pt\/wp-content\/uploads\/2020\/09\/IMG-4183-300x225.jpg 300w, https:\/\/www.quintaoficina.pt\/wp-content\/uploads\/2020\/09\/IMG-4183-768x576.jpg 768w, https:\/\/www.quintaoficina.pt\/wp-content\/uploads\/2020\/09\/IMG-4183-1536x1152.jpg 1536w, https:\/\/www.quintaoficina.pt\/wp-content\/uploads\/2020\/09\/IMG-4183-2048x1536.jpg 2048w\" sizes=\"auto, (max-width: 767px) 89vw, (max-width: 1000px) 54vw, (max-width: 1071px) 543px, 580px\" \/><\/figure><\/li><li class=\"blocks-gallery-item\"><figure><img loading=\"lazy\" decoding=\"async\" width=\"1024\" height=\"768\" src=\"https:\/\/www.quintaoficina.pt\/wp-content\/uploads\/2020\/09\/IMG-4182-1024x768.jpg\" alt=\"\" data-id=\"1505\" data-full-url=\"https:\/\/www.quintaoficina.pt\/wp-content\/uploads\/2020\/09\/IMG-4182.jpg\" data-link=\"https:\/\/www.quintaoficina.pt\/img-4182\/\" class=\"wp-image-1505\" srcset=\"https:\/\/www.quintaoficina.pt\/wp-content\/uploads\/2020\/09\/IMG-4182-1024x768.jpg 1024w, https:\/\/www.quintaoficina.pt\/wp-content\/uploads\/2020\/09\/IMG-4182-300x225.jpg 300w, https:\/\/www.quintaoficina.pt\/wp-content\/uploads\/2020\/09\/IMG-4182-768x576.jpg 768w, https:\/\/www.quintaoficina.pt\/wp-content\/uploads\/2020\/09\/IMG-4182.jpg 1280w\" sizes=\"auto, (max-width: 767px) 89vw, (max-width: 1000px) 54vw, (max-width: 1071px) 543px, 580px\" \/><\/figure><\/li><li class=\"blocks-gallery-item\"><figure><img loading=\"lazy\" decoding=\"async\" width=\"1024\" height=\"768\" src=\"https:\/\/www.quintaoficina.pt\/wp-content\/uploads\/2020\/09\/IMG-4162-1024x768.jpg\" alt=\"\" data-id=\"1504\" data-full-url=\"https:\/\/www.quintaoficina.pt\/wp-content\/uploads\/2020\/09\/IMG-4162-scaled.jpg\" data-link=\"https:\/\/www.quintaoficina.pt\/img-4162\/\" class=\"wp-image-1504\" srcset=\"https:\/\/www.quintaoficina.pt\/wp-content\/uploads\/2020\/09\/IMG-4162-1024x768.jpg 1024w, https:\/\/www.quintaoficina.pt\/wp-content\/uploads\/2020\/09\/IMG-4162-300x225.jpg 300w, https:\/\/www.quintaoficina.pt\/wp-content\/uploads\/2020\/09\/IMG-4162-768x576.jpg 768w, https:\/\/www.quintaoficina.pt\/wp-content\/uploads\/2020\/09\/IMG-4162-1536x1152.jpg 1536w, https:\/\/www.quintaoficina.pt\/wp-content\/uploads\/2020\/09\/IMG-4162-2048x1536.jpg 2048w\" sizes=\"auto, (max-width: 767px) 89vw, (max-width: 1000px) 54vw, (max-width: 1071px) 543px, 580px\" \/><\/figure><\/li><li class=\"blocks-gallery-item\"><figure><img loading=\"lazy\" decoding=\"async\" width=\"1024\" height=\"576\" src=\"https:\/\/www.quintaoficina.pt\/wp-content\/uploads\/2020\/09\/29410a7d-1168-49d6-86e1-e43c07b3318d-1024x576.jpg\" alt=\"\" data-id=\"1503\" data-full-url=\"https:\/\/www.quintaoficina.pt\/wp-content\/uploads\/2020\/09\/29410a7d-1168-49d6-86e1-e43c07b3318d.jpg\" data-link=\"https:\/\/www.quintaoficina.pt\/29410a7d-1168-49d6-86e1-e43c07b3318d\/\" class=\"wp-image-1503\" srcset=\"https:\/\/www.quintaoficina.pt\/wp-content\/uploads\/2020\/09\/29410a7d-1168-49d6-86e1-e43c07b3318d-1024x576.jpg 1024w, https:\/\/www.quintaoficina.pt\/wp-content\/uploads\/2020\/09\/29410a7d-1168-49d6-86e1-e43c07b3318d-300x169.jpg 300w, https:\/\/www.quintaoficina.pt\/wp-content\/uploads\/2020\/09\/29410a7d-1168-49d6-86e1-e43c07b3318d-768x432.jpg 768w, https:\/\/www.quintaoficina.pt\/wp-content\/uploads\/2020\/09\/29410a7d-1168-49d6-86e1-e43c07b3318d-1536x864.jpg 1536w, https:\/\/www.quintaoficina.pt\/wp-content\/uploads\/2020\/09\/29410a7d-1168-49d6-86e1-e43c07b3318d.jpg 1920w\" sizes=\"auto, (max-width: 767px) 89vw, (max-width: 1000px) 54vw, (max-width: 1071px) 543px, 580px\" \/><\/figure><\/li><\/ul><\/figure>\n\n\n\n<p id=\"block-f550656a-5008-4e6c-811a-2e742f95f190\"><strong>Dura\u00e7\u00e3o:<\/strong> 8 horas, com uma hora de intervalo<\/p>\n\n\n\n<p id=\"block-63a32542-6e9a-469f-bc5b-d1d9b2d7c94f\"><strong>P\u00fablico-alvo:<\/strong> N\u00edvel aberto. <strong>Idade m\u00ednima:<\/strong> 16 anos. <strong>Certifica\u00e7\u00e3o:<\/strong> Ser\u00e1 entregue um certificado de participa\u00e7\u00e3o.<\/p>\n\n\n\n<p id=\"block-3fc02a54-7258-4e14-816d-fb2426b51ebf\"><strong>Equipamento necess\u00e1rio:<\/strong> Roupa confort\u00e1vel, de prefer\u00eancia de desporto ou dan\u00e7a, \u00e1gua, bloco de apontamentos e caneta.<\/p>\n\n\n\n<p id=\"block-4d4cbe0e-1970-4c52-a415-914ed1e5e083\"><strong>Descri\u00e7\u00e3o da actividade:<\/strong> Oficina de cria\u00e7\u00e3o teatral, onde ser\u00e3o abordadas v\u00e1rias t\u00e9cnicas que promovem a criatividade do actor\/criador, passando pelo&nbsp;<em>improv<\/em>,&nbsp;<em>commedia dell\u2019arte<\/em>, escrita criativa e teatro f\u00edsico.<\/p>\n\n\n\n<p id=\"block-03c280c9-c9b1-401b-a022-bafa918812ff\">O&nbsp;<strong>objectivo<\/strong>&nbsp;desta oficina ser\u00e1 passar por estas v\u00e1rias linguagens, de forma a dar ferramentas que podem vir a ser \u00fateis ao actor, tanto num contexto de cria\u00e7\u00e3o como na abordagem mais cl\u00e1ssica ao objecto teatral.<\/p>\n\n\n\n<p id=\"block-0d3a5486-efb1-4395-b3de-50195cb63e5a\"><strong>Informa\u00e7\u00f5es sobre o formador:<\/strong> Em teatro j\u00e1 colaborou com v\u00e1rias estruturas, das quais destaca: Artistas Unidos; Companhia do Chapit\u00f4; Companhia Teatral do Chiado; ESTE &#8211; Esta\u00e7\u00e3o Teatral; Byfurca\u00e7\u00e3o; Companhia da Esquina; Yellow Star; Elenco Produ\u00e7\u00f5es; Lisboa Film Orchestra e Proposit\u00e1rio Azul.<\/p>\n\n\n\n<p id=\"block-53649f5d-54d8-41ee-b02a-549873acdf36\">Em televis\u00e3o, colabora com frequ\u00eancia com o Canal Q, j\u00e1 tendo desempenhado fun\u00e7\u00f5es diversas, tais como: actor, guionista,&nbsp;<em>pivot&nbsp;<\/em>e comentador. Na RTP, foi guonista do&nbsp;<em>\u201c<strong>5 Para a Meia-Noite\u201d&nbsp;<\/strong><\/em>e fez parte do elenco fixo do programa de humor&nbsp;<strong>\u201cDonos Disto Tudo\u201d&nbsp;<\/strong>durante dois anos. \u00c9 membro fundador do grupo de com\u00e9dia de improviso&nbsp;<strong>Jokebox<\/strong>. Faz&nbsp;<strong><em>stand-up<\/em><\/strong>&nbsp;desde 2013, tendo j\u00e1 participado em cerca de 300 espect\u00e1culos.<\/p>\n\n\n\n<p id=\"block-a84d597c-8772-4dff-ba77-e09a9a282add\">Localiza\u00e7\u00e3o:&nbsp;<a rel=\"noreferrer noopener\" href=\"https:\/\/goo.gl\/maps\/yuDaf66goaxaSs5b8\" target=\"_blank\">https:\/\/goo.gl\/maps\/yuDaf66goaxaSs5b8<\/a><\/p>\n","protected":false},"excerpt":{"rendered":"<p>&#8220;Apesar de uns serem mais t\u00edmidos e introvertidos, todos podemos ser criativos e descobrir que todos temos a capacidade de criar, improvisar, apesar dos medos, de pensarmos que n\u00e3o vamos ser capazes, afinal somos mesmo!&#8221; Aurora Batista &#8220;Gostei imenso de interagir com os outros participantes, apesar de todas as regras de distanciamento social que tivemos &hellip; <\/p>\n<p class=\"link-more\"><a href=\"https:\/\/www.quintaoficina.pt\/index.php\/oficina-de-tecnicas-teatrais\/\" class=\"more-link\">Continuar a ler <span class=\"screen-reader-text\">&#8220;OFICINA DE T\u00c9CNICAS TEATRAIS&#8221;<\/span><\/a><\/p>\n","protected":false},"author":1,"featured_media":0,"parent":0,"menu_order":0,"comment_status":"closed","ping_status":"closed","template":"template-full-width.php","meta":{"footnotes":""},"class_list":["post-1497","page","type-page","status-publish","hentry"],"_links":{"self":[{"href":"https:\/\/www.quintaoficina.pt\/index.php\/wp-json\/wp\/v2\/pages\/1497","targetHints":{"allow":["GET"]}}],"collection":[{"href":"https:\/\/www.quintaoficina.pt\/index.php\/wp-json\/wp\/v2\/pages"}],"about":[{"href":"https:\/\/www.quintaoficina.pt\/index.php\/wp-json\/wp\/v2\/types\/page"}],"author":[{"embeddable":true,"href":"https:\/\/www.quintaoficina.pt\/index.php\/wp-json\/wp\/v2\/users\/1"}],"replies":[{"embeddable":true,"href":"https:\/\/www.quintaoficina.pt\/index.php\/wp-json\/wp\/v2\/comments?post=1497"}],"version-history":[{"count":9,"href":"https:\/\/www.quintaoficina.pt\/index.php\/wp-json\/wp\/v2\/pages\/1497\/revisions"}],"predecessor-version":[{"id":1553,"href":"https:\/\/www.quintaoficina.pt\/index.php\/wp-json\/wp\/v2\/pages\/1497\/revisions\/1553"}],"wp:attachment":[{"href":"https:\/\/www.quintaoficina.pt\/index.php\/wp-json\/wp\/v2\/media?parent=1497"}],"curies":[{"name":"wp","href":"https:\/\/api.w.org\/{rel}","templated":true}]}}