{"id":1662,"date":"2021-01-24T23:15:12","date_gmt":"2021-01-24T23:15:12","guid":{"rendered":"http:\/\/www.quintaoficina.pt\/?page_id=1662"},"modified":"2022-01-18T13:32:15","modified_gmt":"2022-01-18T13:32:15","slug":"2021-2","status":"publish","type":"page","link":"https:\/\/www.quintaoficina.pt\/index.php\/2021-2\/","title":{"rendered":"2021"},"content":{"rendered":"\n<h2 class=\"wp-block-heading\">&#8220;\u00c1RVORES DE JANEIRO&#8221; [ Iniciativa Comunit\u00e1ria ]<\/h2>\n\n\n\n<p>1 a 31 de Janeiro &#8211; <strong>Mosteirinho dos Coutos de Viseu<\/strong> &#8211; 13 Pax<\/p>\n\n\n\n<h2 class=\"wp-block-heading\">\u201cOVOS DE CHOCOLATE Vs CENOURAS\u201d [ Anima\u00e7\u00e3o ]<\/h2>\n\n\n\n<p>26 de Mar\u00e7o \u2013&nbsp;<strong>Escola Rolando Oliveira<\/strong>&nbsp;\u2013 300 Pax<\/p>\n\n\n\n<h2 class=\"wp-block-heading\">\u201cCLOWN\u201d [ Workshop ]<\/h2>\n\n\n\n<p>31 de Mar\u00e7o \u2013&nbsp;<strong>APPDA, Hospital Psiqui\u00e1trico de Viseu<\/strong>&nbsp;\u2013 9 Pax<\/p>\n\n\n\n<h2 class=\"wp-block-heading\">&#8220;ReBicla&#8221; [ Iniciativa Comunit\u00e1ria ]<\/h2>\n\n\n\n<p>Maio a Outubro &#8211; Mosteirinho, Coutos de Viseu &#8211; Participantes n\u00e3o contabiliz\u00e1veis.<\/p>\n\n\n\n<h2 class=\"wp-block-heading\">\u201cA VACINA DO CABIDE-19\u201d [ Anima\u00e7\u00e3o ]<\/h2>\n\n\n\n<p>15 de Maio \u2013&nbsp;<strong>Festival i! <\/strong>&#8211; \u00c1gueda \u2013 (Anima\u00e7\u00e3o de Rua) Participantes n\u00e3o contabiliz\u00e1veis.<br>28 de Maio &#8211; <strong>Via Catarina<\/strong> (Shopping) &#8211; Porto &#8211; (Anima\u00e7\u00e3o de Rua) Participantes n\u00e3o contabiliz\u00e1veis.<\/p>\n\n\n\n<h2 class=\"wp-block-heading\">\u201cCONVERSAS \u00c0 SOMBRA\u201d [ Forma\u00e7\u00e3o ]<\/h2>\n\n\n\n<p>30 de Maio \u2013&nbsp;<strong>&#8220;A Verde (verdedeira) Gest\u00e3o de Talentos<\/strong>, com Luisa Ant\u00f3nio, Mosteirinho&nbsp;\u2013 17 Pax<\/p>\n\n\n\n<h2 class=\"wp-block-heading\">&#8220;O EXPLORADOR FLORENTINO&#8221; [ Anima\u00e7\u00e3o ]<\/h2>\n\n\n\n<p><strong>Festival Educarte<\/strong>:<br>29 de Junho &#8211; Escola Travass\u00f3s de Cima e JI Sementinhas &#8211; 16 + 10 Pax<br>30 de Junho &#8211; E.B. de Jugueiros e J.I. Vildemoinhos &nbsp;&#8211; 28 + 27 Pax<br>1 de Julho &#8211; J.I. Marzovelos e Obra de Santa Zita &#8211; 27 + 43 Pax<br>2 de Julho &#8211; J.I. Vildemoinhos e E.B. Professor Rolando de Oliveira &#8211; 27 + 24 Pax<br>3 de Julho &#8211; Quinta da Cruz &#8211; 15 Pax<br><strong>Festival OutonoQuente<\/strong>:<br>4 de Outubro &#8211; E.B. de Paradinha e APPACDM &#8211; 65 + 15 Pax<\/p>\n\n\n\n<h2 class=\"wp-block-heading\">\u201cHIST\u00d3RIAS A PEDAIS\u201d [ Espect\u00e1culo ]<\/h2>\n\n\n\n<p>11 de Julho \u2013&nbsp;<strong>Gaia<\/strong>Chopping \u2013 Participantes n\u00e3o contabiliz\u00e1veis.<br>22 de Setembro &#8211; <strong>Av. Cultural Leiria<\/strong>, Comemora\u00e7\u00e3o do Dia Mundial sem Carro \u2013 Participantes n\u00e3o contabiliz\u00e1veis.<br>30 de Outubro &#8211; <strong>CC Colombo, Lisboa<\/strong> &#8211; SONAE &#8211; Participantes n\u00e3o contabiliz\u00e1veis.<\/p>\n\n\n\n<h2 class=\"wp-block-heading\">\u201c2\u00ba CONCURSO DE RE-DESIGN DE MOBILI\u00c1RIO URBANO EM MEIO RURAL \u2013 LAVADOURO\u201d<\/h2>\n\n\n\n<p>1 de Setembro \u2013&nbsp;<strong>Coutos de Viseu<\/strong>&nbsp;\u2013 16 candidaturas &#8211; 20 Pax<\/p>\n\n\n\n<h2 class=\"wp-block-heading\">\u201cA SEREIA DO DOURO E A MENINA DAS SOCAS DE COURO\u201d [ Espect\u00e1culo ]<\/h2>\n\n\n\n<p>23 de Outubro &#8211; <strong>Castelo de Paiva<\/strong> &#8211;  Lendas Mil &#8211; Palco de Interc\u00e2mbio Cultural, promovido pela ADRIMAG, ATASA e CMCP &#8211; 100Pax<\/p>\n\n\n\n<h2 class=\"wp-block-heading\">&#8220;EXPRESS\u00c3O DRAM\u00c1TICA E ARTES CIRCENSES&#8221; [ Forma\u00e7\u00e3o ]<\/h2>\n\n\n\n<p>24 de Outubro &#8211; <strong>Castelo de Paiva<\/strong> &#8211; Lendas Mil &#8211; Palco de Interc\u00e2mbio Cultural, promovido pela ADRIMAG, ATASA e CMCP &#8211; 10Pax<\/p>\n\n\n\n<h2 class=\"wp-block-heading\">&#8220;WORKSHOP DE SERIGRAFIA&#8221; [ Forma\u00e7\u00e3o ]<\/h2>\n\n\n\n<p>27 de Outubro &#8211; <strong>Escola EB1 dos Coutos de Viseu<\/strong> &#8211; Orientado por Juliana Ferreira, 2\u00ba Lugar no II Concurso de Re-Design de Mobili\u00e1rio Urbano em Meio Rural &#8211; 34 Pax<br>3 de Novembro &#8211; <strong>Escola EB1 dos Coutos de Viseu<\/strong> &#8211; Orientado por Juliana Ferreira, 2\u00ba Lugar no II Concurso de Re-Design de Mobili\u00e1rio Urbano em Meio Rural &#8211; 34 Pax<\/p>\n\n\n\n<h2 class=\"wp-block-heading\">\u201cTROCADORES DE HIST\u00d3RIAS\u201d [ Anima\u00e7\u00e3o ]<\/h2>\n\n\n\n<p>14 de Novembro &#8211; <strong>Qta da Cruz<\/strong>,<strong> <\/strong>Centro de Arte Contempor\u00e2nea de Viseu &#8211; (Agri)Cultura &#8211; 30 Pax<\/p>\n\n\n\n<h2 class=\"wp-block-heading\">\u201cCULIN\u00c1RIA SEM DESPERD\u00cdCIO\u201d [ Forma\u00e7\u00e3o ]<\/h2>\n\n\n\n<p>14 de Novembro &#8211; <strong>Qta da Cruz<\/strong>,<strong> <\/strong>Centro de Arte Contempor\u00e2nea de Viseu &#8211; Orientado pela Chefe Carolina Salgado &#8211; (Agri)Cultura &#8211; 47 Pax<\/p>\n\n\n\n<h2 class=\"wp-block-heading\">\u201cAS IDEIAS S\u00c3O COMO AS SEMENTES\u201d [ Espect\u00e1culo ]<\/h2>\n\n\n\n<p>14 de Novembro &#8211; <strong>Qta da Cruz<\/strong>,<strong> <\/strong>Centro de Arte Contempor\u00e2nea de Viseu &#8211; (Agri)Cultura &#8211; 91 Pax<\/p>\n\n\n\n<h2 class=\"wp-block-heading\">\u201cA CAIXINHA DE M\u00daSICA\u201d [ Espect\u00e1culo ]<\/h2>\n\n\n\n<p>3 de Dezembro &#8211; <strong>Matosinhos<\/strong> &#8211;  APPACDM &#8211; Sal\u00e3o Nobre da CM &#8211; 150 Pax<\/p>\n","protected":false},"excerpt":{"rendered":"<p>&#8220;\u00c1RVORES DE JANEIRO&#8221; [ Iniciativa Comunit\u00e1ria ] 1 a 31 de Janeiro &#8211; Mosteirinho dos Coutos de Viseu &#8211; 13 Pax \u201cOVOS DE CHOCOLATE Vs CENOURAS\u201d [ Anima\u00e7\u00e3o ] 26 de Mar\u00e7o \u2013&nbsp;Escola Rolando Oliveira&nbsp;\u2013 300 Pax \u201cCLOWN\u201d [ Workshop ] 31 de Mar\u00e7o \u2013&nbsp;APPDA, Hospital Psiqui\u00e1trico de Viseu&nbsp;\u2013 9 Pax &#8220;ReBicla&#8221; [ Iniciativa Comunit\u00e1ria &hellip; <\/p>\n<p class=\"link-more\"><a href=\"https:\/\/www.quintaoficina.pt\/index.php\/2021-2\/\" class=\"more-link\">Continuar a ler <span class=\"screen-reader-text\">&#8220;2021&#8221;<\/span><\/a><\/p>\n","protected":false},"author":1,"featured_media":0,"parent":0,"menu_order":0,"comment_status":"closed","ping_status":"closed","template":"template-full-width.php","meta":{"footnotes":""},"class_list":["post-1662","page","type-page","status-publish","hentry"],"_links":{"self":[{"href":"https:\/\/www.quintaoficina.pt\/index.php\/wp-json\/wp\/v2\/pages\/1662","targetHints":{"allow":["GET"]}}],"collection":[{"href":"https:\/\/www.quintaoficina.pt\/index.php\/wp-json\/wp\/v2\/pages"}],"about":[{"href":"https:\/\/www.quintaoficina.pt\/index.php\/wp-json\/wp\/v2\/types\/page"}],"author":[{"embeddable":true,"href":"https:\/\/www.quintaoficina.pt\/index.php\/wp-json\/wp\/v2\/users\/1"}],"replies":[{"embeddable":true,"href":"https:\/\/www.quintaoficina.pt\/index.php\/wp-json\/wp\/v2\/comments?post=1662"}],"version-history":[{"count":27,"href":"https:\/\/www.quintaoficina.pt\/index.php\/wp-json\/wp\/v2\/pages\/1662\/revisions"}],"predecessor-version":[{"id":2252,"href":"https:\/\/www.quintaoficina.pt\/index.php\/wp-json\/wp\/v2\/pages\/1662\/revisions\/2252"}],"wp:attachment":[{"href":"https:\/\/www.quintaoficina.pt\/index.php\/wp-json\/wp\/v2\/media?parent=1662"}],"curies":[{"name":"wp","href":"https:\/\/api.w.org\/{rel}","templated":true}]}}