{"id":2773,"date":"2022-11-28T13:53:18","date_gmt":"2022-11-28T13:53:18","guid":{"rendered":"https:\/\/www.quintaoficina.pt\/?page_id=2773"},"modified":"2023-03-25T22:58:18","modified_gmt":"2023-03-25T22:58:18","slug":"arvores","status":"publish","type":"page","link":"https:\/\/www.quintaoficina.pt\/index.php\/arvores\/","title":{"rendered":"\u00c1RVORES"},"content":{"rendered":"\n<p>\u201c<strong>PASSEIO INTERPRETATIVO E PLANTA\u00c7\u00c3O DE \u00c1RVORES<\/strong>\u201d&nbsp;<br>de&nbsp;<strong>Gabriel Silva<\/strong>, para p\u00fablico geral, no dia&nbsp;<strong>15 de Janeiro 2023<\/strong> \u00e0s 15h na floresta da 5\u00aaOficina, no Mosteirinho dos Coutos de Viseu.<\/p>\n\n\n\n<figure class=\"wp-block-gallery has-nested-images columns-2 wp-block-gallery-1 is-layout-flex wp-block-gallery-is-layout-flex\">\n<figure class=\"wp-block-image size-large\"><img loading=\"lazy\" decoding=\"async\" width=\"1024\" height=\"683\" data-id=\"3106\" src=\"https:\/\/www.quintaoficina.pt\/wp-content\/uploads\/2023\/02\/QuintaOficina_Gabriel_fot-raquelbalsa__MG_0021-copiar-1024x683.jpg\" alt=\"\" class=\"wp-image-3106\" srcset=\"https:\/\/www.quintaoficina.pt\/wp-content\/uploads\/2023\/02\/QuintaOficina_Gabriel_fot-raquelbalsa__MG_0021-copiar-1024x683.jpg 1024w, https:\/\/www.quintaoficina.pt\/wp-content\/uploads\/2023\/02\/QuintaOficina_Gabriel_fot-raquelbalsa__MG_0021-copiar-300x200.jpg 300w, https:\/\/www.quintaoficina.pt\/wp-content\/uploads\/2023\/02\/QuintaOficina_Gabriel_fot-raquelbalsa__MG_0021-copiar-768x512.jpg 768w, https:\/\/www.quintaoficina.pt\/wp-content\/uploads\/2023\/02\/QuintaOficina_Gabriel_fot-raquelbalsa__MG_0021-copiar-1536x1024.jpg 1536w, https:\/\/www.quintaoficina.pt\/wp-content\/uploads\/2023\/02\/QuintaOficina_Gabriel_fot-raquelbalsa__MG_0021-copiar-2048x1365.jpg 2048w\" sizes=\"auto, (max-width: 767px) 89vw, (max-width: 1000px) 54vw, (max-width: 1071px) 543px, 580px\" \/><\/figure>\n\n\n\n<figure class=\"wp-block-image size-large\"><img loading=\"lazy\" decoding=\"async\" width=\"1024\" height=\"683\" data-id=\"3113\" src=\"https:\/\/www.quintaoficina.pt\/wp-content\/uploads\/2023\/02\/QuintaOficina_Gabriel_fot-raquelbalsa__MG_9932-copiar-1-1024x683.jpg\" alt=\"\" class=\"wp-image-3113\" srcset=\"https:\/\/www.quintaoficina.pt\/wp-content\/uploads\/2023\/02\/QuintaOficina_Gabriel_fot-raquelbalsa__MG_9932-copiar-1-1024x683.jpg 1024w, https:\/\/www.quintaoficina.pt\/wp-content\/uploads\/2023\/02\/QuintaOficina_Gabriel_fot-raquelbalsa__MG_9932-copiar-1-300x200.jpg 300w, https:\/\/www.quintaoficina.pt\/wp-content\/uploads\/2023\/02\/QuintaOficina_Gabriel_fot-raquelbalsa__MG_9932-copiar-1-768x512.jpg 768w, https:\/\/www.quintaoficina.pt\/wp-content\/uploads\/2023\/02\/QuintaOficina_Gabriel_fot-raquelbalsa__MG_9932-copiar-1-1536x1024.jpg 1536w, https:\/\/www.quintaoficina.pt\/wp-content\/uploads\/2023\/02\/QuintaOficina_Gabriel_fot-raquelbalsa__MG_9932-copiar-1-2048x1365.jpg 2048w\" sizes=\"auto, (max-width: 767px) 89vw, (max-width: 1000px) 54vw, (max-width: 1071px) 543px, 580px\" \/><\/figure>\n\n\n\n<figure class=\"wp-block-image size-large\"><img loading=\"lazy\" decoding=\"async\" width=\"1024\" height=\"683\" data-id=\"3105\" src=\"https:\/\/www.quintaoficina.pt\/wp-content\/uploads\/2023\/02\/QuintaOficina_Gabriel_fot-raquelbalsa__MG_9975-copiar-1024x683.jpg\" alt=\"\" class=\"wp-image-3105\" srcset=\"https:\/\/www.quintaoficina.pt\/wp-content\/uploads\/2023\/02\/QuintaOficina_Gabriel_fot-raquelbalsa__MG_9975-copiar-1024x683.jpg 1024w, https:\/\/www.quintaoficina.pt\/wp-content\/uploads\/2023\/02\/QuintaOficina_Gabriel_fot-raquelbalsa__MG_9975-copiar-300x200.jpg 300w, https:\/\/www.quintaoficina.pt\/wp-content\/uploads\/2023\/02\/QuintaOficina_Gabriel_fot-raquelbalsa__MG_9975-copiar-768x512.jpg 768w, https:\/\/www.quintaoficina.pt\/wp-content\/uploads\/2023\/02\/QuintaOficina_Gabriel_fot-raquelbalsa__MG_9975-copiar-1536x1024.jpg 1536w, https:\/\/www.quintaoficina.pt\/wp-content\/uploads\/2023\/02\/QuintaOficina_Gabriel_fot-raquelbalsa__MG_9975-copiar-2048x1365.jpg 2048w\" sizes=\"auto, (max-width: 767px) 89vw, (max-width: 1000px) 54vw, (max-width: 1071px) 543px, 580px\" \/><\/figure>\n\n\n\n<figure class=\"wp-block-image size-large\"><img loading=\"lazy\" decoding=\"async\" width=\"1024\" height=\"683\" data-id=\"3114\" src=\"https:\/\/www.quintaoficina.pt\/wp-content\/uploads\/2023\/02\/QuintaOficina_Gabriel_fot-raquelbalsa_252A1245-copiar-1-1024x683.jpg\" alt=\"\" class=\"wp-image-3114\" srcset=\"https:\/\/www.quintaoficina.pt\/wp-content\/uploads\/2023\/02\/QuintaOficina_Gabriel_fot-raquelbalsa_252A1245-copiar-1-1024x683.jpg 1024w, https:\/\/www.quintaoficina.pt\/wp-content\/uploads\/2023\/02\/QuintaOficina_Gabriel_fot-raquelbalsa_252A1245-copiar-1-300x200.jpg 300w, https:\/\/www.quintaoficina.pt\/wp-content\/uploads\/2023\/02\/QuintaOficina_Gabriel_fot-raquelbalsa_252A1245-copiar-1-768x512.jpg 768w, https:\/\/www.quintaoficina.pt\/wp-content\/uploads\/2023\/02\/QuintaOficina_Gabriel_fot-raquelbalsa_252A1245-copiar-1-1536x1024.jpg 1536w, https:\/\/www.quintaoficina.pt\/wp-content\/uploads\/2023\/02\/QuintaOficina_Gabriel_fot-raquelbalsa_252A1245-copiar-1-2048x1365.jpg 2048w\" sizes=\"auto, (max-width: 767px) 89vw, (max-width: 1000px) 54vw, (max-width: 1071px) 543px, 580px\" \/><\/figure>\n\n\n\n<figure class=\"wp-block-image size-large\"><img loading=\"lazy\" decoding=\"async\" width=\"683\" height=\"1024\" data-id=\"3101\" src=\"https:\/\/www.quintaoficina.pt\/wp-content\/uploads\/2023\/02\/QuintaOficina_Gabriel_fot-raquelbalsa__MG_0161-copiar-683x1024.jpg\" alt=\"\" class=\"wp-image-3101\" srcset=\"https:\/\/www.quintaoficina.pt\/wp-content\/uploads\/2023\/02\/QuintaOficina_Gabriel_fot-raquelbalsa__MG_0161-copiar-683x1024.jpg 683w, https:\/\/www.quintaoficina.pt\/wp-content\/uploads\/2023\/02\/QuintaOficina_Gabriel_fot-raquelbalsa__MG_0161-copiar-200x300.jpg 200w, https:\/\/www.quintaoficina.pt\/wp-content\/uploads\/2023\/02\/QuintaOficina_Gabriel_fot-raquelbalsa__MG_0161-copiar-768x1152.jpg 768w, https:\/\/www.quintaoficina.pt\/wp-content\/uploads\/2023\/02\/QuintaOficina_Gabriel_fot-raquelbalsa__MG_0161-copiar-1024x1536.jpg 1024w, https:\/\/www.quintaoficina.pt\/wp-content\/uploads\/2023\/02\/QuintaOficina_Gabriel_fot-raquelbalsa__MG_0161-copiar-1365x2048.jpg 1365w, https:\/\/www.quintaoficina.pt\/wp-content\/uploads\/2023\/02\/QuintaOficina_Gabriel_fot-raquelbalsa__MG_0161-copiar-scaled.jpg 1707w\" sizes=\"auto, (max-width: 683px) 100vw, 683px\" \/><\/figure>\n\n\n\n<figure class=\"wp-block-image size-large\"><img loading=\"lazy\" decoding=\"async\" width=\"683\" height=\"1024\" data-id=\"3116\" src=\"https:\/\/www.quintaoficina.pt\/wp-content\/uploads\/2023\/02\/QuintaOficina_Gabriel_fot-raquelbalsa_252A1287-copiar-1-683x1024.jpg\" alt=\"\" class=\"wp-image-3116\" srcset=\"https:\/\/www.quintaoficina.pt\/wp-content\/uploads\/2023\/02\/QuintaOficina_Gabriel_fot-raquelbalsa_252A1287-copiar-1-683x1024.jpg 683w, https:\/\/www.quintaoficina.pt\/wp-content\/uploads\/2023\/02\/QuintaOficina_Gabriel_fot-raquelbalsa_252A1287-copiar-1-200x300.jpg 200w, https:\/\/www.quintaoficina.pt\/wp-content\/uploads\/2023\/02\/QuintaOficina_Gabriel_fot-raquelbalsa_252A1287-copiar-1-768x1152.jpg 768w, https:\/\/www.quintaoficina.pt\/wp-content\/uploads\/2023\/02\/QuintaOficina_Gabriel_fot-raquelbalsa_252A1287-copiar-1-1024x1536.jpg 1024w, https:\/\/www.quintaoficina.pt\/wp-content\/uploads\/2023\/02\/QuintaOficina_Gabriel_fot-raquelbalsa_252A1287-copiar-1-1365x2048.jpg 1365w, https:\/\/www.quintaoficina.pt\/wp-content\/uploads\/2023\/02\/QuintaOficina_Gabriel_fot-raquelbalsa_252A1287-copiar-1-scaled.jpg 1707w\" sizes=\"auto, (max-width: 683px) 100vw, 683px\" \/><\/figure>\n\n\n\n<figure class=\"wp-block-image size-large\"><img loading=\"lazy\" decoding=\"async\" width=\"683\" height=\"1024\" data-id=\"3108\" src=\"https:\/\/www.quintaoficina.pt\/wp-content\/uploads\/2023\/02\/QuintaOficina_Gabriel_fot-raquelbalsa_252A1305-copiar-683x1024.jpg\" alt=\"\" class=\"wp-image-3108\" srcset=\"https:\/\/www.quintaoficina.pt\/wp-content\/uploads\/2023\/02\/QuintaOficina_Gabriel_fot-raquelbalsa_252A1305-copiar-683x1024.jpg 683w, https:\/\/www.quintaoficina.pt\/wp-content\/uploads\/2023\/02\/QuintaOficina_Gabriel_fot-raquelbalsa_252A1305-copiar-200x300.jpg 200w, https:\/\/www.quintaoficina.pt\/wp-content\/uploads\/2023\/02\/QuintaOficina_Gabriel_fot-raquelbalsa_252A1305-copiar-768x1152.jpg 768w, https:\/\/www.quintaoficina.pt\/wp-content\/uploads\/2023\/02\/QuintaOficina_Gabriel_fot-raquelbalsa_252A1305-copiar-1024x1536.jpg 1024w, https:\/\/www.quintaoficina.pt\/wp-content\/uploads\/2023\/02\/QuintaOficina_Gabriel_fot-raquelbalsa_252A1305-copiar-1365x2048.jpg 1365w, https:\/\/www.quintaoficina.pt\/wp-content\/uploads\/2023\/02\/QuintaOficina_Gabriel_fot-raquelbalsa_252A1305-copiar-scaled.jpg 1707w\" sizes=\"auto, (max-width: 683px) 100vw, 683px\" \/><\/figure>\n\n\n\n<figure class=\"wp-block-image size-large\"><img loading=\"lazy\" decoding=\"async\" width=\"683\" height=\"1024\" data-id=\"3117\" src=\"https:\/\/www.quintaoficina.pt\/wp-content\/uploads\/2023\/02\/QuintaOficina_Gabriel_fot-raquelbalsa_252A1422-copiar-1-683x1024.jpg\" alt=\"\" class=\"wp-image-3117\" srcset=\"https:\/\/www.quintaoficina.pt\/wp-content\/uploads\/2023\/02\/QuintaOficina_Gabriel_fot-raquelbalsa_252A1422-copiar-1-683x1024.jpg 683w, https:\/\/www.quintaoficina.pt\/wp-content\/uploads\/2023\/02\/QuintaOficina_Gabriel_fot-raquelbalsa_252A1422-copiar-1-200x300.jpg 200w, https:\/\/www.quintaoficina.pt\/wp-content\/uploads\/2023\/02\/QuintaOficina_Gabriel_fot-raquelbalsa_252A1422-copiar-1-768x1152.jpg 768w, https:\/\/www.quintaoficina.pt\/wp-content\/uploads\/2023\/02\/QuintaOficina_Gabriel_fot-raquelbalsa_252A1422-copiar-1-1024x1536.jpg 1024w, https:\/\/www.quintaoficina.pt\/wp-content\/uploads\/2023\/02\/QuintaOficina_Gabriel_fot-raquelbalsa_252A1422-copiar-1-1365x2048.jpg 1365w, https:\/\/www.quintaoficina.pt\/wp-content\/uploads\/2023\/02\/QuintaOficina_Gabriel_fot-raquelbalsa_252A1422-copiar-1-scaled.jpg 1707w\" sizes=\"auto, (max-width: 683px) 100vw, 683px\" \/><\/figure>\n\n\n\n<figure class=\"wp-block-image size-large\"><img loading=\"lazy\" decoding=\"async\" width=\"1024\" height=\"683\" data-id=\"3118\" src=\"https:\/\/www.quintaoficina.pt\/wp-content\/uploads\/2023\/02\/QuintaOficina_Gabriel_fot-raquelbalsa_252A1510-copiar-1-1024x683.jpg\" alt=\"\" class=\"wp-image-3118\" srcset=\"https:\/\/www.quintaoficina.pt\/wp-content\/uploads\/2023\/02\/QuintaOficina_Gabriel_fot-raquelbalsa_252A1510-copiar-1-1024x683.jpg 1024w, https:\/\/www.quintaoficina.pt\/wp-content\/uploads\/2023\/02\/QuintaOficina_Gabriel_fot-raquelbalsa_252A1510-copiar-1-300x200.jpg 300w, https:\/\/www.quintaoficina.pt\/wp-content\/uploads\/2023\/02\/QuintaOficina_Gabriel_fot-raquelbalsa_252A1510-copiar-1-768x512.jpg 768w, https:\/\/www.quintaoficina.pt\/wp-content\/uploads\/2023\/02\/QuintaOficina_Gabriel_fot-raquelbalsa_252A1510-copiar-1-1536x1024.jpg 1536w, https:\/\/www.quintaoficina.pt\/wp-content\/uploads\/2023\/02\/QuintaOficina_Gabriel_fot-raquelbalsa_252A1510-copiar-1-2048x1365.jpg 2048w\" sizes=\"auto, (max-width: 767px) 89vw, (max-width: 1000px) 54vw, (max-width: 1071px) 543px, 580px\" \/><\/figure>\n<figcaption class=\"blocks-gallery-caption wp-element-caption\">FOTOGRAFIAS \u00a9 RAQUEL BALSA<\/figcaption><\/figure>\n\n\n\n<p><br><br><strong><em>Passeio interpretativo pela floresta da 5\u00aaOficina no Mosteirinho e planta\u00e7\u00e3o de \u00e1rvores de fruto e ornamentais\/florestais.<\/em> <em>A \u00e1rvore como ser vivo, a sua import\u00e2ncia no meio ambiente. Fisiologia, caracter\u00edsticas, manuten\u00e7\u00e3o e poda. \u00c1rvores bombeiras.<\/em><\/strong><\/p>\n\n\n\n<figure class=\"wp-block-image\"><img loading=\"lazy\" decoding=\"async\" width=\"724\" height=\"1024\" src=\"https:\/\/www.quintaoficina.pt\/wp-content\/uploads\/2022\/12\/CartazGABRIELarvores_baixa-724x1024.jpg\" alt=\"\" class=\"wp-image-2797\" srcset=\"https:\/\/www.quintaoficina.pt\/wp-content\/uploads\/2022\/12\/CartazGABRIELarvores_baixa-724x1024.jpg 724w, https:\/\/www.quintaoficina.pt\/wp-content\/uploads\/2022\/12\/CartazGABRIELarvores_baixa-212x300.jpg 212w, https:\/\/www.quintaoficina.pt\/wp-content\/uploads\/2022\/12\/CartazGABRIELarvores_baixa-768x1086.jpg 768w, https:\/\/www.quintaoficina.pt\/wp-content\/uploads\/2022\/12\/CartazGABRIELarvores_baixa-1086x1536.jpg 1086w, https:\/\/www.quintaoficina.pt\/wp-content\/uploads\/2022\/12\/CartazGABRIELarvores_baixa-1448x2048.jpg 1448w, https:\/\/www.quintaoficina.pt\/wp-content\/uploads\/2022\/12\/CartazGABRIELarvores_baixa-scaled.jpg 1810w\" sizes=\"auto, (max-width: 724px) 100vw, 724px\" \/><\/figure>\n\n\n\n<p>\u2013 Dura\u00e7\u00e3o de 2 horas.<br>\u2013 Maiores de 12 anos (menores apenas se acompanhados)<br>\u2013 Participantes dever\u00e3o trazer: Roupa e cal\u00e7ado de caminhada, luvas de trabalho, caderno, l\u00e1pis e lanche para partilhar. Teremos ch\u00e1 com bolachinhas!<br><br><strong>Gabriel Silva<\/strong>, forma\u00e7\u00e3o T\u00e9cnica em Agricultura, Hortofloricultura e Educa\u00e7\u00e3o Ambiental e Sanit\u00e1ria. Formador em Hortofloricultura, Espa\u00e7os Verdes e Educa\u00e7\u00e3o Ambiental, CAP\/1998. Coordenador do N\u00facleo de Viseu da ASPEA \u2013 Associa\u00e7\u00e3o Portuguesa de Educa\u00e7\u00e3o Ambiental.<\/p>\n\n\n\n<p>GRATUITO, MEDIANTE INSCRI\u00c7\u00c3O!<br><strong>INSCRI\u00c7\u00d5ES<\/strong>:&nbsp;<em>tiomanel@quintaoficina.pt<\/em><\/p>\n\n\n\n<p>LINK para trajecto de VISEU &gt;&gt;&gt; QUINTA OFICINA<br><a rel=\"noreferrer noopener\" href=\"https:\/\/goo.gl\/maps\/XavGPo9917dWu2JS9\" target=\"_blank\">https:\/\/goo.gl\/maps\/XavGPo9917dWu2JS9https:\/\/goo.gl\/maps\/XavGPo9917dWu2JS9<\/a><\/p>\n\n\n\n<p>Largo das Figueiras n1, Tarva \u2013 Mosteirinho. 3510-584 Coutos de Viseu<\/p>\n\n\n\n<p><br><br>Uma atividade inserida no MOST&#8217;22 &#8211; Programa\u00e7\u00e3o internacional de media\u00e7\u00e3o art\u00edstica em meio rural. Uma iniciativa apoiada pelo Munic\u00edpio de Viseu e financiada pelo EixoCultura<\/p>\n\n\n\n<figure class=\"wp-block-image size-large\"><img loading=\"lazy\" decoding=\"async\" width=\"1024\" height=\"211\" src=\"https:\/\/www.quintaoficina.pt\/wp-content\/uploads\/2023\/01\/Captura-de-ecra-2023-01-22-as-01.04.25-1024x211.png\" alt=\"\" class=\"wp-image-3011\" srcset=\"https:\/\/www.quintaoficina.pt\/wp-content\/uploads\/2023\/01\/Captura-de-ecra-2023-01-22-as-01.04.25-1024x211.png 1024w, https:\/\/www.quintaoficina.pt\/wp-content\/uploads\/2023\/01\/Captura-de-ecra-2023-01-22-as-01.04.25-300x62.png 300w, https:\/\/www.quintaoficina.pt\/wp-content\/uploads\/2023\/01\/Captura-de-ecra-2023-01-22-as-01.04.25-768x158.png 768w, https:\/\/www.quintaoficina.pt\/wp-content\/uploads\/2023\/01\/Captura-de-ecra-2023-01-22-as-01.04.25-1536x316.png 1536w, https:\/\/www.quintaoficina.pt\/wp-content\/uploads\/2023\/01\/Captura-de-ecra-2023-01-22-as-01.04.25-2048x422.png 2048w\" sizes=\"auto, (max-width: 767px) 89vw, (max-width: 1000px) 54vw, (max-width: 1071px) 543px, 580px\" \/><\/figure>\n","protected":false},"excerpt":{"rendered":"<p>\u201cPASSEIO INTERPRETATIVO E PLANTA\u00c7\u00c3O DE \u00c1RVORES\u201d&nbsp;de&nbsp;Gabriel Silva, para p\u00fablico geral, no dia&nbsp;15 de Janeiro 2023 \u00e0s 15h na floresta da 5\u00aaOficina, no Mosteirinho dos Coutos de Viseu. Passeio interpretativo pela floresta da 5\u00aaOficina no Mosteirinho e planta\u00e7\u00e3o de \u00e1rvores de fruto e ornamentais\/florestais. A \u00e1rvore como ser vivo, a sua import\u00e2ncia no meio ambiente. Fisiologia, &hellip; <\/p>\n<p class=\"link-more\"><a href=\"https:\/\/www.quintaoficina.pt\/index.php\/arvores\/\" class=\"more-link\">Continuar a ler <span class=\"screen-reader-text\">&#8220;\u00c1RVORES&#8221;<\/span><\/a><\/p>\n","protected":false},"author":1,"featured_media":0,"parent":0,"menu_order":0,"comment_status":"closed","ping_status":"closed","template":"template-full-width.php","meta":{"footnotes":""},"class_list":["post-2773","page","type-page","status-publish","hentry"],"_links":{"self":[{"href":"https:\/\/www.quintaoficina.pt\/index.php\/wp-json\/wp\/v2\/pages\/2773","targetHints":{"allow":["GET"]}}],"collection":[{"href":"https:\/\/www.quintaoficina.pt\/index.php\/wp-json\/wp\/v2\/pages"}],"about":[{"href":"https:\/\/www.quintaoficina.pt\/index.php\/wp-json\/wp\/v2\/types\/page"}],"author":[{"embeddable":true,"href":"https:\/\/www.quintaoficina.pt\/index.php\/wp-json\/wp\/v2\/users\/1"}],"replies":[{"embeddable":true,"href":"https:\/\/www.quintaoficina.pt\/index.php\/wp-json\/wp\/v2\/comments?post=2773"}],"version-history":[{"count":11,"href":"https:\/\/www.quintaoficina.pt\/index.php\/wp-json\/wp\/v2\/pages\/2773\/revisions"}],"predecessor-version":[{"id":3292,"href":"https:\/\/www.quintaoficina.pt\/index.php\/wp-json\/wp\/v2\/pages\/2773\/revisions\/3292"}],"wp:attachment":[{"href":"https:\/\/www.quintaoficina.pt\/index.php\/wp-json\/wp\/v2\/media?parent=2773"}],"curies":[{"name":"wp","href":"https:\/\/api.w.org\/{rel}","templated":true}]}}