{"id":2778,"date":"2022-11-28T13:55:04","date_gmt":"2022-11-28T13:55:04","guid":{"rendered":"https:\/\/www.quintaoficina.pt\/?page_id=2778"},"modified":"2023-03-25T23:05:32","modified_gmt":"2023-03-25T23:05:32","slug":"ginasio-musical","status":"publish","type":"page","link":"https:\/\/www.quintaoficina.pt\/index.php\/ginasio-musical\/","title":{"rendered":"GIN\u00c1SIO MUSICAL"},"content":{"rendered":"\n<p>12 de Janeiro \u2013\u00a0com <strong>BitOcas Fernandes<\/strong> (esteve em resid\u00eancia na 5\u00aaOficina)<\/p>\n\n\n\n<figure class=\"wp-block-gallery has-nested-images columns-2 wp-block-gallery-1 is-layout-flex wp-block-gallery-is-layout-flex\">\n<figure class=\"wp-block-image size-large\"><img loading=\"lazy\" decoding=\"async\" width=\"1024\" height=\"683\" data-id=\"3254\" src=\"https:\/\/www.quintaoficina.pt\/wp-content\/uploads\/2023\/03\/IMG_0907-1024x683.jpg\" alt=\"\" class=\"wp-image-3254\" srcset=\"https:\/\/www.quintaoficina.pt\/wp-content\/uploads\/2023\/03\/IMG_0907-1024x683.jpg 1024w, https:\/\/www.quintaoficina.pt\/wp-content\/uploads\/2023\/03\/IMG_0907-300x200.jpg 300w, https:\/\/www.quintaoficina.pt\/wp-content\/uploads\/2023\/03\/IMG_0907-768x512.jpg 768w, https:\/\/www.quintaoficina.pt\/wp-content\/uploads\/2023\/03\/IMG_0907-1536x1024.jpg 1536w, https:\/\/www.quintaoficina.pt\/wp-content\/uploads\/2023\/03\/IMG_0907-2048x1365.jpg 2048w\" sizes=\"auto, (max-width: 767px) 89vw, (max-width: 1000px) 54vw, (max-width: 1071px) 543px, 580px\" \/><\/figure>\n\n\n\n<figure class=\"wp-block-image size-large\"><img loading=\"lazy\" decoding=\"async\" width=\"1024\" height=\"683\" data-id=\"3256\" src=\"https:\/\/www.quintaoficina.pt\/wp-content\/uploads\/2023\/03\/IMG_0559-1024x683.jpg\" alt=\"\" class=\"wp-image-3256\" srcset=\"https:\/\/www.quintaoficina.pt\/wp-content\/uploads\/2023\/03\/IMG_0559-1024x683.jpg 1024w, https:\/\/www.quintaoficina.pt\/wp-content\/uploads\/2023\/03\/IMG_0559-300x200.jpg 300w, https:\/\/www.quintaoficina.pt\/wp-content\/uploads\/2023\/03\/IMG_0559-768x512.jpg 768w, https:\/\/www.quintaoficina.pt\/wp-content\/uploads\/2023\/03\/IMG_0559-1536x1024.jpg 1536w, https:\/\/www.quintaoficina.pt\/wp-content\/uploads\/2023\/03\/IMG_0559-2048x1365.jpg 2048w\" sizes=\"auto, (max-width: 767px) 89vw, (max-width: 1000px) 54vw, (max-width: 1071px) 543px, 580px\" \/><\/figure>\n\n\n\n<figure class=\"wp-block-image size-large\"><img loading=\"lazy\" decoding=\"async\" width=\"1024\" height=\"683\" data-id=\"3253\" src=\"https:\/\/www.quintaoficina.pt\/wp-content\/uploads\/2023\/03\/IMG_1052-1024x683.jpg\" alt=\"\" class=\"wp-image-3253\" srcset=\"https:\/\/www.quintaoficina.pt\/wp-content\/uploads\/2023\/03\/IMG_1052-1024x683.jpg 1024w, https:\/\/www.quintaoficina.pt\/wp-content\/uploads\/2023\/03\/IMG_1052-300x200.jpg 300w, https:\/\/www.quintaoficina.pt\/wp-content\/uploads\/2023\/03\/IMG_1052-768x512.jpg 768w, https:\/\/www.quintaoficina.pt\/wp-content\/uploads\/2023\/03\/IMG_1052-1536x1024.jpg 1536w, https:\/\/www.quintaoficina.pt\/wp-content\/uploads\/2023\/03\/IMG_1052-2048x1365.jpg 2048w\" sizes=\"auto, (max-width: 767px) 89vw, (max-width: 1000px) 54vw, (max-width: 1071px) 543px, 580px\" \/><\/figure>\n\n\n\n<figure class=\"wp-block-image size-large\"><img loading=\"lazy\" decoding=\"async\" width=\"1024\" height=\"683\" data-id=\"3255\" src=\"https:\/\/www.quintaoficina.pt\/wp-content\/uploads\/2023\/03\/IMG_1153-1024x683.jpg\" alt=\"\" class=\"wp-image-3255\" srcset=\"https:\/\/www.quintaoficina.pt\/wp-content\/uploads\/2023\/03\/IMG_1153-1024x683.jpg 1024w, https:\/\/www.quintaoficina.pt\/wp-content\/uploads\/2023\/03\/IMG_1153-300x200.jpg 300w, https:\/\/www.quintaoficina.pt\/wp-content\/uploads\/2023\/03\/IMG_1153-768x512.jpg 768w, https:\/\/www.quintaoficina.pt\/wp-content\/uploads\/2023\/03\/IMG_1153-1536x1024.jpg 1536w, https:\/\/www.quintaoficina.pt\/wp-content\/uploads\/2023\/03\/IMG_1153-2048x1365.jpg 2048w\" sizes=\"auto, (max-width: 767px) 89vw, (max-width: 1000px) 54vw, (max-width: 1071px) 543px, 580px\" \/><\/figure>\n\n\n\n<figure class=\"wp-block-image size-large\"><img loading=\"lazy\" decoding=\"async\" width=\"683\" height=\"1024\" data-id=\"3257\" src=\"https:\/\/www.quintaoficina.pt\/wp-content\/uploads\/2023\/03\/IMG_1365-683x1024.jpg\" alt=\"\" class=\"wp-image-3257\" srcset=\"https:\/\/www.quintaoficina.pt\/wp-content\/uploads\/2023\/03\/IMG_1365-683x1024.jpg 683w, https:\/\/www.quintaoficina.pt\/wp-content\/uploads\/2023\/03\/IMG_1365-200x300.jpg 200w, https:\/\/www.quintaoficina.pt\/wp-content\/uploads\/2023\/03\/IMG_1365-768x1152.jpg 768w, https:\/\/www.quintaoficina.pt\/wp-content\/uploads\/2023\/03\/IMG_1365-1024x1536.jpg 1024w, https:\/\/www.quintaoficina.pt\/wp-content\/uploads\/2023\/03\/IMG_1365-1365x2048.jpg 1365w, https:\/\/www.quintaoficina.pt\/wp-content\/uploads\/2023\/03\/IMG_1365-scaled.jpg 1707w\" sizes=\"auto, (max-width: 683px) 100vw, 683px\" \/><\/figure>\n\n\n\n<figure class=\"wp-block-image size-large\"><img loading=\"lazy\" decoding=\"async\" width=\"683\" height=\"1024\" data-id=\"3259\" src=\"https:\/\/www.quintaoficina.pt\/wp-content\/uploads\/2023\/03\/IMG_1438-683x1024.jpg\" alt=\"\" class=\"wp-image-3259\" srcset=\"https:\/\/www.quintaoficina.pt\/wp-content\/uploads\/2023\/03\/IMG_1438-683x1024.jpg 683w, https:\/\/www.quintaoficina.pt\/wp-content\/uploads\/2023\/03\/IMG_1438-200x300.jpg 200w, https:\/\/www.quintaoficina.pt\/wp-content\/uploads\/2023\/03\/IMG_1438-768x1152.jpg 768w, https:\/\/www.quintaoficina.pt\/wp-content\/uploads\/2023\/03\/IMG_1438-1024x1536.jpg 1024w, https:\/\/www.quintaoficina.pt\/wp-content\/uploads\/2023\/03\/IMG_1438-1365x2048.jpg 1365w, https:\/\/www.quintaoficina.pt\/wp-content\/uploads\/2023\/03\/IMG_1438-scaled.jpg 1707w\" sizes=\"auto, (max-width: 683px) 100vw, 683px\" \/><\/figure>\n<figcaption class=\"blocks-gallery-caption wp-element-caption\">FOTO DE PAULA MAGALH\u00c3ES<br>Participaram 38 pessoas<\/figcaption><\/figure>\n\n\n\n<p><\/p>\n\n\n\n<figure class=\"wp-block-image size-large\"><img loading=\"lazy\" decoding=\"async\" width=\"724\" height=\"1024\" src=\"https:\/\/www.quintaoficina.pt\/wp-content\/uploads\/2023\/01\/CartazGinasioMusicalBitocas_baixa-724x1024.jpg\" alt=\"\" class=\"wp-image-3023\" srcset=\"https:\/\/www.quintaoficina.pt\/wp-content\/uploads\/2023\/01\/CartazGinasioMusicalBitocas_baixa-724x1024.jpg 724w, https:\/\/www.quintaoficina.pt\/wp-content\/uploads\/2023\/01\/CartazGinasioMusicalBitocas_baixa-212x300.jpg 212w, https:\/\/www.quintaoficina.pt\/wp-content\/uploads\/2023\/01\/CartazGinasioMusicalBitocas_baixa-768x1086.jpg 768w, https:\/\/www.quintaoficina.pt\/wp-content\/uploads\/2023\/01\/CartazGinasioMusicalBitocas_baixa-1086x1536.jpg 1086w, https:\/\/www.quintaoficina.pt\/wp-content\/uploads\/2023\/01\/CartazGinasioMusicalBitocas_baixa-1448x2048.jpg 1448w, https:\/\/www.quintaoficina.pt\/wp-content\/uploads\/2023\/01\/CartazGinasioMusicalBitocas_baixa-scaled.jpg 1810w\" sizes=\"auto, (max-width: 724px) 100vw, 724px\" \/><\/figure>\n\n\n\n<p><strong>Bitocas Fernandes<br><\/strong><br>Facilitador criativo, pedagogo e criador de contextos de aprendizagem em intera\u00e7\u00e3o l\u00fadica. M\u00fasico experimentalista, criador de jogos performativos e pesquisador sobre a improvisa\u00e7\u00e3o, o jogo, a inter-disciplinaridade e a criatividade.<\/p>\n\n\n\n<div data-wp-interactive=\"core\/file\" class=\"wp-block-file\"><object data-wp-bind--hidden=\"!state.hasPdfPreview\" hidden class=\"wp-block-file__embed\" data=\"https:\/\/www.quintaoficina.pt\/wp-content\/uploads\/2022\/12\/O-Jogo-Aberto-Apresentacao.pdf\" type=\"application\/pdf\" style=\"width:100%;height:600px\" aria-label=\"Incorpora\u00e7\u00e3o de &lt;br&gt;O-Jogo-Aberto-Apresentacao.\"><\/object><a id=\"wp-block-file--media-12eca7ce-ded8-42b2-8c74-547c932b29d9\" href=\"https:\/\/www.quintaoficina.pt\/wp-content\/uploads\/2022\/12\/O-Jogo-Aberto-Apresentacao.pdf\"><br>O-Jogo-Aberto-Apresentacao<\/a><a href=\"https:\/\/www.quintaoficina.pt\/wp-content\/uploads\/2022\/12\/O-Jogo-Aberto-Apresentacao.pdf\" class=\"wp-block-file__button wp-element-button\" download aria-describedby=\"wp-block-file--media-12eca7ce-ded8-42b2-8c74-547c932b29d9\">Descarregar<\/a><\/div>\n\n\n\n<p><br><strong>P\u00fablico-Alvo<\/strong>: Jovens e adultos. Prioridade para performers (m\u00fasicos, atores, bailarinos, etc), professores, educadores, animadores, l\u00edderes de grupos e curiosos, pastores&nbsp;e trauteadores.<br><strong>Dura\u00e7\u00e3o<\/strong>:&nbsp;2 horas<br>GRATUITO, MEDIANTE INSCRI\u00c7\u00c3O!<br><strong>Inscri\u00e7\u00f5es<\/strong>: <a rel=\"noreferrer noopener\" href=\"mailto:vitoscar@gmail.com\" target=\"_blank\">vitoscar@gmail.com<\/a><\/p>\n\n\n\n<p>Vitor \u00d3scar Seabra David Fernandes, nascido a 3 de Janeiro de 1968 em \u00c1gueda.<\/p>\n\n\n\n<div data-wp-interactive=\"core\/file\" class=\"wp-block-file\"><object data-wp-bind--hidden=\"!state.hasPdfPreview\" hidden class=\"wp-block-file__embed\" data=\"https:\/\/www.quintaoficina.pt\/wp-content\/uploads\/2023\/01\/Curriculum-Vitae-Bitocas-Fernandes.pdf\" type=\"application\/pdf\" style=\"width:100%;height:600px\" aria-label=\"Incorpora\u00e7\u00e3o de Curriculum-Vitae-Bitocas-Fernandes.\"><\/object><a id=\"wp-block-file--media-ec43efc5-c553-43f9-b3b4-30961fedbfbc\" href=\"https:\/\/www.quintaoficina.pt\/wp-content\/uploads\/2023\/01\/Curriculum-Vitae-Bitocas-Fernandes.pdf\">Curriculum-Vitae-Bitocas-Fernandes<\/a><a href=\"https:\/\/www.quintaoficina.pt\/wp-content\/uploads\/2023\/01\/Curriculum-Vitae-Bitocas-Fernandes.pdf\" class=\"wp-block-file__button wp-element-button\" download aria-describedby=\"wp-block-file--media-ec43efc5-c553-43f9-b3b4-30961fedbfbc\">Descarregar<\/a><\/div>\n\n\n\n<p><br><br>http:\/\/ojogoaberto.blogspot.com<br>http:\/\/facebook\/bitocas1<\/p>\n\n\n\n<p><br><\/p>\n\n\n\n<p>LINK para trajecto de VISEU &gt;&gt;&gt; QUINTA OFICINA:<br><a rel=\"noreferrer noopener\" href=\"https:\/\/goo.gl\/maps\/XavGPo9917dWu2JS9\" target=\"_blank\">https:\/\/goo.gl\/maps\/XavGPo9917dWu2JS9https:\/\/goo.gl\/maps\/XavGPo9917dWu2JS9<\/a><\/p>\n\n\n\n<p>Largo das Figueiras n1, Tarva \u2013 Mosteirinho. 3510-584 Coutos de Viseu<\/p>\n\n\n\n<p><br><br>Uma atividade inserida no MOST\u201922 \u2013 Programa\u00e7\u00e3o internacional de media\u00e7\u00e3o art\u00edstica em meio rural. Uma iniciativa apoiada pelo Munic\u00edpio de Viseu e financiada pelo EixoCultura<\/p>\n\n\n\n<figure class=\"wp-block-image size-large\"><img loading=\"lazy\" decoding=\"async\" width=\"1024\" height=\"211\" src=\"https:\/\/www.quintaoficina.pt\/wp-content\/uploads\/2023\/01\/Captura-de-ecra-2023-01-22-as-01.04.25-1024x211.png\" alt=\"\" class=\"wp-image-3011\" srcset=\"https:\/\/www.quintaoficina.pt\/wp-content\/uploads\/2023\/01\/Captura-de-ecra-2023-01-22-as-01.04.25-1024x211.png 1024w, https:\/\/www.quintaoficina.pt\/wp-content\/uploads\/2023\/01\/Captura-de-ecra-2023-01-22-as-01.04.25-300x62.png 300w, https:\/\/www.quintaoficina.pt\/wp-content\/uploads\/2023\/01\/Captura-de-ecra-2023-01-22-as-01.04.25-768x158.png 768w, https:\/\/www.quintaoficina.pt\/wp-content\/uploads\/2023\/01\/Captura-de-ecra-2023-01-22-as-01.04.25-1536x316.png 1536w, https:\/\/www.quintaoficina.pt\/wp-content\/uploads\/2023\/01\/Captura-de-ecra-2023-01-22-as-01.04.25-2048x422.png 2048w\" sizes=\"auto, (max-width: 767px) 89vw, (max-width: 1000px) 54vw, (max-width: 1071px) 543px, 580px\" \/><\/figure>\n","protected":false},"excerpt":{"rendered":"<p>12 de Janeiro \u2013\u00a0com BitOcas Fernandes (esteve em resid\u00eancia na 5\u00aaOficina) Bitocas FernandesFacilitador criativo, pedagogo e criador de contextos de aprendizagem em intera\u00e7\u00e3o l\u00fadica. M\u00fasico experimentalista, criador de jogos performativos e pesquisador sobre a improvisa\u00e7\u00e3o, o jogo, a inter-disciplinaridade e a criatividade. P\u00fablico-Alvo: Jovens e adultos. Prioridade para performers (m\u00fasicos, atores, bailarinos, etc), professores, educadores, &hellip; <\/p>\n<p class=\"link-more\"><a href=\"https:\/\/www.quintaoficina.pt\/index.php\/ginasio-musical\/\" class=\"more-link\">Continuar a ler <span class=\"screen-reader-text\">&#8220;GIN\u00c1SIO MUSICAL&#8221;<\/span><\/a><\/p>\n","protected":false},"author":1,"featured_media":0,"parent":0,"menu_order":0,"comment_status":"closed","ping_status":"closed","template":"template-full-width.php","meta":{"footnotes":""},"class_list":["post-2778","page","type-page","status-publish","hentry"],"_links":{"self":[{"href":"https:\/\/www.quintaoficina.pt\/index.php\/wp-json\/wp\/v2\/pages\/2778","targetHints":{"allow":["GET"]}}],"collection":[{"href":"https:\/\/www.quintaoficina.pt\/index.php\/wp-json\/wp\/v2\/pages"}],"about":[{"href":"https:\/\/www.quintaoficina.pt\/index.php\/wp-json\/wp\/v2\/types\/page"}],"author":[{"embeddable":true,"href":"https:\/\/www.quintaoficina.pt\/index.php\/wp-json\/wp\/v2\/users\/1"}],"replies":[{"embeddable":true,"href":"https:\/\/www.quintaoficina.pt\/index.php\/wp-json\/wp\/v2\/comments?post=2778"}],"version-history":[{"count":13,"href":"https:\/\/www.quintaoficina.pt\/index.php\/wp-json\/wp\/v2\/pages\/2778\/revisions"}],"predecessor-version":[{"id":3296,"href":"https:\/\/www.quintaoficina.pt\/index.php\/wp-json\/wp\/v2\/pages\/2778\/revisions\/3296"}],"wp:attachment":[{"href":"https:\/\/www.quintaoficina.pt\/index.php\/wp-json\/wp\/v2\/media?parent=2778"}],"curies":[{"name":"wp","href":"https:\/\/api.w.org\/{rel}","templated":true}]}}