{"id":3373,"date":"2023-05-28T12:44:41","date_gmt":"2023-05-28T11:44:41","guid":{"rendered":"https:\/\/www.quintaoficina.pt\/?page_id=3373"},"modified":"2023-06-16T20:37:28","modified_gmt":"2023-06-16T19:37:28","slug":"o-caderno-de-darwin","status":"publish","type":"page","link":"https:\/\/www.quintaoficina.pt\/index.php\/teatro-animacao\/o-caderno-de-darwin\/","title":{"rendered":"O Caderno de Darwin"},"content":{"rendered":"\n<figure class=\"wp-block-image size-large\"><img loading=\"lazy\" decoding=\"async\" width=\"724\" height=\"1024\" src=\"https:\/\/www.quintaoficina.pt\/wp-content\/uploads\/2023\/06\/OCadernodeDarwin-03-1-724x1024.jpg\" alt=\"\" class=\"wp-image-3444\" srcset=\"https:\/\/www.quintaoficina.pt\/wp-content\/uploads\/2023\/06\/OCadernodeDarwin-03-1-724x1024.jpg 724w, https:\/\/www.quintaoficina.pt\/wp-content\/uploads\/2023\/06\/OCadernodeDarwin-03-1-212x300.jpg 212w, https:\/\/www.quintaoficina.pt\/wp-content\/uploads\/2023\/06\/OCadernodeDarwin-03-1-768x1086.jpg 768w, https:\/\/www.quintaoficina.pt\/wp-content\/uploads\/2023\/06\/OCadernodeDarwin-03-1-1086x1536.jpg 1086w, https:\/\/www.quintaoficina.pt\/wp-content\/uploads\/2023\/06\/OCadernodeDarwin-03-1-1448x2048.jpg 1448w, https:\/\/www.quintaoficina.pt\/wp-content\/uploads\/2023\/06\/OCadernodeDarwin-03-1-scaled.jpg 1810w\" sizes=\"auto, (max-width: 724px) 100vw, 724px\" \/><\/figure>\n\n\n\n<figure class=\"wp-block-gallery has-nested-images columns-2 is-cropped wp-block-gallery-1 is-layout-flex wp-block-gallery-is-layout-flex\">\n<figure class=\"wp-block-image size-large\"><img loading=\"lazy\" decoding=\"async\" width=\"577\" height=\"1024\" data-id=\"3438\" src=\"https:\/\/www.quintaoficina.pt\/wp-content\/uploads\/2023\/06\/WhatsApp-Image-2023-05-30-at-19.30.44-1-577x1024.jpeg\" alt=\"\" class=\"wp-image-3438\" srcset=\"https:\/\/www.quintaoficina.pt\/wp-content\/uploads\/2023\/06\/WhatsApp-Image-2023-05-30-at-19.30.44-1-577x1024.jpeg 577w, https:\/\/www.quintaoficina.pt\/wp-content\/uploads\/2023\/06\/WhatsApp-Image-2023-05-30-at-19.30.44-1-169x300.jpeg 169w, https:\/\/www.quintaoficina.pt\/wp-content\/uploads\/2023\/06\/WhatsApp-Image-2023-05-30-at-19.30.44-1-768x1364.jpeg 768w, https:\/\/www.quintaoficina.pt\/wp-content\/uploads\/2023\/06\/WhatsApp-Image-2023-05-30-at-19.30.44-1-865x1536.jpeg 865w, https:\/\/www.quintaoficina.pt\/wp-content\/uploads\/2023\/06\/WhatsApp-Image-2023-05-30-at-19.30.44-1.jpeg 1126w\" sizes=\"auto, (max-width: 577px) 100vw, 577px\" \/><\/figure>\n\n\n\n<figure class=\"wp-block-image size-large\"><img loading=\"lazy\" decoding=\"async\" width=\"577\" height=\"1024\" data-id=\"3437\" src=\"https:\/\/www.quintaoficina.pt\/wp-content\/uploads\/2023\/06\/WhatsApp-Image-2023-05-30-at-19.30.45-1-577x1024.jpeg\" alt=\"\" class=\"wp-image-3437\" srcset=\"https:\/\/www.quintaoficina.pt\/wp-content\/uploads\/2023\/06\/WhatsApp-Image-2023-05-30-at-19.30.45-1-577x1024.jpeg 577w, https:\/\/www.quintaoficina.pt\/wp-content\/uploads\/2023\/06\/WhatsApp-Image-2023-05-30-at-19.30.45-1-169x300.jpeg 169w, https:\/\/www.quintaoficina.pt\/wp-content\/uploads\/2023\/06\/WhatsApp-Image-2023-05-30-at-19.30.45-1-768x1364.jpeg 768w, https:\/\/www.quintaoficina.pt\/wp-content\/uploads\/2023\/06\/WhatsApp-Image-2023-05-30-at-19.30.45-1-865x1536.jpeg 865w, https:\/\/www.quintaoficina.pt\/wp-content\/uploads\/2023\/06\/WhatsApp-Image-2023-05-30-at-19.30.45-1.jpeg 1126w\" sizes=\"auto, (max-width: 577px) 100vw, 577px\" \/><\/figure>\n\n\n\n<figure class=\"wp-block-image size-large\"><img loading=\"lazy\" decoding=\"async\" width=\"577\" height=\"1024\" data-id=\"3436\" src=\"https:\/\/www.quintaoficina.pt\/wp-content\/uploads\/2023\/06\/WhatsApp-Image-2023-05-30-at-19.30.45-2-577x1024.jpeg\" alt=\"\" class=\"wp-image-3436\" srcset=\"https:\/\/www.quintaoficina.pt\/wp-content\/uploads\/2023\/06\/WhatsApp-Image-2023-05-30-at-19.30.45-2-577x1024.jpeg 577w, https:\/\/www.quintaoficina.pt\/wp-content\/uploads\/2023\/06\/WhatsApp-Image-2023-05-30-at-19.30.45-2-169x300.jpeg 169w, https:\/\/www.quintaoficina.pt\/wp-content\/uploads\/2023\/06\/WhatsApp-Image-2023-05-30-at-19.30.45-2-768x1364.jpeg 768w, https:\/\/www.quintaoficina.pt\/wp-content\/uploads\/2023\/06\/WhatsApp-Image-2023-05-30-at-19.30.45-2-865x1536.jpeg 865w, https:\/\/www.quintaoficina.pt\/wp-content\/uploads\/2023\/06\/WhatsApp-Image-2023-05-30-at-19.30.45-2.jpeg 1126w\" sizes=\"auto, (max-width: 577px) 100vw, 577px\" \/><\/figure>\n\n\n\n<figure class=\"wp-block-image size-large\"><img loading=\"lazy\" decoding=\"async\" width=\"577\" height=\"1024\" data-id=\"3440\" src=\"https:\/\/www.quintaoficina.pt\/wp-content\/uploads\/2023\/06\/WhatsApp-Image-2023-05-30-at-19.30.45-4-577x1024.jpeg\" alt=\"\" class=\"wp-image-3440\" srcset=\"https:\/\/www.quintaoficina.pt\/wp-content\/uploads\/2023\/06\/WhatsApp-Image-2023-05-30-at-19.30.45-4-577x1024.jpeg 577w, https:\/\/www.quintaoficina.pt\/wp-content\/uploads\/2023\/06\/WhatsApp-Image-2023-05-30-at-19.30.45-4-169x300.jpeg 169w, https:\/\/www.quintaoficina.pt\/wp-content\/uploads\/2023\/06\/WhatsApp-Image-2023-05-30-at-19.30.45-4-768x1364.jpeg 768w, https:\/\/www.quintaoficina.pt\/wp-content\/uploads\/2023\/06\/WhatsApp-Image-2023-05-30-at-19.30.45-4-865x1536.jpeg 865w, https:\/\/www.quintaoficina.pt\/wp-content\/uploads\/2023\/06\/WhatsApp-Image-2023-05-30-at-19.30.45-4.jpeg 1126w\" sizes=\"auto, (max-width: 577px) 100vw, 577px\" \/><\/figure>\n\n\n\n<figure class=\"wp-block-image size-large\"><img loading=\"lazy\" decoding=\"async\" width=\"950\" height=\"1024\" data-id=\"3441\" src=\"https:\/\/www.quintaoficina.pt\/wp-content\/uploads\/2023\/06\/WhatsApp-Image-2023-05-30-at-19.30.46-4-950x1024.jpeg\" alt=\"\" class=\"wp-image-3441\" srcset=\"https:\/\/www.quintaoficina.pt\/wp-content\/uploads\/2023\/06\/WhatsApp-Image-2023-05-30-at-19.30.46-4-950x1024.jpeg 950w, https:\/\/www.quintaoficina.pt\/wp-content\/uploads\/2023\/06\/WhatsApp-Image-2023-05-30-at-19.30.46-4-278x300.jpeg 278w, https:\/\/www.quintaoficina.pt\/wp-content\/uploads\/2023\/06\/WhatsApp-Image-2023-05-30-at-19.30.46-4-768x828.jpeg 768w, https:\/\/www.quintaoficina.pt\/wp-content\/uploads\/2023\/06\/WhatsApp-Image-2023-05-30-at-19.30.46-4.jpeg 1126w\" sizes=\"auto, (max-width: 767px) 89vw, (max-width: 1000px) 54vw, (max-width: 1071px) 543px, 580px\" \/><\/figure>\n\n\n\n<figure class=\"wp-block-image size-large\"><img loading=\"lazy\" decoding=\"async\" width=\"620\" height=\"1024\" data-id=\"3442\" src=\"https:\/\/www.quintaoficina.pt\/wp-content\/uploads\/2023\/06\/WhatsApp-Image-2023-05-30-at-19.30.46-620x1024.jpeg\" alt=\"\" class=\"wp-image-3442\" srcset=\"https:\/\/www.quintaoficina.pt\/wp-content\/uploads\/2023\/06\/WhatsApp-Image-2023-05-30-at-19.30.46-620x1024.jpeg 620w, https:\/\/www.quintaoficina.pt\/wp-content\/uploads\/2023\/06\/WhatsApp-Image-2023-05-30-at-19.30.46-182x300.jpeg 182w, https:\/\/www.quintaoficina.pt\/wp-content\/uploads\/2023\/06\/WhatsApp-Image-2023-05-30-at-19.30.46-768x1269.jpeg 768w, https:\/\/www.quintaoficina.pt\/wp-content\/uploads\/2023\/06\/WhatsApp-Image-2023-05-30-at-19.30.46.jpeg 890w\" sizes=\"auto, (max-width: 620px) 100vw, 620px\" \/><\/figure>\n<\/figure>\n\n\n\n<h2 class=\"wp-block-heading\">Workshop e Anima\u00e7\u00e3o Teatral com circuito de (re)interpreta\u00e7\u00e3o da Natureza, atrav\u00e9s do humor, da express\u00e3o pl\u00e1stica, dram\u00e1tica e corporal.<\/h2>\n","protected":false},"excerpt":{"rendered":"<p>Workshop e Anima\u00e7\u00e3o Teatral com circuito de (re)interpreta\u00e7\u00e3o da Natureza, atrav\u00e9s do humor, da express\u00e3o pl\u00e1stica, dram\u00e1tica e corporal.<\/p>\n","protected":false},"author":1,"featured_media":0,"parent":421,"menu_order":0,"comment_status":"closed","ping_status":"closed","template":"template-full-width.php","meta":{"footnotes":""},"class_list":["post-3373","page","type-page","status-publish","hentry"],"_links":{"self":[{"href":"https:\/\/www.quintaoficina.pt\/index.php\/wp-json\/wp\/v2\/pages\/3373","targetHints":{"allow":["GET"]}}],"collection":[{"href":"https:\/\/www.quintaoficina.pt\/index.php\/wp-json\/wp\/v2\/pages"}],"about":[{"href":"https:\/\/www.quintaoficina.pt\/index.php\/wp-json\/wp\/v2\/types\/page"}],"author":[{"embeddable":true,"href":"https:\/\/www.quintaoficina.pt\/index.php\/wp-json\/wp\/v2\/users\/1"}],"replies":[{"embeddable":true,"href":"https:\/\/www.quintaoficina.pt\/index.php\/wp-json\/wp\/v2\/comments?post=3373"}],"version-history":[{"count":4,"href":"https:\/\/www.quintaoficina.pt\/index.php\/wp-json\/wp\/v2\/pages\/3373\/revisions"}],"predecessor-version":[{"id":3446,"href":"https:\/\/www.quintaoficina.pt\/index.php\/wp-json\/wp\/v2\/pages\/3373\/revisions\/3446"}],"up":[{"embeddable":true,"href":"https:\/\/www.quintaoficina.pt\/index.php\/wp-json\/wp\/v2\/pages\/421"}],"wp:attachment":[{"href":"https:\/\/www.quintaoficina.pt\/index.php\/wp-json\/wp\/v2\/media?parent=3373"}],"curies":[{"name":"wp","href":"https:\/\/api.w.org\/{rel}","templated":true}]}}