{"id":3453,"date":"2023-06-19T14:47:37","date_gmt":"2023-06-19T13:47:37","guid":{"rendered":"https:\/\/www.quintaoficina.pt\/?page_id=3453"},"modified":"2023-10-13T10:30:52","modified_gmt":"2023-10-13T09:30:52","slug":"regeneracao-social","status":"publish","type":"page","link":"https:\/\/www.quintaoficina.pt\/index.php\/regeneracao-social\/","title":{"rendered":"REGENERA\u00c7\u00c3O SOCIAL"},"content":{"rendered":"\n<p>Workshop com <strong>Filipa Pimentel<\/strong> dia 27 de Agosto \u00e0s 15h no Mosteirinho dos Coutos de Viseu<\/p>\n\n\n\n<figure class=\"wp-block-gallery has-nested-images columns-1 wp-block-gallery-1 is-layout-flex wp-block-gallery-is-layout-flex\">\n<figure class=\"wp-block-image size-large\"><img loading=\"lazy\" decoding=\"async\" width=\"1024\" height=\"684\" data-id=\"3902\" src=\"https:\/\/www.quintaoficina.pt\/wp-content\/uploads\/2023\/10\/Regeneracao-social-Filipa-Pimentel-13_baixa-1024x684.jpg\" alt=\"\" class=\"wp-image-3902\" srcset=\"https:\/\/www.quintaoficina.pt\/wp-content\/uploads\/2023\/10\/Regeneracao-social-Filipa-Pimentel-13_baixa-1024x684.jpg 1024w, https:\/\/www.quintaoficina.pt\/wp-content\/uploads\/2023\/10\/Regeneracao-social-Filipa-Pimentel-13_baixa-300x201.jpg 300w, https:\/\/www.quintaoficina.pt\/wp-content\/uploads\/2023\/10\/Regeneracao-social-Filipa-Pimentel-13_baixa-768x513.jpg 768w, https:\/\/www.quintaoficina.pt\/wp-content\/uploads\/2023\/10\/Regeneracao-social-Filipa-Pimentel-13_baixa.jpg 1125w\" sizes=\"auto, (max-width: 767px) 89vw, (max-width: 1000px) 54vw, (max-width: 1071px) 543px, 580px\" \/><\/figure>\n\n\n\n<figure class=\"wp-block-image size-large\"><img loading=\"lazy\" decoding=\"async\" width=\"750\" height=\"500\" data-id=\"3901\" src=\"https:\/\/www.quintaoficina.pt\/wp-content\/uploads\/2023\/10\/Regeneracao-social-Filipa-Pimentel-93baixa.jpg\" alt=\"\" class=\"wp-image-3901\" srcset=\"https:\/\/www.quintaoficina.pt\/wp-content\/uploads\/2023\/10\/Regeneracao-social-Filipa-Pimentel-93baixa.jpg 750w, https:\/\/www.quintaoficina.pt\/wp-content\/uploads\/2023\/10\/Regeneracao-social-Filipa-Pimentel-93baixa-300x200.jpg 300w\" sizes=\"auto, (max-width: 706px) 89vw, (max-width: 767px) 82vw, 740px\" \/><\/figure>\n<figcaption class=\"blocks-gallery-caption wp-element-caption\">Fotos \u00a9 Filipa \u00c1vila<\/figcaption><\/figure>\n\n\n\n<figure class=\"wp-block-image size-large\"><img loading=\"lazy\" decoding=\"async\" width=\"724\" height=\"1024\" src=\"https:\/\/www.quintaoficina.pt\/wp-content\/uploads\/2023\/08\/Cartaz_RegeneracaoSocial-03-03-724x1024.jpg\" alt=\"\" class=\"wp-image-3677\" srcset=\"https:\/\/www.quintaoficina.pt\/wp-content\/uploads\/2023\/08\/Cartaz_RegeneracaoSocial-03-03-724x1024.jpg 724w, https:\/\/www.quintaoficina.pt\/wp-content\/uploads\/2023\/08\/Cartaz_RegeneracaoSocial-03-03-212x300.jpg 212w, https:\/\/www.quintaoficina.pt\/wp-content\/uploads\/2023\/08\/Cartaz_RegeneracaoSocial-03-03-768x1086.jpg 768w, https:\/\/www.quintaoficina.pt\/wp-content\/uploads\/2023\/08\/Cartaz_RegeneracaoSocial-03-03-1086x1536.jpg 1086w, https:\/\/www.quintaoficina.pt\/wp-content\/uploads\/2023\/08\/Cartaz_RegeneracaoSocial-03-03-1448x2048.jpg 1448w, https:\/\/www.quintaoficina.pt\/wp-content\/uploads\/2023\/08\/Cartaz_RegeneracaoSocial-03-03-scaled.jpg 1810w\" sizes=\"auto, (max-width: 724px) 100vw, 724px\" \/><\/figure>\n\n\n\n<h2 class=\"wp-block-heading\"><em>\u201c<strong>N\u00e3o se pode resolver os problemas utilizando o mesmo tipo de pensamento que usamos quando os criamos<\/strong>.\u201d \u2013 Albert Einstein<\/em><\/h2>\n\n\n\n<p>Hoje enfrentamos uma converg\u00eancia de crises crescentes e interligadas &#8211; ambientais, econ\u00f3micas e sociais . Todos os dias, \u00e0 medida que essas crises se aceleram, a capacidade de enfrent\u00e1-las de forma significativa parece diminuir.&nbsp;<\/p>\n\n\n\n<p>Essas crises aumentam e aprofundam-se em todas as escalas \u2013 global, regional, nacional, local. Os impactos dessas crises fazem-se sentir de in\u00fameras maneiras, tanto nas nossas estruturas econ\u00f3micas, sociais e governamentais, nas nossas comunidades, nas nossas culturas, e em n\u00f3s mesmos &#8211; nos nossos corpos, nas nossas mentes, nos nossos cora\u00e7\u00f5es e nos nossos esp\u00edritos.<\/p>\n\n\n\n<p>E assim enfrentamos um momento evolutivo: ou nos mantemos nesta espiral destrutiva, na l\u00f3gica deste sistema vigente; ou agarramos uma oportunidade de transcend\u00ea-lo,&nbsp; adaptando novas capacidades e comportamentos. Para responder de forma eficaz, contribuindo para uma verdadeira mudan\u00e7a e para a regenera\u00e7\u00e3o sist\u00e9mica, precisamos de uma abordagem totalmente diferente.<\/p>\n\n\n\n<p><strong>Com este workshop<\/strong> pretende-se oferecer uma abordagem sist\u00e9mica com base nas experi\u00eancias do Movimento de Transi\u00e7\u00e3o, com grupos e comunidades de todo o mundo, e bebendo de muitas outras fontes de inova\u00e7\u00e3o social. Esta abordagem far-se-\u00e1 atrav\u00e9s da perspectiva da <strong>\u201cintelig\u00eancia coletiva\u201d &#8211; Como \u00e9 que a intelig\u00eancia coletiva pode ajudar a mudar o mundo?<\/strong><\/p>\n\n\n\n<p>Vamos refletir e experimentar uma nova forma de ver as coisas. Dependendo do interesse do grupo, vamos experimentar v\u00e1rios exemplos de um conjunto de processos e pr\u00e1ticas, que podem ser adotados por qualquer pessoa ou grupo, seja um indiv\u00edduo, uma fam\u00edlia, uma empresa ou uma organiza\u00e7\u00e3o que queira quebrar padr\u00f5es que nos bloqueiam num sistema que queremos mudar.<\/p>\n\n\n<div class=\"wp-block-image\">\n<figure class=\"aligncenter size-full\"><img loading=\"lazy\" decoding=\"async\" width=\"438\" height=\"438\" src=\"https:\/\/www.quintaoficina.pt\/wp-content\/uploads\/2023\/08\/img_20201025_151442_868.jpg.webp\" alt=\"\" class=\"wp-image-3630\" srcset=\"https:\/\/www.quintaoficina.pt\/wp-content\/uploads\/2023\/08\/img_20201025_151442_868.jpg.webp 438w, https:\/\/www.quintaoficina.pt\/wp-content\/uploads\/2023\/08\/img_20201025_151442_868.jpg-300x300.webp 300w, https:\/\/www.quintaoficina.pt\/wp-content\/uploads\/2023\/08\/img_20201025_151442_868.jpg-150x150.webp 150w, https:\/\/www.quintaoficina.pt\/wp-content\/uploads\/2023\/08\/img_20201025_151442_868.jpg-100x100.webp 100w\" sizes=\"auto, (max-width: 438px) 100vw, 438px\" \/><\/figure>\n<\/div>\n\n\n<p>Filipa \u00e9 a m\u00e3e da Catarina e da Isabel e tia \u2018posti\u00e7a\u2019 de um ror de outras crian\u00e7as e adolescentes.<br>Vive em Bruxelas desde o ano 2000, mantendo ra\u00edzes bem vivas e profundas em Portugal. Neste momento, divide o seu tempo entre B\u00e9lgica e Viseu.<br>\u00c9 licenciada em Engenharia Florestal, com especializa\u00e7\u00e3o em Gest\u00e3o de Recursos Naturais pelo Instituto Superior de Agronomia. Come\u00e7ou por trabalhar como investigadora na \u00e1rea de Ecologia Florestal, no Instituto Superior de Agronomia. J\u00e1 em Bruxelas, trabalhou como conselheira pol\u00edtica na \u00e1rea de sustentabilidade,&nbsp;passando por v\u00e1rias Institui\u00e7\u00f5es Europeias e noutras organiza\u00e7\u00f5es n\u00e3o-governamentais. O contacto com o Movimento de Transi\u00e7\u00e3o inspirou uma mudan\u00e7a profunda na sua vida: despediu-se do trabalho que tinha nas Institui\u00e7oes Europeias e dedicou-se totalmente ao ativismo de regenera\u00e7ao social\/ambiental.<br>Neste momento, tem um papel de lideran\u00e7a na <a rel=\"noreferrer noopener\" href=\"https:\/\/transitionnetwork.org\/\" target=\"_blank\">Transition Network<\/a>, coordenando a Rede Internacional de Transi\u00e7\u00e3o, explorando com pessoas de todo o mundo como desenvolver infraestruturas sociais, cultura colaborativa e novas formas lideran\u00e7a capazes de apoiar um movimento que tem a miss\u00e3o de contribuir para uma profunda mudan\u00e7a social. Tem tamb\u00e9m o papel de representar o movimento de Transi\u00e7\u00e3o junto \u00e0s Institui\u00e7\u00f5es da Uni\u00e3o Europeia.<br>Foi cofundadora da Iniciativa de Transi\u00e7\u00e3o de Portalegre e foi iniciadora da&nbsp;<a rel=\"noreferrer noopener\" href=\"http:\/\/www.ajudada.org\/pt\/default.html\" target=\"_blank\">AJUDADA<\/a>, um evento internacional experimental na \u00e1rea de ac\u00e7\u00e3o comunit\u00e1ria no tema da Economia da D\u00e1diva<br>\u00c9 formada no m\u00e9todo de governan\u00e7a partilhada da&nbsp;<a rel=\"noreferrer noopener\" href=\"https:\/\/universite-du-nous.org\/\" target=\"_blank\">Universit\u00e9 du Nous<\/a>&nbsp;e da&nbsp;<a rel=\"noreferrer noopener\" href=\"https:\/\/www.sociocracyforall.org\/\" target=\"_blank\">Sociocracy for All<\/a>&nbsp;e teve forma\u00e7\u00e3o de facilitadores pela&nbsp;<a rel=\"noreferrer noopener\" href=\"https:\/\/www.prosocial.world\/\" target=\"_blank\">Prosocial.world<\/a>. \u00c9 formadora de m\u00e9todos de intelig\u00eancia colectiva e da metodologia de Transi\u00e7\u00e3o.<\/p>\n\n\n\n<p><strong>Alguns links:<br><\/strong><a rel=\"noreferrer noopener\" href=\"https:\/\/transitionnetwork.org\/\" target=\"_blank\">https:\/\/transitionnetwork.org\/<br><\/a><a rel=\"noreferrer noopener\" href=\"http:\/\/www.ajudada.org\/pt\/default.html\" target=\"_blank\">http:\/\/www.ajudada.org\/pt\/default.html<br><\/a><a rel=\"noreferrer noopener\" href=\"https:\/\/universite-du-nous.org\/\" target=\"_blank\">https:\/\/universite-du-nous.org\/<br><\/a><a rel=\"noreferrer noopener\" href=\"https:\/\/www.sociocracyforall.org\/\" target=\"_blank\">https:\/\/www.sociocracyforall.org\/<br><\/a><a rel=\"noreferrer noopener\" href=\"https:\/\/www.prosocial.world\/\" target=\"_blank\">https:\/\/www.prosocial.world\/<\/a><\/p>\n\n\n\n<p>Para maiores de 12 anos<br>Das 15h \u00e0s 17h30<br>1\u20ac, ou 1Kg de fruta da \u00e9poca<br><strong>Inscri\u00e7\u00e3o obrigat\u00f3ria<\/strong> pelo endere\u00e7o de email: <strong><em>filipapimentel@transitionnetwork.org<\/em><\/strong><\/p>\n\n\n\n<p><strong>DESAFIO aos participantes<\/strong>:<br>Porque este workshop nos convida a imaginar um mundo onde as coisas se fazem de forma diferente, e porque podemos j\u00e1 come\u00e7ar o processo de experimenta\u00e7\u00e3o, aqui vai um desafio:<br>\u2026<strong>Imaginemos que os participantes desta actividade se deslocam \u00e0 5\u00aa Oficina de forma diferente: uma forma que combinasse com o mundo regenerado onde ansiamos viver\u2026<\/strong><br>\u2026Desafio-vos agora a p\u00f4r em pr\u00e1tica!<br>Desafio-vos a procurar a integridade ambiental, o activismo colectivo, a colabora\u00e7\u00e3o e, sobretudo, a loucura saud\u00e1vel que todos temos dentro &#8211; a criatividade e a felicidade transbordante ser\u00e1 premiada &#8211; um pastel de nata para quem jogar o jogo!<\/p>\n\n\n\n<p>COMO CHEGAR?<br><a rel=\"noreferrer noopener\" href=\"https:\/\/goo.gl\/maps\/MVRK5RPBRJ4zddZD6\" target=\"_blank\">Localiza\u00e7\u00e3o&nbsp;GoogleMaps<\/a><em>&nbsp;<\/em><a rel=\"noreferrer noopener\" href=\"https:\/\/goo.gl\/maps\/MVRK5RPBRJ4zddZD6\" target=\"_blank\"><strong>AQUI<\/strong><\/a><br>https:\/\/goo.gl\/maps\/MVRK5RPBRJ4zddZD6<\/p>\n\n\n\n<p><strong>Quer FAZER DIFERENTE?<\/strong><br>&#8211; Transportes p\u00fablicos\u2026 n\u00e3o, no domingo n\u00e3o h\u00e1\u2026<br>&#8211; Bicicleta, triciclo, trotinete, patins, carrinho de m\u00e3o e outros que tais: temos a Ecopista do D\u00e3o mesmo ao ali ao lado da 5\u00aa Oficina!<\/p>\n\n\n\n<figure class=\"wp-block-image size-full\"><img loading=\"lazy\" decoding=\"async\" width=\"1024\" height=\"768\" src=\"https:\/\/www.quintaoficina.pt\/wp-content\/uploads\/2023\/08\/Mapa.jpeg\" alt=\"\" class=\"wp-image-3688\" srcset=\"https:\/\/www.quintaoficina.pt\/wp-content\/uploads\/2023\/08\/Mapa.jpeg 1024w, https:\/\/www.quintaoficina.pt\/wp-content\/uploads\/2023\/08\/Mapa-300x225.jpeg 300w, https:\/\/www.quintaoficina.pt\/wp-content\/uploads\/2023\/08\/Mapa-768x576.jpeg 768w\" sizes=\"auto, (max-width: 767px) 89vw, (max-width: 1000px) 54vw, (max-width: 1071px) 543px, 580px\" \/><figcaption class=\"wp-element-caption\">\ud83d\udc40 Mapeamento da Isabel e da Eva \ud83c\udfa8<\/figcaption><\/figure>\n\n\n\n<p><br><br><em>Atividade inserida no MOST\u201923 \u2013 Programa\u00e7\u00e3o internacional de media\u00e7\u00e3o art\u00edstica em meio rural. Uma iniciativa apoiada pelo Munic\u00edpio de Viseu e financiada pelo EixoCultura<\/em><\/p>\n","protected":false},"excerpt":{"rendered":"<p>Workshop com Filipa Pimentel dia 27 de Agosto \u00e0s 15h no Mosteirinho dos Coutos de Viseu \u201cN\u00e3o se pode resolver os problemas utilizando o mesmo tipo de pensamento que usamos quando os criamos.\u201d \u2013 Albert Einstein Hoje enfrentamos uma converg\u00eancia de crises crescentes e interligadas &#8211; ambientais, econ\u00f3micas e sociais . Todos os dias, \u00e0 &hellip; <\/p>\n<p class=\"link-more\"><a href=\"https:\/\/www.quintaoficina.pt\/index.php\/regeneracao-social\/\" class=\"more-link\">Continuar a ler <span class=\"screen-reader-text\">&#8220;REGENERA\u00c7\u00c3O SOCIAL&#8221;<\/span><\/a><\/p>\n","protected":false},"author":1,"featured_media":0,"parent":0,"menu_order":0,"comment_status":"closed","ping_status":"closed","template":"template-full-width.php","meta":{"footnotes":""},"class_list":["post-3453","page","type-page","status-publish","hentry"],"_links":{"self":[{"href":"https:\/\/www.quintaoficina.pt\/index.php\/wp-json\/wp\/v2\/pages\/3453","targetHints":{"allow":["GET"]}}],"collection":[{"href":"https:\/\/www.quintaoficina.pt\/index.php\/wp-json\/wp\/v2\/pages"}],"about":[{"href":"https:\/\/www.quintaoficina.pt\/index.php\/wp-json\/wp\/v2\/types\/page"}],"author":[{"embeddable":true,"href":"https:\/\/www.quintaoficina.pt\/index.php\/wp-json\/wp\/v2\/users\/1"}],"replies":[{"embeddable":true,"href":"https:\/\/www.quintaoficina.pt\/index.php\/wp-json\/wp\/v2\/comments?post=3453"}],"version-history":[{"count":14,"href":"https:\/\/www.quintaoficina.pt\/index.php\/wp-json\/wp\/v2\/pages\/3453\/revisions"}],"predecessor-version":[{"id":3903,"href":"https:\/\/www.quintaoficina.pt\/index.php\/wp-json\/wp\/v2\/pages\/3453\/revisions\/3903"}],"wp:attachment":[{"href":"https:\/\/www.quintaoficina.pt\/index.php\/wp-json\/wp\/v2\/media?parent=3453"}],"curies":[{"name":"wp","href":"https:\/\/api.w.org\/{rel}","templated":true}]}}