{"id":405,"date":"2019-10-10T17:53:37","date_gmt":"2019-10-10T17:53:37","guid":{"rendered":"http:\/\/www.quintaoficina.pt\/?page_id=405"},"modified":"2021-01-26T21:20:58","modified_gmt":"2021-01-26T21:20:58","slug":"2020-2","status":"publish","type":"page","link":"https:\/\/www.quintaoficina.pt\/index.php\/atividades\/events\/2020-2\/","title":{"rendered":"2020"},"content":{"rendered":"\n<h2 class=\"wp-block-heading\">&#8220;1\u00ba CONCURSO DE RE-DESIGN DE MOBILI\u00c1RIO URBANO EM MEIO RURAL &#8211; FONTAN\u00c1RIO&#8221;<\/h2>\n\n\n\n<p>24 de Janeiro &#8211; <strong>Coutos de Viseu<\/strong> &#8211; 5 Pax<\/p>\n\n\n\n<h2 class=\"wp-block-heading\">&#8220;\u00c9 HORTA DE TROCAR&#8221; [ Iniciativa Comunit\u00e1ria ]<\/h2>\n\n\n\n<p>21 de Maio &#8211; <strong>Grupo online<\/strong> (3.500 membros) &#8211; Participantes n\u00e3o contabiliz\u00e1veis.<\/p>\n\n\n\n<h2 class=\"wp-block-heading\">&#8220;RESID\u00caNCIA ART\u00cdSTICA&#8221;<\/h2>\n\n\n\n<p>22 a 26 de Junho &#8211; Companhia Teatral <strong><em>Sui Generis<\/em><\/strong> (Sesimbra, PT) &#8211; 1 Pax<\/p>\n\n\n\n<h2 class=\"wp-block-heading\">&#8220;OFICINA DE AZULEJO ARTESANAL&#8221; [ Forma\u00e7\u00e3o ]<\/h2>\n\n\n\n<p>&nbsp;26 de Julho \u2013 com a ceramista <strong>Liliana Velho<\/strong> &#8211; Aldeia de Tarva &#8211; 30 Pax<\/p>\n\n\n\n<h2 class=\"wp-block-heading\">&#8220;FOT\u00d3GRAFO PALHA\u00c7O&#8221; [ Anima\u00e7\u00e3o ]<\/h2>\n\n\n\n<p>31 Julho &#8211; <strong>CuboM\u00e1gico<\/strong>VISEU2020 &#8211; (Anima\u00e7\u00e3o de Rua) Participantes n\u00e3o contabiliz\u00e1veis.<\/p>\n\n\n\n<p>15 de Agosto &#8211; <strong>CuboM\u00e1gico<\/strong>VISEU2020 &#8211; (Anima\u00e7\u00e3o de Rua) Participantes n\u00e3o contabiliz\u00e1veis.<\/p>\n\n\n\n<h2 class=\"wp-block-heading\">&#8220;A VACINA DO CABIDE-19&#8221; [ Anima\u00e7\u00e3o ]<\/h2>\n\n\n\n<p>8 de Agosto &#8211; <strong>CuboM\u00e1gico<\/strong>VISEU2020 &#8211; (Anima\u00e7\u00e3o de Rua) Participantes n\u00e3o contabiliz\u00e1veis.<\/p>\n\n\n\n<p>10 de Setembro &#8211; <strong>CuboM\u00e1gico<\/strong>VISEU2020 &#8211; (Anima\u00e7\u00e3o de Rua) Participantes n\u00e3o contabiliz\u00e1veis.<\/p>\n\n\n\n<p>17 de Setembro \u2013 <strong>Escola Rolando Oliveira<\/strong> \u2013 300 Pax<\/p>\n\n\n\n<h2 class=\"wp-block-heading\">&#8220;HIST\u00d3RIAS A PEDAIS&#8221; [ Espect\u00e1culo ]<\/h2>\n\n\n\n<p>28 de Agosto &#8211; <strong>CuboM\u00e1gico<\/strong>VISEU2020 &#8211; 15 Pax<\/p>\n\n\n\n<p>4 de Setembro &#8211; <strong>CuboM\u00e1gico<\/strong>VISEU2020 &#8211; 20 Pax<\/p>\n\n\n\n<h2 class=\"wp-block-heading\">&#8220;T\u00c9CNICAS TEATRAIS&#8221; [ Forma\u00e7\u00e3o ]<\/h2>\n\n\n\n<p>5 de Setembro &#8211; <strong>Pedro Luzindro<\/strong> &#8211; JF dos Coutos de Viseu &#8211; 12 Pax<\/p>\n\n\n\n<h2 class=\"wp-block-heading\">&#8220;CONTENT\u00cdSSIMO&#8221; [ Espect\u00e1culo ]<\/h2>\n\n\n\n<p>13 de Setembro &#8211; <strong>Parque Aquilino Ribeiro<\/strong>, Viseu &#8211; 23 Pax<\/p>\n\n\n\n<h2 class=\"wp-block-heading\">&#8220;DUENDE MEC\u00c2NICO + CABIDE19&#8221; [ Anima\u00e7\u00e3o ]<\/h2>\n\n\n\n<p>14 de Dezembro &#8211; <strong>Lear Corporation<\/strong>, Mangualde &#8211; 70 Pax.<\/p>\n\n\n\n<p>15 de Dezembro &#8211; <strong>Lear Corporation<\/strong>, Mangualde &#8211; 27 Pax.<\/p>\n\n\n\n<h2 class=\"wp-block-heading\">&#8220;O DUENDE PROFESSOR, O SEU ALUNO E O PAI NATAL&#8221; [ Anima\u00e7\u00e3o ]<\/h2>\n\n\n\n<p>18 de Dezembro \u2013 <strong>Escola Rolando Oliveira<\/strong> \u2013 300 Pax<\/p>\n","protected":false},"excerpt":{"rendered":"<p>&#8220;1\u00ba CONCURSO DE RE-DESIGN DE MOBILI\u00c1RIO URBANO EM MEIO RURAL &#8211; FONTAN\u00c1RIO&#8221; 24 de Janeiro &#8211; Coutos de Viseu &#8211; 5 Pax &#8220;\u00c9 HORTA DE TROCAR&#8221; [ Iniciativa Comunit\u00e1ria ] 21 de Maio &#8211; Grupo online (3.500 membros) &#8211; Participantes n\u00e3o contabiliz\u00e1veis. &#8220;RESID\u00caNCIA ART\u00cdSTICA&#8221; 22 a 26 de Junho &#8211; Companhia Teatral Sui Generis (Sesimbra, &hellip; <\/p>\n<p class=\"link-more\"><a href=\"https:\/\/www.quintaoficina.pt\/index.php\/atividades\/events\/2020-2\/\" class=\"more-link\">Continuar a ler <span class=\"screen-reader-text\">&#8220;2020&#8221;<\/span><\/a><\/p>\n","protected":false},"author":1,"featured_media":0,"parent":332,"menu_order":0,"comment_status":"closed","ping_status":"closed","template":"template-full-width.php","meta":{"footnotes":""},"class_list":["post-405","page","type-page","status-publish","hentry"],"_links":{"self":[{"href":"https:\/\/www.quintaoficina.pt\/index.php\/wp-json\/wp\/v2\/pages\/405","targetHints":{"allow":["GET"]}}],"collection":[{"href":"https:\/\/www.quintaoficina.pt\/index.php\/wp-json\/wp\/v2\/pages"}],"about":[{"href":"https:\/\/www.quintaoficina.pt\/index.php\/wp-json\/wp\/v2\/types\/page"}],"author":[{"embeddable":true,"href":"https:\/\/www.quintaoficina.pt\/index.php\/wp-json\/wp\/v2\/users\/1"}],"replies":[{"embeddable":true,"href":"https:\/\/www.quintaoficina.pt\/index.php\/wp-json\/wp\/v2\/comments?post=405"}],"version-history":[{"count":48,"href":"https:\/\/www.quintaoficina.pt\/index.php\/wp-json\/wp\/v2\/pages\/405\/revisions"}],"predecessor-version":[{"id":1676,"href":"https:\/\/www.quintaoficina.pt\/index.php\/wp-json\/wp\/v2\/pages\/405\/revisions\/1676"}],"up":[{"embeddable":true,"href":"https:\/\/www.quintaoficina.pt\/index.php\/wp-json\/wp\/v2\/pages\/332"}],"wp:attachment":[{"href":"https:\/\/www.quintaoficina.pt\/index.php\/wp-json\/wp\/v2\/media?parent=405"}],"curies":[{"name":"wp","href":"https:\/\/api.w.org\/{rel}","templated":true}]}}