{"id":4249,"date":"2024-05-20T21:33:51","date_gmt":"2024-05-20T20:33:51","guid":{"rendered":"https:\/\/www.quintaoficina.pt\/?page_id=4249"},"modified":"2024-07-10T11:57:35","modified_gmt":"2024-07-10T10:57:35","slug":"relogios-de-sol","status":"publish","type":"page","link":"https:\/\/www.quintaoficina.pt\/index.php\/relogios-de-sol\/","title":{"rendered":"Rel\u00f3gios de Sol"},"content":{"rendered":"\n<p class=\"has-text-align-center\"><\/p>\n\n\n\n<figure class=\"wp-block-gallery has-nested-images columns-default is-cropped wp-block-gallery-1 is-layout-flex wp-block-gallery-is-layout-flex\">\n<figure class=\"wp-block-image size-large\"><img loading=\"lazy\" decoding=\"async\" width=\"1024\" height=\"683\" data-id=\"4395\" src=\"https:\/\/www.quintaoficina.pt\/wp-content\/uploads\/2024\/07\/MG_7585_ed-1024x683.jpg\" alt=\"\" class=\"wp-image-4395\" srcset=\"https:\/\/www.quintaoficina.pt\/wp-content\/uploads\/2024\/07\/MG_7585_ed-1024x683.jpg 1024w, https:\/\/www.quintaoficina.pt\/wp-content\/uploads\/2024\/07\/MG_7585_ed-300x200.jpg 300w, https:\/\/www.quintaoficina.pt\/wp-content\/uploads\/2024\/07\/MG_7585_ed-768x512.jpg 768w, https:\/\/www.quintaoficina.pt\/wp-content\/uploads\/2024\/07\/MG_7585_ed-1536x1024.jpg 1536w, https:\/\/www.quintaoficina.pt\/wp-content\/uploads\/2024\/07\/MG_7585_ed-2048x1365.jpg 2048w\" sizes=\"auto, (max-width: 767px) 89vw, (max-width: 1000px) 54vw, (max-width: 1071px) 543px, 580px\" \/><figcaption class=\"wp-element-caption\">Foto \u00a9 Rui P\u00eava<\/figcaption><\/figure>\n<\/figure>\n\n\n\n<figure class=\"wp-block-image size-large\"><img loading=\"lazy\" decoding=\"async\" width=\"819\" height=\"1024\" src=\"https:\/\/www.quintaoficina.pt\/wp-content\/uploads\/2024\/06\/CartazRELOGsol_insta-819x1024.jpg\" alt=\"\" class=\"wp-image-4369\" srcset=\"https:\/\/www.quintaoficina.pt\/wp-content\/uploads\/2024\/06\/CartazRELOGsol_insta-819x1024.jpg 819w, https:\/\/www.quintaoficina.pt\/wp-content\/uploads\/2024\/06\/CartazRELOGsol_insta-240x300.jpg 240w, https:\/\/www.quintaoficina.pt\/wp-content\/uploads\/2024\/06\/CartazRELOGsol_insta-768x960.jpg 768w, https:\/\/www.quintaoficina.pt\/wp-content\/uploads\/2024\/06\/CartazRELOGsol_insta-1229x1536.jpg 1229w, https:\/\/www.quintaoficina.pt\/wp-content\/uploads\/2024\/06\/CartazRELOGsol_insta-1638x2048.jpg 1638w, https:\/\/www.quintaoficina.pt\/wp-content\/uploads\/2024\/06\/CartazRELOGsol_insta-scaled.jpg 2048w\" sizes=\"auto, (max-width: 767px) 89vw, (max-width: 1000px) 54vw, (max-width: 1071px) 543px, 580px\" \/><\/figure>\n\n\n\n<figure class=\"wp-block-image size-large\"><img loading=\"lazy\" decoding=\"async\" width=\"1024\" height=\"405\" src=\"https:\/\/www.quintaoficina.pt\/wp-content\/uploads\/2024\/05\/IMG_9491-1024x405.jpg\" alt=\"\" class=\"wp-image-4274\" srcset=\"https:\/\/www.quintaoficina.pt\/wp-content\/uploads\/2024\/05\/IMG_9491-1024x405.jpg 1024w, https:\/\/www.quintaoficina.pt\/wp-content\/uploads\/2024\/05\/IMG_9491-300x119.jpg 300w, https:\/\/www.quintaoficina.pt\/wp-content\/uploads\/2024\/05\/IMG_9491-768x304.jpg 768w, https:\/\/www.quintaoficina.pt\/wp-content\/uploads\/2024\/05\/IMG_9491-1536x608.jpg 1536w, https:\/\/www.quintaoficina.pt\/wp-content\/uploads\/2024\/05\/IMG_9491-2048x810.jpg 2048w\" sizes=\"auto, (max-width: 767px) 89vw, (max-width: 1000px) 54vw, (max-width: 1071px) 543px, 580px\" \/><\/figure>\n\n\n\n<p>&#8220;N\u00e3o h\u00e1 um relato de como e onde surgiu pela primeira vez mas tudo indica que os antepassados do rel\u00f3gio de sol ter\u00e3o aparecido na Mesopot\u00e2mia por volta de 2400 AC. Mas \u00e9 no Egipto que aparece o mais antigo rel\u00f3gio de sol conhecido e por sinal port\u00e1til. \u00c9 do reinado do Fara\u00f3 Thutmosis III por volta do ano 1500 AC. S\u00f3 por volta de 700 AC \u00e9 que aparecem os primeiros rel\u00f3gios de sol na Gr\u00e9cia e pelo ano de 660 AC encontramos no Egipto rel\u00f3gios de sol mais elaborados\u201d. <em>Eng. Pedro Almeida<\/em><\/p>\n\n\n<div class=\"wp-block-image\">\n<figure class=\"aligncenter size-large\"><img loading=\"lazy\" decoding=\"async\" width=\"1024\" height=\"768\" src=\"https:\/\/www.quintaoficina.pt\/wp-content\/uploads\/2024\/05\/IMG_9500-1024x768.jpg\" alt=\"\" class=\"wp-image-4276\" srcset=\"https:\/\/www.quintaoficina.pt\/wp-content\/uploads\/2024\/05\/IMG_9500-1024x768.jpg 1024w, https:\/\/www.quintaoficina.pt\/wp-content\/uploads\/2024\/05\/IMG_9500-300x225.jpg 300w, https:\/\/www.quintaoficina.pt\/wp-content\/uploads\/2024\/05\/IMG_9500-768x576.jpg 768w, https:\/\/www.quintaoficina.pt\/wp-content\/uploads\/2024\/05\/IMG_9500-1536x1152.jpg 1536w, https:\/\/www.quintaoficina.pt\/wp-content\/uploads\/2024\/05\/IMG_9500-2048x1536.jpg 2048w\" sizes=\"auto, (max-width: 767px) 89vw, (max-width: 1000px) 54vw, (max-width: 1071px) 543px, 580px\" \/><figcaption class=\"wp-element-caption\">Eng. Pedro Almeida<\/figcaption><\/figure>\n<\/div>\n\n\n<p><strong>Pedro Almeida<\/strong>: Ex-professor da Escola Superior de Tecnologia e Gest\u00e3o de Viseu, astr\u00f3nomo amador e Gnomonista.&nbsp; Tem como hobby a constru\u00e7\u00e3o de modelos de rel\u00f3gios de Sol e ultimamente, a constru\u00e7\u00e3o destes em pedra calc\u00e1ria estando j\u00e1 alguns instalados ou em vias de instala\u00e7\u00e3o. S\u00e3o cerca de 150 rel\u00f3gios de sol que podem ser apreciados no Protomuseu, em Vila Ch\u00e3 de S\u00e1. O seu fundador e tamb\u00e9m autor de praticamente todos os rel\u00f3gios expostos, come\u00e7ou a pensar em todo este trabalho aos 12 anos de idade. \u201cO meu av\u00f4 materno disse-me que se eu passasse de ano me oferecia um rel\u00f3gio. Eu passei e ele cumpriu a promessa. Era um rel\u00f3gio em madeira que ainda tenho hoje\u201d, contou Pedro Gomes de Almeida, recordando que o encontrou quando se mudou para Vila Ch\u00e3 de S\u00e1.<\/p>\n\n\n\n<figure class=\"wp-block-gallery has-nested-images columns-default is-cropped wp-block-gallery-2 is-layout-flex wp-block-gallery-is-layout-flex\">\n<figure class=\"wp-block-image size-large\"><img loading=\"lazy\" decoding=\"async\" width=\"768\" height=\"1024\" data-id=\"4277\" src=\"https:\/\/www.quintaoficina.pt\/wp-content\/uploads\/2024\/05\/IMG_9497-768x1024.jpg\" alt=\"\" class=\"wp-image-4277\" srcset=\"https:\/\/www.quintaoficina.pt\/wp-content\/uploads\/2024\/05\/IMG_9497-768x1024.jpg 768w, https:\/\/www.quintaoficina.pt\/wp-content\/uploads\/2024\/05\/IMG_9497-225x300.jpg 225w, https:\/\/www.quintaoficina.pt\/wp-content\/uploads\/2024\/05\/IMG_9497-1152x1536.jpg 1152w, https:\/\/www.quintaoficina.pt\/wp-content\/uploads\/2024\/05\/IMG_9497-scaled.jpg 1920w\" sizes=\"auto, (max-width: 767px) 89vw, (max-width: 1000px) 54vw, (max-width: 1071px) 543px, 580px\" \/><\/figure>\n\n\n\n<figure class=\"wp-block-image size-large\"><img decoding=\"async\" data-id=\"4280\" src=\"https:\/\/www.quintaoficina.pt\/wp-content\/uploads\/2024\/05\/IMG_9502.jpg\" alt=\"\" class=\"wp-image-4280\"\/><\/figure>\n\n\n\n<figure class=\"wp-block-image size-large\"><img decoding=\"async\" data-id=\"4279\" src=\"https:\/\/www.quintaoficina.pt\/wp-content\/uploads\/2024\/05\/IMG_9501.jpg\" alt=\"\" class=\"wp-image-4279\"\/><\/figure>\n\n\n\n<figure class=\"wp-block-image size-large\"><img loading=\"lazy\" decoding=\"async\" width=\"768\" height=\"1024\" data-id=\"4283\" src=\"https:\/\/www.quintaoficina.pt\/wp-content\/uploads\/2024\/05\/IMG_9495-768x1024.jpg\" alt=\"\" class=\"wp-image-4283\" srcset=\"https:\/\/www.quintaoficina.pt\/wp-content\/uploads\/2024\/05\/IMG_9495-768x1024.jpg 768w, https:\/\/www.quintaoficina.pt\/wp-content\/uploads\/2024\/05\/IMG_9495-225x300.jpg 225w, https:\/\/www.quintaoficina.pt\/wp-content\/uploads\/2024\/05\/IMG_9495-1152x1536.jpg 1152w, https:\/\/www.quintaoficina.pt\/wp-content\/uploads\/2024\/05\/IMG_9495-1536x2048.jpg 1536w, https:\/\/www.quintaoficina.pt\/wp-content\/uploads\/2024\/05\/IMG_9495-scaled.jpg 1920w\" sizes=\"auto, (max-width: 767px) 89vw, (max-width: 1000px) 54vw, (max-width: 1071px) 543px, 580px\" \/><\/figure>\n\n\n\n<figure class=\"wp-block-image size-large\"><img decoding=\"async\" data-id=\"4286\" src=\"https:\/\/www.quintaoficina.pt\/wp-content\/uploads\/2024\/05\/IMG_9492.jpg\" alt=\"\" class=\"wp-image-4286\"\/><\/figure>\n\n\n\n<figure class=\"wp-block-image size-large\"><img decoding=\"async\" data-id=\"4285\" src=\"https:\/\/www.quintaoficina.pt\/wp-content\/uploads\/2024\/05\/IMG_9493.jpg\" alt=\"\" class=\"wp-image-4285\"\/><\/figure>\n\n\n\n<figure class=\"wp-block-image size-large\"><img loading=\"lazy\" decoding=\"async\" width=\"1024\" height=\"768\" data-id=\"4284\" src=\"https:\/\/www.quintaoficina.pt\/wp-content\/uploads\/2024\/05\/IMG_9494-1024x768.jpg\" alt=\"\" class=\"wp-image-4284\" srcset=\"https:\/\/www.quintaoficina.pt\/wp-content\/uploads\/2024\/05\/IMG_9494-1024x768.jpg 1024w, https:\/\/www.quintaoficina.pt\/wp-content\/uploads\/2024\/05\/IMG_9494-300x225.jpg 300w, https:\/\/www.quintaoficina.pt\/wp-content\/uploads\/2024\/05\/IMG_9494-768x576.jpg 768w, https:\/\/www.quintaoficina.pt\/wp-content\/uploads\/2024\/05\/IMG_9494-1536x1152.jpg 1536w, https:\/\/www.quintaoficina.pt\/wp-content\/uploads\/2024\/05\/IMG_9494-2048x1536.jpg 2048w\" sizes=\"auto, (max-width: 767px) 89vw, (max-width: 1000px) 54vw, (max-width: 1071px) 543px, 580px\" \/><\/figure>\n\n\n\n<figure class=\"wp-block-image size-large\"><img decoding=\"async\" data-id=\"4282\" src=\"https:\/\/www.quintaoficina.pt\/wp-content\/uploads\/2024\/05\/IMG_9496.jpg\" alt=\"\" class=\"wp-image-4282\"\/><\/figure>\n<\/figure>\n\n\n\n<p>Neste workshop, para al\u00e9m de irmos ouvir as tantas hist\u00f3rias deste mestre, vamos tamb\u00e9m aprender a construir o nosso pr\u00f3prio rel\u00f3gio de sol&#8230; e l\u00e1 em casa, j\u00e1 podem faltar as pilhas, que saberemos sempre que horas s\u00e3o &#8211; a n\u00e3o ser que o c\u00e9u esteja nublado!<\/p>\n\n\n\n<p>Para maiores de 12 anos &#8211; Adultos acompanhados por crian\u00e7as respons\u00e1veis!!!<\/p>\n\n\n\n<p>Os&nbsp;<strong><em>Workshops<\/em><\/strong>&nbsp;s\u00e3o de&nbsp;<strong>pr\u00e9-inscri\u00e7\u00e3o<\/strong>&nbsp;obrigat\u00f3ria.<br><strong>Pre\u00e7o:<\/strong><br>Este ano, a inscri\u00e7\u00e3o nas iniciativas desta programa\u00e7\u00e3o, ter\u00e1 um contributo associado:<br>\u2022\u2060 \u20601 kg de frutas\/legumes da \u00e9poca.<br>ou<br>\u2022\u2060 \u20601 hora de voluntariado numa causa \u00e0 vossa escolha, realizada onde, quando e como preferirem. Se precisarem de sugest\u00f5es, teremos algumas dispon\u00edveis. N\u00e3o precisamos de saber a vossa escolha, mas ficamos curiosos! \ud83d\ude03<\/p>\n\n\n\n<p>&gt;&gt; Informa\u00e7\u00f5es e pr\u00e9-inscri\u00e7\u00f5es:&nbsp;<em><strong>tiomanel@quintaoficina.pt<\/strong><\/em><\/p>\n\n\n\n<p class=\"has-small-font-size\"><em>Esta atividade est\u00e1 inserida no projeto da 5\u00aaOficina: &#8220;MOST&#8217;24 &#8211; Programa\u00e7\u00e3o Internacional de Media\u00e7\u00e3o Cultural em Meio Rural&#8221;, uma iniciativa apoiada pelo Munic\u00edpio de Viseu, atrav\u00e9s do EixoCultura.<\/em><\/p>\n","protected":false},"excerpt":{"rendered":"<p>&#8220;N\u00e3o h\u00e1 um relato de como e onde surgiu pela primeira vez mas tudo indica que os antepassados do rel\u00f3gio de sol ter\u00e3o aparecido na Mesopot\u00e2mia por volta de 2400 AC. Mas \u00e9 no Egipto que aparece o mais antigo rel\u00f3gio de sol conhecido e por sinal port\u00e1til. \u00c9 do reinado do Fara\u00f3 Thutmosis III &hellip; <\/p>\n<p class=\"link-more\"><a href=\"https:\/\/www.quintaoficina.pt\/index.php\/relogios-de-sol\/\" class=\"more-link\">Continuar a ler <span class=\"screen-reader-text\">&#8220;Rel\u00f3gios de Sol&#8221;<\/span><\/a><\/p>\n","protected":false},"author":1,"featured_media":0,"parent":0,"menu_order":0,"comment_status":"closed","ping_status":"closed","template":"template-full-width.php","meta":{"footnotes":""},"class_list":["post-4249","page","type-page","status-publish","hentry"],"_links":{"self":[{"href":"https:\/\/www.quintaoficina.pt\/index.php\/wp-json\/wp\/v2\/pages\/4249","targetHints":{"allow":["GET"]}}],"collection":[{"href":"https:\/\/www.quintaoficina.pt\/index.php\/wp-json\/wp\/v2\/pages"}],"about":[{"href":"https:\/\/www.quintaoficina.pt\/index.php\/wp-json\/wp\/v2\/types\/page"}],"author":[{"embeddable":true,"href":"https:\/\/www.quintaoficina.pt\/index.php\/wp-json\/wp\/v2\/users\/1"}],"replies":[{"embeddable":true,"href":"https:\/\/www.quintaoficina.pt\/index.php\/wp-json\/wp\/v2\/comments?post=4249"}],"version-history":[{"count":13,"href":"https:\/\/www.quintaoficina.pt\/index.php\/wp-json\/wp\/v2\/pages\/4249\/revisions"}],"predecessor-version":[{"id":4396,"href":"https:\/\/www.quintaoficina.pt\/index.php\/wp-json\/wp\/v2\/pages\/4249\/revisions\/4396"}],"wp:attachment":[{"href":"https:\/\/www.quintaoficina.pt\/index.php\/wp-json\/wp\/v2\/media?parent=4249"}],"curies":[{"name":"wp","href":"https:\/\/api.w.org\/{rel}","templated":true}]}}