{"id":4713,"date":"2025-02-17T21:30:20","date_gmt":"2025-02-17T21:30:20","guid":{"rendered":"https:\/\/www.quintaoficina.pt\/?page_id=4713"},"modified":"2026-01-12T20:57:13","modified_gmt":"2026-01-12T20:57:13","slug":"6o-calcada-a-portuguesa","status":"publish","type":"page","link":"https:\/\/www.quintaoficina.pt\/index.php\/6o-calcada-a-portuguesa\/","title":{"rendered":"6\u00ba Cal\u00e7ada (\u00e0) Portuguesa"},"content":{"rendered":"\n<h3 class=\"wp-block-heading has-black-color has-text-color has-link-color wp-elements-79688a775b3a5201b0224dbcd0a63c23\"><br><strong>6\u00ba CONCURSO DE IDEIAS DE RE-DESIGN EM MEIO RURAL<\/strong><\/h3>\n\n\n\n<p class=\"has-cyan-bluish-gray-color has-text-color has-link-color wp-elements-756d13b6f0a434e70a0503c4850c00a5\"><em>6TH RE-DESIGN IDEA CONTEST IN RURAL AREAS<\/em><\/p>\n\n\n\n<p><br><strong><em>Vamos inventar um desenho para o ch\u00e3o do largo comunit\u00e1rio!<br><\/em><\/strong><em>Explorem o \u200b&#8221;p\u00edxel\u200b&#8221;, o m\u00f3dulo-padr\u00e3o, \u200bo desenho livre e \u200btudo o que quiserem\u200b&#8230; n\u00f3s depois c\u00e1 nos \u201camanhamos\u201d para implementar a vossa ideia!\u200b<\/em><\/p>\n\n\n\n<p class=\"has-cyan-bluish-gray-color has-text-color has-link-color wp-elements-8b28d1605ace894d389ea9abad8ee18b\"><strong><em>Let&#8217;s invent a design for the floor of the community square!<br><\/em><\/strong><em>Explore the \u200b&#8221;pixel\u200b&#8221;, the standard module, \u200bfree drawing and \u200banything else you want\u200b&#8230; &#8220;we improvise&#8221; to implement your idea!<\/em><\/p>\n\n\n\n<figure class=\"wp-block-embed is-type-video is-provider-youtube wp-block-embed-youtube wp-embed-aspect-16-9 wp-has-aspect-ratio\"><div class=\"wp-block-embed__wrapper\">\n<iframe loading=\"lazy\" title=\"Entrada Largo Comunit\u00e1rio 5\u00aaOficina\" width=\"525\" height=\"295\" src=\"https:\/\/www.youtube.com\/embed\/-K6d-LCV8gc?feature=oembed\" frameborder=\"0\" allow=\"accelerometer; autoplay; clipboard-write; encrypted-media; gyroscope; picture-in-picture; web-share\" referrerpolicy=\"strict-origin-when-cross-origin\" allowfullscreen><\/iframe>\n<\/div><\/figure>\n\n\n\n<p><br><br><br>Participar \u00e9 simples e muito f\u00e1cil. Basta, por exemplo, usarem o <strong>KIT DO PARTICIPANTE:<\/strong><br><em>Participating is simple and very easy. For example, just use the PARTICIPANT KIT:<\/em><\/p>\n\n\n\n<div class=\"wp-block-file\"><a id=\"wp-block-file--media-82de552d-3f09-41be-8225-7bc508f0e56e\" href=\"https:\/\/www.quintaoficina.pt\/wp-content\/uploads\/2025\/05\/KITparticipante_6ConcursoCALCADA.pdf\">Kit do Participante \/ Participant kit<\/a><a href=\"https:\/\/www.quintaoficina.pt\/wp-content\/uploads\/2025\/05\/KITparticipante_6ConcursoCALCADA.pdf\" class=\"wp-block-file__button wp-element-button\" download aria-describedby=\"wp-block-file--media-82de552d-3f09-41be-8225-7bc508f0e56e\">Descarregar \/ Download<\/a><\/div>\n\n\n\n<p><br><br><\/p>\n\n\n\n<figure class=\"wp-block-image size-large\"><img loading=\"lazy\" decoding=\"async\" width=\"1024\" height=\"890\" src=\"https:\/\/www.quintaoficina.pt\/wp-content\/uploads\/2025\/04\/LargoConcursoCALCADA_Prancheta-1-1024x890.jpg\" alt=\"\" class=\"wp-image-4849\" srcset=\"https:\/\/www.quintaoficina.pt\/wp-content\/uploads\/2025\/04\/LargoConcursoCALCADA_Prancheta-1-1024x890.jpg 1024w, https:\/\/www.quintaoficina.pt\/wp-content\/uploads\/2025\/04\/LargoConcursoCALCADA_Prancheta-1-300x261.jpg 300w, https:\/\/www.quintaoficina.pt\/wp-content\/uploads\/2025\/04\/LargoConcursoCALCADA_Prancheta-1-768x667.jpg 768w, https:\/\/www.quintaoficina.pt\/wp-content\/uploads\/2025\/04\/LargoConcursoCALCADA_Prancheta-1.jpg 1241w\" sizes=\"auto, (max-width: 767px) 89vw, (max-width: 1000px) 54vw, (max-width: 1071px) 543px, 580px\" \/><\/figure>\n\n\n\n<p><br><\/p>\n\n\n\n<figure class=\"wp-block-gallery has-nested-images columns-default is-cropped wp-block-gallery-1 is-layout-flex wp-block-gallery-is-layout-flex\">\n<figure class=\"wp-block-image size-large\"><img loading=\"lazy\" decoding=\"async\" width=\"724\" height=\"1024\" data-id=\"4831\" src=\"https:\/\/www.quintaoficina.pt\/wp-content\/uploads\/2025\/04\/Cartaz5ConcursoCALCADA-724x1024.jpg\" alt=\"\" class=\"wp-image-4831\" srcset=\"https:\/\/www.quintaoficina.pt\/wp-content\/uploads\/2025\/04\/Cartaz5ConcursoCALCADA-724x1024.jpg 724w, https:\/\/www.quintaoficina.pt\/wp-content\/uploads\/2025\/04\/Cartaz5ConcursoCALCADA-212x300.jpg 212w, https:\/\/www.quintaoficina.pt\/wp-content\/uploads\/2025\/04\/Cartaz5ConcursoCALCADA-scaled.jpg 1811w\" sizes=\"auto, (max-width: 724px) 100vw, 724px\" \/><\/figure>\n\n\n\n<figure class=\"wp-block-image size-large\"><img loading=\"lazy\" decoding=\"async\" width=\"724\" height=\"1024\" data-id=\"4856\" src=\"https:\/\/www.quintaoficina.pt\/wp-content\/uploads\/2025\/05\/Cartaz6ConcursoCALCADA_inglesA4-724x1024.jpg\" alt=\"\" class=\"wp-image-4856\" srcset=\"https:\/\/www.quintaoficina.pt\/wp-content\/uploads\/2025\/05\/Cartaz6ConcursoCALCADA_inglesA4-724x1024.jpg 724w, https:\/\/www.quintaoficina.pt\/wp-content\/uploads\/2025\/05\/Cartaz6ConcursoCALCADA_inglesA4-212x300.jpg 212w, https:\/\/www.quintaoficina.pt\/wp-content\/uploads\/2025\/05\/Cartaz6ConcursoCALCADA_inglesA4-768x1086.jpg 768w, https:\/\/www.quintaoficina.pt\/wp-content\/uploads\/2025\/05\/Cartaz6ConcursoCALCADA_inglesA4-1086x1536.jpg 1086w, https:\/\/www.quintaoficina.pt\/wp-content\/uploads\/2025\/05\/Cartaz6ConcursoCALCADA_inglesA4.jpg 1241w\" sizes=\"auto, (max-width: 724px) 100vw, 724px\" \/><\/figure>\n<\/figure>\n\n\n\n<p class=\"has-black-color has-text-color has-link-color wp-elements-9ac00cf961d1ea846fe5a532228b76c6\"><\/p>\n\n\n\n<p class=\"has-black-color has-text-color has-link-color wp-elements-76a3f8e64f59e149179ed88370ecc21e\"><strong>Introdu\u00e7\u00e3o<\/strong><br>O concurso de ideias de Re-Design (<em>Cal\u00e7ada (\u00e0) Portuguesa)<\/em>&nbsp;em meio rural, \u00e9 uma iniciativa promovida pela Associa\u00e7\u00e3o Quinta Oficina, com a colabora\u00e7\u00e3o da Junta de Freguesia dos Coutos de Viseu e o apoio da C\u00e2mara Municipal de Viseu, atrav\u00e9s do programa de financiamento Eixo Cultura. Este concurso consiste na recria\u00e7\u00e3o de um pavimento natural existente, aplicando os materiais e t\u00e9cnica da&nbsp;<strong><em>Cal\u00e7ada (\u00e0) Portuguesa<\/em><\/strong>&nbsp;junto \u00e0 Biblioteca e ao Forno Comunit\u00e1rio, em Mosteirinho dos Coutos de Viseu. Esta iniciativa insere-se na&nbsp;<strong><em>Programa\u00e7\u00e3o internacional de media\u00e7\u00e3o cultural em meio rural<\/em><\/strong>, \u201c<strong><em>MOST\u201925<\/em><\/strong>\u201d, que pretende estimular o cruzamento disciplinar entre as artes, os artistas e a comunidade local, revitalizando o meio rural atrav\u00e9s da forma\u00e7\u00e3o, da express\u00e3o e da educa\u00e7\u00e3o pela arte.<br><br><strong><em>Introduction<\/em><\/strong><br><em>The Re-Design contest of ideas for &#8220;Portuguese Pavement&#8221; in a rural environment is an initiative promoted by the Quinta Oficina Association, in collaboration with the Parish Council of Coutos de Viseu and supported by the Viseu City Hall through the Eixo Cultura funding program. This contest consists of recreating an existing natural pavement, applying the materials and techniques of &#8220;Portuguese Pavement&#8221; next to the Library and the Community Oven in Mosteirinho dos Coutos, Viseu. This initiative is part of the international cultural mediation program in rural areas, \u201cMOST&#8217;25\u201d, which aims to stimulate the interdisciplinary intersection between the arts, artists, and the local community, revitalizing the rural environment through training, expression, and education through art.<\/em><\/p>\n\n\n\n<h1 class=\"wp-block-heading\"><strong>Pr\u00e9mios&nbsp;<br><\/strong>Awards<\/h1>\n\n\n\n<p>O autor da ideia vencedora na&nbsp;<strong>categoria melhor ideia (v\u00e1lido tamb\u00e9m para alunos do secund\u00e1rio e universit\u00e1rio) nacionais e internacionais<\/strong>, receber\u00e1 a quantia de 500 \u20ac (quinhentos euros) financiados pela Associa\u00e7\u00e3o Quinta Oficina. O vencedor ter\u00e1 ainda direito a uma semana de&nbsp;<strong><em>resid\u00eancia art\u00edstica<\/em><\/strong>.<br><em>The author of the winning idea in the best ideia category (also valid for secondary and university students), both national and international, will receive the sum of 500 euros (five hundred euros) financed by the Association Quinta Oficina. The winner will also be entitled to a one-week artistic residency.<\/em><\/p>\n\n\n\n<p>O autor da ideia vencedora na&nbsp;<strong>categoria menores de 10 anos de idade (v\u00e1lido tamb\u00e9m para escolas do 1\u00ba ciclo) em Portugal Continental<\/strong>, receber\u00e1 na sua escola\/turma uma&nbsp;<strong>anima\u00e7\u00e3o&nbsp;<\/strong>dinamizada pela Associa\u00e7\u00e3o Quinta Oficina, no valor de 300\u20ac.<br><em>The author of the winning idea in the under 10 years old category (also valid for primary schools in mainland Portugal) will receive an entertainment session at their school\/class organized by the Quinta Oficina Association, valued at 300\u20ac.<\/em><\/p>\n\n\n\n<p>O autor da ideia vencedora na&nbsp;<strong>categoria maiores de 10 e menores de 15 anos de idade (v\u00e1lido tamb\u00e9m para escolas do 2\u00ba e 3\u00ba ciclos) em Portugal Continental<\/strong>, receber\u00e1 na sua escola\/turma um&nbsp;<strong>workshop&nbsp;<\/strong>dinamizado pela Associa\u00e7\u00e3o Quinta Oficina, no valor de 200\u20ac.<br><em>The author of the winning idea in the over 10 and under 15 years of age category (also valid for 2nd and 3rd cycle schools) in mainland Portugal, will receive a workshop at their school\/class, organized by the Quinta Oficina Association, valued at 200\u20ac.<\/em><\/p>\n\n\n\n<p><\/p>\n\n\n\n<p><br><strong>As ideias candidatas dever\u00e3o ser enviadas entre as 00:00 do dia 1 de maio e as 23:59 horas do dia 31 de outubro de 2025.<\/strong><br><em>The candidate ideas must be submitted between 00:00 on may 1<sup>st<\/sup>&nbsp;and 23:59 on october 31<sup>st<\/sup>, 2025.<\/em><\/p>\n\n\n\n<p>O processo de envio das ideias poder\u00e1 ser feito de uma das seguintes formas:&nbsp;<br><em>The process of submitting ideas can be done in one of the following ways:&nbsp;&nbsp;<\/em><\/p>\n\n\n\n<p>Enviadas para o email<br><em>Sent to the email&nbsp;<\/em><br><strong><em>tiomanel@quintaoficina.pt<\/em><\/strong><\/p>\n\n\n\n<p><strong>Enviados por correio registado, para a sede da Associa\u00e7\u00e3o Quinta Oficina, na seguinte morada:&nbsp;Largo das Figueiras, n\u00ba1, Tarva, Mosteirinho, 3510-854 Coutos de Viseu.<\/strong><br>S<em>ent by registered mail, to the headquarters of the Quinta Oficina Association, at the following address:&nbsp;Largo das Figueiras, n\u00ba1, Tarva, Mosteirinho, 3510-854 Coutos de Viseu;&nbsp;<\/em><br><br><\/p>\n\n\n\n<div class=\"wp-block-file aligncenter\"><a id=\"wp-block-file--media-ef571f64-4aa0-4500-b13b-93d36e8b173f\" href=\"https:\/\/www.quintaoficina.pt\/wp-content\/uploads\/2025\/05\/Regulamento6oConcursoReDesignCALCADA.pdf\"><strong>REGULAMENTO COMPLETO AQUI:<\/strong><br>FULL REGULATIONS HERE:<\/a><a href=\"https:\/\/www.quintaoficina.pt\/wp-content\/uploads\/2025\/05\/Regulamento6oConcursoReDesignCALCADA.pdf\" class=\"wp-block-file__button wp-element-button\" download aria-describedby=\"wp-block-file--media-ef571f64-4aa0-4500-b13b-93d36e8b173f\"><br>Descarregar \/ Download<br><\/a><\/div>\n\n\n\n<div class=\"wp-block-file aligncenter\"><a id=\"wp-block-file--media-d58cdf29-8d9a-452e-9ab9-527d02b34d9e\" href=\"https:\/\/www.quintaoficina.pt\/wp-content\/uploads\/2025\/05\/KITparticipante_6ConcursoCALCADA.pdf\">Kit do Participante \/ Participant kit<\/a><a href=\"https:\/\/www.quintaoficina.pt\/wp-content\/uploads\/2025\/05\/KITparticipante_6ConcursoCALCADA.pdf\" class=\"wp-block-file__button wp-element-button\" download aria-describedby=\"wp-block-file--media-d58cdf29-8d9a-452e-9ab9-527d02b34d9e\">Descarregar \/ Download<\/a><\/div>\n\n\n\n<p><\/p>\n\n\n\n<figure class=\"wp-block-embed is-type-video is-provider-youtube wp-block-embed-youtube wp-embed-aspect-16-9 wp-has-aspect-ratio\"><div class=\"wp-block-embed__wrapper\">\n<iframe loading=\"lazy\" title=\"Largo comunit\u00e1rio da 5\u00aaOficina\" width=\"525\" height=\"295\" src=\"https:\/\/www.youtube.com\/embed\/EJALx9DYSuk?feature=oembed\" frameborder=\"0\" allow=\"accelerometer; autoplay; clipboard-write; encrypted-media; gyroscope; picture-in-picture; web-share\" referrerpolicy=\"strict-origin-when-cross-origin\" allowfullscreen><\/iframe>\n<\/div><\/figure>\n\n\n\n<h2 class=\"wp-block-heading has-text-align-center\"><br><br><strong>V E N C E D O R E S<\/strong><br><\/h2>\n\n\n\n<figure class=\"wp-block-image size-full\"><img loading=\"lazy\" decoding=\"async\" width=\"1920\" height=\"2560\" src=\"https:\/\/www.quintaoficina.pt\/wp-content\/uploads\/2025\/11\/IMG_2682-scaled.jpg\" alt=\"\" class=\"wp-image-5073\" srcset=\"https:\/\/www.quintaoficina.pt\/wp-content\/uploads\/2025\/11\/IMG_2682-scaled.jpg 1920w, https:\/\/www.quintaoficina.pt\/wp-content\/uploads\/2025\/11\/IMG_2682-225x300.jpg 225w\" sizes=\"auto, (max-width: 767px) 89vw, (max-width: 1000px) 54vw, (max-width: 1071px) 543px, 580px\" \/><\/figure>\n\n\n\n<p class=\"has-medium-font-size\">Estas foram as ideias vencedoras das tr\u00eas categorias, enviadas pelas turmas:<\/p>\n\n\n\n<p class=\"has-medium-font-size\"><strong>2\u00ba ano da EB1\/JI de Currais, da cidade da Maia<br>8\u00ba ano do \u201cGrande Col\u00e9gio Universal\u201d, da cidade do Porto<br>TAS23 da Escola Profissional de Tondela<\/strong><\/p>\n\n\n\n<p class=\"has-medium-font-size\">Parab\u00e9ns a toooodos dos 416 participantes oriundos das seguintes nacionalidades:<br>Fran\u00e7a, Col\u00f4mbia, Mo\u00e7ambique, Chile, Africa do Sul, Col\u00f4mbia, It\u00e1lia, Cabo verde, Bielor\u00fassia, Ucr\u00e2nia, Cabo Verde, Guin\u00e9-Bissau, Angola, Brasil, \u00cdndia, Paquist\u00e3o e S\u00e3o Tom\u00e9 e Pr\u00edncipe.<\/p>\n\n\n\n<figure class=\"wp-block-gallery has-nested-images columns-default wp-block-gallery-2 is-layout-flex wp-block-gallery-is-layout-flex\">\n<figure class=\"wp-block-image size-large\"><img decoding=\"async\" data-id=\"5079\" src=\"https:\/\/www.quintaoficina.pt\/wp-content\/uploads\/2025\/11\/IMG_2678.heic\" alt=\"\" class=\"wp-image-5079\"\/><\/figure>\n\n\n\n<figure class=\"wp-block-image size-large\"><img loading=\"lazy\" decoding=\"async\" width=\"2560\" height=\"1920\" data-id=\"5080\" src=\"https:\/\/www.quintaoficina.pt\/wp-content\/uploads\/2025\/11\/IMG_2680-scaled.jpg\" alt=\"\" class=\"wp-image-5080\" srcset=\"https:\/\/www.quintaoficina.pt\/wp-content\/uploads\/2025\/11\/IMG_2680-scaled.jpg 2560w, https:\/\/www.quintaoficina.pt\/wp-content\/uploads\/2025\/11\/IMG_2680-300x225.jpg 300w\" sizes=\"auto, (max-width: 767px) 89vw, (max-width: 1000px) 54vw, (max-width: 1071px) 543px, 580px\" \/><\/figure>\n<\/figure>\n\n\n\n<p class=\"has-medium-font-size\">Os elementos do j\u00fari, este ano, foram:<br><strong><em>Mel\u00e2nea Rodrigues<\/em><\/strong>&nbsp;(junta de freguesia);<br><strong><em>Matteo Pra Mio<\/em><\/strong>&nbsp;(vencedor da edi\u00e7\u00e3o do ano passado);<br><strong><em>Albertina Gon\u00e7alves<\/em><\/strong>&nbsp;(artista convidada);<br><strong><em>Marta Pacheco<\/em><\/strong>&nbsp;(representante da aldeia);<br><strong><em>Teresa E\u00e7a<\/em><\/strong>&nbsp;(comit\u00e9 internacional).<\/p>\n\n\n\n<p class=\"has-small-font-size\"><br><br><strong>Esta atividade est\u00e1 inserida no projeto da 5\u00aaOficina: \u201cMOST\u201925 \u2013 Programa\u00e7\u00e3o Internacional de Media\u00e7\u00e3o Cultural em Meio Rural\u201d, uma iniciativa apoiada pelo Munic\u00edpio de Viseu, atrav\u00e9s do EixoCultura.<\/strong><br><em>This activity is part of the 5\u00aaOficina project: \u201cMOST\u201924 \u2013 International Programming of Cultural Mediation in Rural Areas\u201d, an initiative supported by the Municipality of Viseu, through EixoCultura.<\/em><\/p>\n","protected":false},"excerpt":{"rendered":"<p>6\u00ba CONCURSO DE IDEIAS DE RE-DESIGN EM MEIO RURAL 6TH RE-DESIGN IDEA CONTEST IN RURAL AREAS Vamos inventar um desenho para o ch\u00e3o do largo comunit\u00e1rio!Explorem o \u200b&#8221;p\u00edxel\u200b&#8221;, o m\u00f3dulo-padr\u00e3o, \u200bo desenho livre e \u200btudo o que quiserem\u200b&#8230; n\u00f3s depois c\u00e1 nos \u201camanhamos\u201d para implementar a vossa ideia!\u200b Let&#8217;s invent a design for the floor &hellip; <\/p>\n<p class=\"link-more\"><a href=\"https:\/\/www.quintaoficina.pt\/index.php\/6o-calcada-a-portuguesa\/\" class=\"more-link\">Continuar a ler <span class=\"screen-reader-text\">&#8220;6\u00ba Cal\u00e7ada (\u00e0) Portuguesa&#8221;<\/span><\/a><\/p>\n","protected":false},"author":1,"featured_media":0,"parent":0,"menu_order":0,"comment_status":"closed","ping_status":"closed","template":"template-full-width.php","meta":{"footnotes":""},"class_list":["post-4713","page","type-page","status-publish","hentry"],"_links":{"self":[{"href":"https:\/\/www.quintaoficina.pt\/index.php\/wp-json\/wp\/v2\/pages\/4713","targetHints":{"allow":["GET"]}}],"collection":[{"href":"https:\/\/www.quintaoficina.pt\/index.php\/wp-json\/wp\/v2\/pages"}],"about":[{"href":"https:\/\/www.quintaoficina.pt\/index.php\/wp-json\/wp\/v2\/types\/page"}],"author":[{"embeddable":true,"href":"https:\/\/www.quintaoficina.pt\/index.php\/wp-json\/wp\/v2\/users\/1"}],"replies":[{"embeddable":true,"href":"https:\/\/www.quintaoficina.pt\/index.php\/wp-json\/wp\/v2\/comments?post=4713"}],"version-history":[{"count":29,"href":"https:\/\/www.quintaoficina.pt\/index.php\/wp-json\/wp\/v2\/pages\/4713\/revisions"}],"predecessor-version":[{"id":5206,"href":"https:\/\/www.quintaoficina.pt\/index.php\/wp-json\/wp\/v2\/pages\/4713\/revisions\/5206"}],"wp:attachment":[{"href":"https:\/\/www.quintaoficina.pt\/index.php\/wp-json\/wp\/v2\/media?parent=4713"}],"curies":[{"name":"wp","href":"https:\/\/api.w.org\/{rel}","templated":true}]}}