{"id":4875,"date":"2025-06-05T10:19:47","date_gmt":"2025-06-05T09:19:47","guid":{"rendered":"https:\/\/www.quintaoficina.pt\/?page_id=4875"},"modified":"2025-06-07T14:46:24","modified_gmt":"2025-06-07T13:46:24","slug":"massagens","status":"publish","type":"page","link":"https:\/\/www.quintaoficina.pt\/index.php\/disponiveis\/massagens\/","title":{"rendered":"Massagens"},"content":{"rendered":"\n<p> <strong>Ana Oliveira<\/strong> com forma\u00e7\u00e3o de base na \u00e1rea do Ensino, iniciou o seu percurso profissional como professora do 1.\u00ba ciclo e de Express\u00e3o Pl\u00e1stica. O gosto pelo cuidar e empatia conduziu-a \u00e0 \u00e1rea das terapias de Bem-Estar, onde encontrou uma nova paix\u00e3o e prop\u00f3sito de vida. Formada como terapeuta de SPA, auxiliar de fisioterapia e em massagem terap\u00eautica e desportiva, complementou o seu percurso com diversas forma\u00e7\u00f5es em t\u00e9cnicas de massagem. A sua experi\u00eancia profissional passou por contextos exigentes e culturalmente ricos, como em SPA do grupo pestana e num SPA Hamam Turco na Alemanha. Hoje partilha os seus conhecimentos com fam\u00edlias, promovendo o toque consciente como uma poderosa ferramenta de conex\u00e3o, relaxamento e carinho.<\/p>\n\n\n\n<p>>> <strong>Informa\u00e7\u00f5es e pr\u00e9-inscri\u00e7\u00f5es<\/strong>:\u00a0<em><span style=\"text-decoration: underline;\">paula_oliveira72@hotmail.com<\/span><\/em><\/p>\n\n\n\n<p>Todos os\u00a0<strong><em>Workshops<\/em><\/strong>\u00a0s\u00e3o de\u00a0<strong>pr\u00e9-inscri\u00e7\u00e3o<\/strong>\u00a0obrigat\u00f3ria.<br><strong>Pre\u00e7o:<\/strong>\u00a01kg de frutas\/legumes da \u00e9poca, ou 1h. de voluntariado numa causa \u00e0 escolha.<\/p>\n\n\n\n<figure class=\"wp-block-image size-full\"><img loading=\"lazy\" decoding=\"async\" width=\"2048\" height=\"2560\" src=\"https:\/\/www.quintaoficina.pt\/wp-content\/uploads\/2025\/06\/CartazMassagens_insta-scaled.jpg\" alt=\"\" class=\"wp-image-4889\" srcset=\"https:\/\/www.quintaoficina.pt\/wp-content\/uploads\/2025\/06\/CartazMassagens_insta-scaled.jpg 2048w, https:\/\/www.quintaoficina.pt\/wp-content\/uploads\/2025\/06\/CartazMassagens_insta-240x300.jpg 240w\" sizes=\"auto, (max-width: 767px) 89vw, (max-width: 1000px) 54vw, (max-width: 1071px) 543px, 580px\" \/><\/figure>\n\n\n\n<p>Desenvolver a massagens no n\u00facleo familiar tem uma import\u00e2ncia significativa, tanto ao n\u00edvel f\u00edsico, como o emocional, trazendo benef\u00edcios para todos os membros da fam\u00edlia.<\/p>\n\n\n\n<p>\u00a0A massagem neste contexto n\u00e3o \u00e9 apenas uma t\u00e9cnica de relaxamento, mas uma poderosa ferramenta de conex\u00e3o, sa\u00fade e bem-estar. Ela ajuda a criar um ambiente de cuidado m\u00fatuo, onde cada membro se sente valorizado e amado. Num mundo onde o tempo em fam\u00edlia \u00e9 frequentemente desafiado pelas corridas e stress do dia a dia, a massagem oferece uma oportunidade de desacelerar, estar presente e fortalecer os la\u00e7os familiares.<\/p>\n\n\n\n<p>As principais raz\u00f5es da sua pr\u00e1tica:<br><strong>1.\u2060 \u2060Fortalecimento dos La\u00e7os Familiares<br><\/strong>O toque \u00e9 uma forma poderosa de comunica\u00e7\u00e3o n\u00e3o verbal que promove carinho, confian\u00e7a e empatia entre os membros da fam\u00edlia.<br>A massagem cria momentos de conex\u00e3o \u00edntima e emocional, ajudando a reduzir dist\u00e2ncias e aproximar as pessoas.<br>Praticar massagens regularmente refor\u00e7a o sentimento de cuidado m\u00fatuo, essencial para relacionamentos saud\u00e1veis.<br><strong>2.\u2060 \u2060Promo\u00e7\u00e3o do Bem-Estar F\u00edsico<br><\/strong>Al\u00edvio de tens\u00f5es musculares: A massagem ajuda a reduzir dores causadas pelo stress do dia a dia, m\u00e1 postura, ou excesso de atividades.<br>\u2060Estimula\u00e7\u00e3o da circula\u00e7\u00e3o sangu\u00ednea: Melhora a oxigena\u00e7\u00e3o dos tecidos, o que contribui para o relaxamento e a recupera\u00e7\u00e3o muscular.<br>Redu\u00e7\u00e3o de sintomas f\u00edsicos do stress: Ajuda a aliviar dores de cabe\u00e7a, cansa\u00e7o e desconforto corporal.<br><strong>3.\u2060 \u2060Redu\u00e7\u00e3o de Stress e Ansiedade<br><\/strong>A massagem estimula a produ\u00e7\u00e3o de horm\u00f4nios como a oxitocina (horm\u00f4nio do amor) e reduz os n\u00edveis de cortisol (horm\u00f4nio do stress), proporcionando relaxamento e sensa\u00e7\u00e3o de seguran\u00e7a.<br>Ela pode ser especialmente ben\u00e9fica para crian\u00e7as, que aprendem a lidar melhor com emo\u00e7\u00f5es e se sentem mais tranquilas quando recebem o toque de um familiar.<br><strong>4.\u2060 \u2060Melhora a Comunica\u00e7\u00e3o Familiar<br><\/strong>A massagem \u00e9 uma atividade que requer aten\u00e7\u00e3o e presen\u00e7a plena, criando oportunidades para um di\u00e1logo mais leve e descontra\u00eddo durante ou ap\u00f3s a pr\u00e1tica.<br>Ensina os membros da fam\u00edlia a escutar uns aos outros, n\u00e3o apenas verbalmente, mas tamb\u00e9m por meio da linguagem corporal.<br><strong>5.\u2060 \u2060Est\u00edmulo ao Autocuidado e Bem-Estar Coletivo<br><\/strong>Praticar massagem em fam\u00edlia refor\u00e7a a import\u00e2ncia de cuidar de si mesmo e dos outros.<br>Desenvolve a perce\u00e7\u00e3o de que o bem-estar de cada membro \u00e9 essencial para o equil\u00edbrio e a harmonia do n\u00facleo familiar.<br><strong>6.\u2060 \u2060Benef\u00edcios para Crian\u00e7as e Idosos<br><\/strong>Para crian\u00e7as:<br>O toque reconfortante promove seguran\u00e7a emocional e ajuda no desenvolvimento f\u00edsico e cognitivo.<br>Pode melhorar a qualidade do sono e reduzir agita\u00e7\u00e3o em crian\u00e7as pequenas.<br>Para idosos:<br>A massagem alivia dores articulares, melhora a mobilidade e reduz a sensa\u00e7\u00e3o de solid\u00e3o, promovendo um v\u00ednculo mais pr\u00f3ximo com os membros mais jovens da fam\u00edlia.<br><strong>7.\u2060 \u2060Integra\u00e7\u00e3o de Rotinas Positivas<br><\/strong>Incorporar a massagem ao quotidiano familiar, como antes de dormir ou em momentos de lazer, ajuda a criar uma rotina que promove relaxamento e conex\u00e3o.<br>Esses momentos podem se tornar &#8220;rituais&#8221; especiais que refor\u00e7am os v\u00ednculos familiares e a qualidade do tempo compartilhado.<br><em><strong>ANA PAULA OLIVEIRA  &#8211; JUNHO2025<\/strong><\/em><\/p>\n\n\n\n<p class=\"has-small-font-size\"><em>Esta atividade est\u00e1 inserida no projeto da 5\u00aaOficina: \u201cMOST\u201925 \u2013 Programa\u00e7\u00e3o Internacional de Media\u00e7\u00e3o Cultural em Meio Rural\u201d, uma iniciativa apoiada pelo Munic\u00edpio de Viseu, atrav\u00e9s do EixoCultura.<\/em><\/p>\n","protected":false},"excerpt":{"rendered":"<p>Ana Oliveira com forma\u00e7\u00e3o de base na \u00e1rea do Ensino, iniciou o seu percurso profissional como professora do 1.\u00ba ciclo e de Express\u00e3o Pl\u00e1stica. O gosto pelo cuidar e empatia conduziu-a \u00e0 \u00e1rea das terapias de Bem-Estar, onde encontrou uma nova paix\u00e3o e prop\u00f3sito de vida. Formada como terapeuta de SPA, auxiliar de fisioterapia e &hellip; <\/p>\n<p class=\"link-more\"><a href=\"https:\/\/www.quintaoficina.pt\/index.php\/disponiveis\/massagens\/\" class=\"more-link\">Continuar a ler <span class=\"screen-reader-text\">&#8220;Massagens&#8221;<\/span><\/a><\/p>\n","protected":false},"author":1,"featured_media":0,"parent":1363,"menu_order":0,"comment_status":"closed","ping_status":"closed","template":"template-full-width.php","meta":{"footnotes":""},"class_list":["post-4875","page","type-page","status-publish","hentry"],"_links":{"self":[{"href":"https:\/\/www.quintaoficina.pt\/index.php\/wp-json\/wp\/v2\/pages\/4875","targetHints":{"allow":["GET"]}}],"collection":[{"href":"https:\/\/www.quintaoficina.pt\/index.php\/wp-json\/wp\/v2\/pages"}],"about":[{"href":"https:\/\/www.quintaoficina.pt\/index.php\/wp-json\/wp\/v2\/types\/page"}],"author":[{"embeddable":true,"href":"https:\/\/www.quintaoficina.pt\/index.php\/wp-json\/wp\/v2\/users\/1"}],"replies":[{"embeddable":true,"href":"https:\/\/www.quintaoficina.pt\/index.php\/wp-json\/wp\/v2\/comments?post=4875"}],"version-history":[{"count":4,"href":"https:\/\/www.quintaoficina.pt\/index.php\/wp-json\/wp\/v2\/pages\/4875\/revisions"}],"predecessor-version":[{"id":4892,"href":"https:\/\/www.quintaoficina.pt\/index.php\/wp-json\/wp\/v2\/pages\/4875\/revisions\/4892"}],"up":[{"embeddable":true,"href":"https:\/\/www.quintaoficina.pt\/index.php\/wp-json\/wp\/v2\/pages\/1363"}],"wp:attachment":[{"href":"https:\/\/www.quintaoficina.pt\/index.php\/wp-json\/wp\/v2\/media?parent=4875"}],"curies":[{"name":"wp","href":"https:\/\/api.w.org\/{rel}","templated":true}]}}