{"id":85,"date":"2019-07-29T10:43:18","date_gmt":"2019-07-29T10:43:18","guid":{"rendered":"http:\/\/127.0.0.1\/quintaoficina\/?page_id=85"},"modified":"2021-02-20T22:17:50","modified_gmt":"2021-02-20T22:17:50","slug":"as-oficinas-do-mosteirinho","status":"publish","type":"page","link":"https:\/\/www.quintaoficina.pt\/index.php\/quem-somos\/as-oficinas-do-mosteirinho\/","title":{"rendered":"AS OFICINAS DO MOSTEIRINHO"},"content":{"rendered":"\n<p class=\"has-text-align-center\"><em>Somos<\/em><br><em>&#8220;<strong>pro-oficinais<\/strong>&#8220;<\/em><\/p>\n\n\n\n<div class=\"wp-block-image\"><figure class=\"aligncenter size-large\"><img decoding=\"async\" src=\"https:\/\/www.quintaoficina.pt\/wp-content\/uploads\/2020\/11\/110725094_1181759425525042_5991849223007763128_n-e1612996249998.jpg\" alt=\"\"\/><\/figure><\/div>\n\n\n\n<p>Considerando o processo criativo\ncomo um potencial intr\u00ednseco ao ser humano e acreditando que a sua otimiza\u00e7\u00e3o\npoder\u00e1 abrir horizontes em todas as \u00e1reas, a QUINTA OFICINA pretende auxiliar\nna constru\u00e7\u00e3o de projetos ou materializa\u00e7\u00e3o de\nideias que tantas vezes ficam aprisionados na mente, no papel ou na \u201cgaveta\u201d, viabilizando\nalgumas das condi\u00e7\u00f5es necess\u00e1rias para que se\nconcretizem. As Oficinas do Mosteirinho ser\u00e3o o espa\u00e7o ideal para projetar\nideias, desenvolver pr\u00e1ticas art\u00edsticas e criar projetos, num ambiente\ninspirador, natural e despido dos fatores que dispersam o foco de cada um.<\/p>\n\n\n\n<p>Estamos\na trabalhar para este futuro, que queremos muito pr\u00f3ximo!!!<\/p>\n\n\n\n<p><strong>B R E V E M E N T E &gt; 5&lt; O F I C I N A S :<\/strong><\/p>\n\n\n\n<p>Oficina 1 \u2013 A oficina de Artes e Of\u00edcios (Artes Pl\u00e1sticas e Comunica\u00e7\u00e3o Visual).<\/p>\n\n\n\n<p>Oficina 2 \u2013 A oficina para as Artes Performativas (sala de ensaios e forma\u00e7\u00e3o).<\/p>\n\n\n\n<p>Oficina 3 \u2013 A oficina de Madeiras e Metais (equipamentos de constru\u00e7\u00e3o).<\/p>\n\n\n\n<p>Oficina 4 \u2013 A oficina da Terra (semear, plantar, cuidar e colher).<\/p>\n\n\n\n<p>Oficina 5 \u2013 A oficina n\u00ba5, que d\u00e1 nome \u00e0 Associa\u00e7\u00e3o, ser\u00e1 o espa\u00e7o multiusos (dispon\u00edvel para tudo e para todos).<br><\/p>\n\n\n\n<figure class=\"wp-block-image\"><img loading=\"lazy\" decoding=\"async\" width=\"1024\" height=\"681\" src=\"https:\/\/www.quintaoficina.pt\/wp-content\/uploads\/2019\/11\/ESQUEMA5O-1-1024x681.jpg\" alt=\"\" class=\"wp-image-950\" srcset=\"https:\/\/www.quintaoficina.pt\/wp-content\/uploads\/2019\/11\/ESQUEMA5O-1-1024x681.jpg 1024w, https:\/\/www.quintaoficina.pt\/wp-content\/uploads\/2019\/11\/ESQUEMA5O-1-300x200.jpg 300w, https:\/\/www.quintaoficina.pt\/wp-content\/uploads\/2019\/11\/ESQUEMA5O-1-768x511.jpg 768w, https:\/\/www.quintaoficina.pt\/wp-content\/uploads\/2019\/11\/ESQUEMA5O-1.jpg 1936w\" sizes=\"auto, (max-width: 767px) 89vw, (max-width: 1000px) 54vw, (max-width: 1071px) 543px, 580px\" \/><\/figure>\n\n\n\n<p><strong>OFICINA DE ARTES E OF\u00cdCIOS<\/strong><\/p>\n\n\n\n<p>Neste espa\u00e7o re\u00fanem-se v\u00e1rias disciplinas, entre elas: o design, a pintura, a escultura, a cer\u00e2mica e os t\u00eaxteis. Esta multidisciplinariedade \u00e9 o eixo substancial desta oficina pois permite uma combina\u00e7\u00e3o de diferentes e complementares processos art\u00edsticos.<\/p>\n\n\n\n<p><strong>OFICINA DE ARTES PERFORMATIVAS<\/strong><\/p>\n\n\n\n<p>Espa\u00e7o vers\u00e1til que poder\u00e1 dar lugar \u00e0 experimenta\u00e7\u00e3o de t\u00e9cnicas impulsionadoras do processo criativo tais como encena\u00e7\u00e3o, movimento, voz, m\u00fasica, dan\u00e7a e performance. Pode ainda servir como um local polivalente para realiza\u00e7\u00e3o de reuni\u00f5es, aulas e a\u00e7\u00f5es que requeiram um espa\u00e7o amplo e multifuncional.<\/p>\n\n\n\n<p><strong>OFICINA DE MADEIRAS E METAIS<\/strong><\/p>\n\n\n\n<p>Aqui os participantes poder\u00e3o usufruir de todas as fases do processo de cria\u00e7\u00e3o passando pela prepara\u00e7\u00e3o, a escolha e a sele\u00e7\u00e3o das mat\u00e9rias primas, execu\u00e7\u00e3o e finaliza\u00e7\u00e3o das diferentes pe\u00e7as. Estar\u00e3o ao dispor bancadas, m\u00e1quinas de corte e acabamento, um torno mec\u00e2nico e ferramentas b\u00e1sicas. Neste espa\u00e7o poder\u00e1 criar-se desde uma simples casinha para p\u00e1ssaros, a um arm\u00e1rio ou at\u00e9 uma cadeira de baloi\u00e7o. Ser\u00e1 tamb\u00e9m poss\u00edvel a cria\u00e7\u00e3o de delicada bijuteria ou a constru\u00e7\u00e3o de grandes arma\u00e7\u00f5es, como por exemplo estruturas para cenografias e reclames luminosos.<\/p>\n\n\n\n<p><strong>OFICINA DA TERRA<\/strong><\/p>\n\n\n\n<p>Um espa\u00e7o onde a jun\u00e7\u00e3o de sementes, terra, vasos e materiais, cria o ambiente perfeito para aumentar o sucesso da planta\u00e7\u00e3o. Nesta oficina realizam-se atividades did\u00e1ticas fornecendo o material necess\u00e1rio e ensino das t\u00e9cnicas para escolha ideal do local e momento certo para cada planta\u00e7\u00e3o, a prepara\u00e7\u00e3o do substrato, a escolha e prepara\u00e7\u00e3o das sementes.<\/p>\n\n\n\n<p><strong>A 5\u00aa OFICINA<\/strong><\/p>\n\n\n\n<p>Este espa\u00e7o \u00e9 uma zona comum, vers\u00e1til e de apoio \u00e0s restantes oficinas, possibilitando a realiza\u00e7\u00e3o de qualquer tipo de atividade. Estar\u00e1 equipado com plateia amov\u00edvel, teia de ilumina\u00e7\u00e3o e acesso direto ao camarim\/guarda-roupa possibilitando funcionar como um pequeno audit\u00f3rio para a realiza\u00e7\u00e3o de espet\u00e1culos, apresenta\u00e7\u00f5es p\u00fablicas, palestras ou eventos.<\/p>\n\n\n\n<div class=\"wp-block-image\"><figure class=\"aligncenter size-large\"><img loading=\"lazy\" decoding=\"async\" width=\"1024\" height=\"768\" src=\"https:\/\/www.quintaoficina.pt\/wp-content\/uploads\/2020\/11\/109945424_332846964774874_8182996281767195958_n-1024x768.jpg\" alt=\"\" class=\"wp-image-1582\" srcset=\"https:\/\/www.quintaoficina.pt\/wp-content\/uploads\/2020\/11\/109945424_332846964774874_8182996281767195958_n-1024x768.jpg 1024w, https:\/\/www.quintaoficina.pt\/wp-content\/uploads\/2020\/11\/109945424_332846964774874_8182996281767195958_n-300x225.jpg 300w, https:\/\/www.quintaoficina.pt\/wp-content\/uploads\/2020\/11\/109945424_332846964774874_8182996281767195958_n-768x576.jpg 768w, https:\/\/www.quintaoficina.pt\/wp-content\/uploads\/2020\/11\/109945424_332846964774874_8182996281767195958_n-1536x1152.jpg 1536w, https:\/\/www.quintaoficina.pt\/wp-content\/uploads\/2020\/11\/109945424_332846964774874_8182996281767195958_n.jpg 2048w\" sizes=\"auto, (max-width: 767px) 89vw, (max-width: 1000px) 54vw, (max-width: 1071px) 543px, 580px\" \/><\/figure><\/div>\n\n\n\n<p class=\"has-text-align-left\"><strong>A HIST\u00d3RIA DA CASA (Brevemente)<\/strong><\/p>\n\n\n\n<div class=\"wp-block-image\"><figure class=\"aligncenter\"><img loading=\"lazy\" decoding=\"async\" width=\"1024\" height=\"684\" src=\"https:\/\/www.quintaoficina.pt\/wp-content\/uploads\/2019\/10\/IMG_9616-1024x684.jpg\" alt=\"\" class=\"wp-image-533\" srcset=\"https:\/\/www.quintaoficina.pt\/wp-content\/uploads\/2019\/10\/IMG_9616-1024x684.jpg 1024w, https:\/\/www.quintaoficina.pt\/wp-content\/uploads\/2019\/10\/IMG_9616-300x200.jpg 300w, https:\/\/www.quintaoficina.pt\/wp-content\/uploads\/2019\/10\/IMG_9616-768x513.jpg 768w\" sizes=\"auto, (max-width: 767px) 89vw, (max-width: 1000px) 54vw, (max-width: 1071px) 543px, 580px\" \/><\/figure><\/div>\n\n\n\n<p><strong>AS INSTALA\u00c7\u00d5ES (brevemente)<\/strong><\/p>\n\n\n\n<p><strong>TAMB\u00c9M DISPON\u00cdVEL:<\/strong><\/p>\n\n\n\n<p class=\"has-text-align-center\"><strong>A ECOPISTA<\/strong><\/p>\n\n\n\n<p>A ecopista do D\u00e3o \u00e9 a ecopista\nmais comprida de Portugal, com cerca de 50km, e h\u00e1 quem diga que \u00e9 a mais bonita. Atravessa os\nMunic\u00edpios de Viseu, Tondela e Santa Comba D\u00e3o. &nbsp;Em Torredeita pode\nencontrar uma locomotiva a vapor de 1885 e no Mosteirinho uma ponte de ferro\ndesenhada por Eiffel. Seja de bicicleta ou a p\u00e9, a envolv\u00eancia com a Natureza\nvai certamente fazer-lhe\nbem ao corpo e \u00e0 mente.<\/p>\n\n\n\n<p class=\"has-text-align-center\"><strong>BICICLETAS<\/strong><\/p>\n\n\n\n<p>\u00c9 um dos meios de transporte mais ecol\u00f3gicos e saud\u00e1veis e, por isso, temos dispon\u00edveis v\u00e1rias bicicletas para todas as idades. Mediante reserva poderemos ter tamb\u00e9m um guia que far\u00e1 com que a experi\u00eancia se torne muito mais rica.<\/p>\n\n\n\n<p class=\"has-text-align-center\"><strong>PRAIAS FLUVIAIS<\/strong><\/p>\n\n\n\n<p>A poucos metros da casa do Mosteirinho existe um peda\u00e7o de para\u00edso que convida \u00e0 serenidade. Chama-se &#8220;Mostarda&#8221; e \u00e9 o local ideal para um mergulho refrescante nos dias mais quentes, para dias repletos de divers\u00e3o com os amigos ou apenas para estender uma toalha e desfrutar do que a natureza tem para lhe oferecer.<\/p>\n\n\n\n<p class=\"has-text-align-center\"><strong>PERCURSOS PEDESTRES<\/strong><\/p>\n\n\n\n<p>Aceite a\nnossa sugest\u00e3o e percorra a \u201cRota\ndos Moinhos de \u00c1gua D\u2019Alte\u201d, com uma extens\u00e3o de 4,5km de dificuldade baixa. O\npercurso tem in\u00edcio junto \u00e0 antiga esta\u00e7\u00e3o f\u00e9rrea, seguindo em dire\u00e7\u00e3o a uma\nzona florestal de diversidade arb\u00f3rea e proximidade com a \u00e1gua. Neste percurso,\nencontrar\u00e1 um conjunto de moinhos, poldras, represas e quedas de \u00e1gua,\noferecendo zonas de rara beleza paisag\u00edstica.<\/p>\n\n\n\n<p class=\"has-text-align-center\"><strong>OBSERVA\u00c7\u00c3O ORIENTADA DA NATUREZA<\/strong><\/p>\n\n\n\n<p>Caminhada pedag\u00f3gica para\nidentificar, conhecer e reconhecer a fauna, a flora, a paisagem e a geologia\nnuma \u00f3tica de valoriza\u00e7\u00e3o e preserva\u00e7\u00e3o da zona envolvente.&nbsp;<\/p>\n\n\n\n<p class=\"has-text-align-center\"><strong>DESPORTOS RADICAIS<\/strong><\/p>\n\n\n\n<p>Venha viver experi\u00eancias \u00fanicas e descobrir a pr\u00e1tica de desportos radicais ao ar livre. Temos ao seu dispor slide, escalada, rappel, trekking, passeios de btt, \u2026<\/p>\n\n\n\n<p class=\"has-text-align-center\"><strong>NA REGI\u00c3O<\/strong>:<\/p>\n\n\n\n<h2 class=\"has-text-align-center wp-block-heading\">MOSTEIRINHO (COUTOS DE VISEU)<\/h2>\n\n\n\n<p class=\"has-text-align-center\">40.650028, -7.994163<\/p>\n\n\n\n<p class=\"has-text-align-center\"><a href=\"https:\/\/visitviseu.pt\/viseurural_detalhe.php?item=1\">https:\/\/visitviseu.pt\/viseurural_detalhe.php?item=1<\/a><\/p>\n\n\n\n<div class=\"wp-block-image\"><figure class=\"aligncenter is-resized\"><img loading=\"lazy\" decoding=\"async\" src=\"https:\/\/www.quintaoficina.pt\/wp-content\/uploads\/2019\/11\/DesenhoTarva-1-1024x681.jpg\" alt=\"\" class=\"wp-image-953\" width=\"741\" height=\"492\" srcset=\"https:\/\/www.quintaoficina.pt\/wp-content\/uploads\/2019\/11\/DesenhoTarva-1-1024x681.jpg 1024w, https:\/\/www.quintaoficina.pt\/wp-content\/uploads\/2019\/11\/DesenhoTarva-1-300x200.jpg 300w, https:\/\/www.quintaoficina.pt\/wp-content\/uploads\/2019\/11\/DesenhoTarva-1-768x511.jpg 768w, https:\/\/www.quintaoficina.pt\/wp-content\/uploads\/2019\/11\/DesenhoTarva-1.jpg 1936w\" sizes=\"auto, (max-width: 706px) 89vw, (max-width: 767px) 82vw, 740px\" \/><\/figure><\/div>\n","protected":false},"excerpt":{"rendered":"<p>Somos&#8220;pro-oficinais&#8220; Considerando o processo criativo como um potencial intr\u00ednseco ao ser humano e acreditando que a sua otimiza\u00e7\u00e3o poder\u00e1 abrir horizontes em todas as \u00e1reas, a QUINTA OFICINA pretende auxiliar na constru\u00e7\u00e3o de projetos ou materializa\u00e7\u00e3o de ideias que tantas vezes ficam aprisionados na mente, no papel ou na \u201cgaveta\u201d, viabilizando algumas das condi\u00e7\u00f5es necess\u00e1rias &hellip; <\/p>\n<p class=\"link-more\"><a href=\"https:\/\/www.quintaoficina.pt\/index.php\/quem-somos\/as-oficinas-do-mosteirinho\/\" class=\"more-link\">Continuar a ler <span class=\"screen-reader-text\">&#8220;AS OFICINAS DO MOSTEIRINHO&#8221;<\/span><\/a><\/p>\n","protected":false},"author":1,"featured_media":0,"parent":273,"menu_order":0,"comment_status":"closed","ping_status":"closed","template":"template-full-width.php","meta":{"footnotes":""},"class_list":["post-85","page","type-page","status-publish","hentry"],"_links":{"self":[{"href":"https:\/\/www.quintaoficina.pt\/index.php\/wp-json\/wp\/v2\/pages\/85","targetHints":{"allow":["GET"]}}],"collection":[{"href":"https:\/\/www.quintaoficina.pt\/index.php\/wp-json\/wp\/v2\/pages"}],"about":[{"href":"https:\/\/www.quintaoficina.pt\/index.php\/wp-json\/wp\/v2\/types\/page"}],"author":[{"embeddable":true,"href":"https:\/\/www.quintaoficina.pt\/index.php\/wp-json\/wp\/v2\/users\/1"}],"replies":[{"embeddable":true,"href":"https:\/\/www.quintaoficina.pt\/index.php\/wp-json\/wp\/v2\/comments?post=85"}],"version-history":[{"count":26,"href":"https:\/\/www.quintaoficina.pt\/index.php\/wp-json\/wp\/v2\/pages\/85\/revisions"}],"predecessor-version":[{"id":1710,"href":"https:\/\/www.quintaoficina.pt\/index.php\/wp-json\/wp\/v2\/pages\/85\/revisions\/1710"}],"up":[{"embeddable":true,"href":"https:\/\/www.quintaoficina.pt\/index.php\/wp-json\/wp\/v2\/pages\/273"}],"wp:attachment":[{"href":"https:\/\/www.quintaoficina.pt\/index.php\/wp-json\/wp\/v2\/media?parent=85"}],"curies":[{"name":"wp","href":"https:\/\/api.w.org\/{rel}","templated":true}]}}